--
-- Host: 127.0.0.1    Database: farmart
-- ------------------------------------------------------


--
-- Table structure for table `activations`
--

CREATE TABLE `activations` (
  `id` bigint unsigned NOT NULL AUTO_INCREMENT,
  `user_id` bigint unsigned NOT NULL,
  `code` varchar(120) COLLATE utf8mb4_unicode_ci NOT NULL,
  `completed` tinyint(1) NOT NULL DEFAULT '0',
  `completed_at` timestamp NULL DEFAULT NULL,
  `created_at` timestamp NULL DEFAULT NULL,
  `updated_at` timestamp NULL DEFAULT NULL,
  PRIMARY KEY (`id`),
  KEY `activations_user_id_index` (`user_id`)
) ENGINE=InnoDB AUTO_INCREMENT=2 DEFAULT CHARSET=utf8mb4 COLLATE=utf8mb4_unicode_ci;

--
-- Dumping data for table `activations`
--

INSERT INTO `activations` VALUES (1,1,'FAGeMPtM9HoRv22bUYNEwWA1eMHNg98i',1,'2024-11-11 01:20:32','2024-11-11 01:20:32','2024-11-11 01:20:32');

--
-- Table structure for table `admin_notifications`
--

CREATE TABLE `admin_notifications` (
  `id` bigint unsigned NOT NULL AUTO_INCREMENT,
  `title` varchar(191) COLLATE utf8mb4_unicode_ci NOT NULL,
  `action_label` varchar(191) COLLATE utf8mb4_unicode_ci DEFAULT NULL,
  `action_url` varchar(191) COLLATE utf8mb4_unicode_ci DEFAULT NULL,
  `description` varchar(400) COLLATE utf8mb4_unicode_ci DEFAULT NULL,
  `read_at` timestamp NULL DEFAULT NULL,
  `created_at` timestamp NULL DEFAULT NULL,
  `updated_at` timestamp NULL DEFAULT NULL,
  `permission` varchar(191) COLLATE utf8mb4_unicode_ci DEFAULT NULL,
  PRIMARY KEY (`id`)
) ENGINE=InnoDB DEFAULT CHARSET=utf8mb4 COLLATE=utf8mb4_unicode_ci;

--
-- Dumping data for table `admin_notifications`
--


--
-- Table structure for table `ads_translations`
--

CREATE TABLE `ads_translations` (
  `lang_code` varchar(191) COLLATE utf8mb4_unicode_ci NOT NULL,
  `ads_id` bigint unsigned NOT NULL,
  `name` varchar(191) COLLATE utf8mb4_unicode_ci DEFAULT NULL,
  `image` varchar(191) COLLATE utf8mb4_unicode_ci DEFAULT NULL,
  `url` varchar(191) COLLATE utf8mb4_unicode_ci DEFAULT NULL,
  PRIMARY KEY (`lang_code`,`ads_id`)
) ENGINE=InnoDB DEFAULT CHARSET=utf8mb4 COLLATE=utf8mb4_unicode_ci;

--
-- Dumping data for table `ads_translations`
--


--
-- Table structure for table `audit_histories`
--

CREATE TABLE `audit_histories` (
  `id` bigint unsigned NOT NULL AUTO_INCREMENT,
  `user_id` bigint unsigned NOT NULL,
  `module` varchar(60) COLLATE utf8mb4_unicode_ci NOT NULL,
  `request` longtext COLLATE utf8mb4_unicode_ci,
  `action` varchar(120) COLLATE utf8mb4_unicode_ci NOT NULL,
  `user_agent` text COLLATE utf8mb4_unicode_ci,
  `ip_address` varchar(45) COLLATE utf8mb4_unicode_ci DEFAULT NULL,
  `reference_user` bigint unsigned NOT NULL,
  `reference_id` bigint unsigned NOT NULL,
  `reference_name` varchar(191) COLLATE utf8mb4_unicode_ci NOT NULL,
  `type` varchar(20) COLLATE utf8mb4_unicode_ci NOT NULL,
  `created_at` timestamp NULL DEFAULT NULL,
  `updated_at` timestamp NULL DEFAULT NULL,
  PRIMARY KEY (`id`),
  KEY `audit_histories_user_id_index` (`user_id`),
  KEY `audit_histories_module_index` (`module`)
) ENGINE=InnoDB DEFAULT CHARSET=utf8mb4 COLLATE=utf8mb4_unicode_ci;

--
-- Dumping data for table `audit_histories`
--


--
-- Table structure for table `categories`
--

CREATE TABLE `categories` (
  `id` bigint unsigned NOT NULL AUTO_INCREMENT,
  `name` varchar(120) COLLATE utf8mb4_unicode_ci NOT NULL,
  `parent_id` bigint unsigned NOT NULL DEFAULT '0',
  `description` varchar(400) COLLATE utf8mb4_unicode_ci DEFAULT NULL,
  `status` varchar(60) COLLATE utf8mb4_unicode_ci NOT NULL DEFAULT 'published',
  `author_id` bigint unsigned DEFAULT NULL,
  `author_type` varchar(191) COLLATE utf8mb4_unicode_ci NOT NULL DEFAULT 'Botble\\ACL\\Models\\User',
  `icon` varchar(60) COLLATE utf8mb4_unicode_ci DEFAULT NULL,
  `order` int unsigned NOT NULL DEFAULT '0',
  `is_featured` tinyint NOT NULL DEFAULT '0',
  `is_default` tinyint unsigned NOT NULL DEFAULT '0',
  `created_at` timestamp NULL DEFAULT NULL,
  `updated_at` timestamp NULL DEFAULT NULL,
  PRIMARY KEY (`id`),
  KEY `categories_parent_id_index` (`parent_id`),
  KEY `categories_status_index` (`status`),
  KEY `categories_created_at_index` (`created_at`)
) ENGINE=InnoDB AUTO_INCREMENT=5 DEFAULT CHARSET=utf8mb4 COLLATE=utf8mb4_unicode_ci;

--
-- Dumping data for table `categories`
--

INSERT INTO `categories` VALUES (1,'Ecommerce',0,'Qui eveniet modi illum dolores eligendi sint cumque. Eum iure non voluptas fugit perferendis. Eius quis autem rerum.','published',1,'Botble\\ACL\\Models\\User',NULL,0,0,1,'2024-11-11 01:20:47','2024-11-11 01:20:47'),(2,'Fashion',0,'Et fugiat cupiditate deleniti corporis non qui consequatur. Architecto illum aliquam dignissimos expedita. Quisquam molestias natus nostrum dignissimos.','published',1,'Botble\\ACL\\Models\\User',NULL,0,1,0,'2024-11-11 01:20:47','2024-11-11 01:20:47'),(3,'Electronic',0,'Sit est molestias sed iste aut odio. Ut nemo error minus qui fuga doloribus iure. Fugit blanditiis qui labore aliquid vel aut. Temporibus doloremque eius repellat quidem minus nihil.','published',1,'Botble\\ACL\\Models\\User',NULL,0,1,0,'2024-11-11 01:20:47','2024-11-11 01:20:47'),(4,'Commercial',0,'Assumenda culpa sequi in autem dignissimos fuga ad. Quia enim enim quod odit illum numquam perferendis. Similique id rerum porro magnam. Quaerat laudantium et sint quasi autem.','published',1,'Botble\\ACL\\Models\\User',NULL,0,1,0,'2024-11-11 01:20:47','2024-11-11 01:20:47');

--
-- Table structure for table `categories_translations`
--

CREATE TABLE `categories_translations` (
  `lang_code` varchar(20) COLLATE utf8mb4_unicode_ci NOT NULL,
  `categories_id` bigint unsigned NOT NULL,
  `name` varchar(191) COLLATE utf8mb4_unicode_ci DEFAULT NULL,
  `description` varchar(400) COLLATE utf8mb4_unicode_ci DEFAULT NULL,
  PRIMARY KEY (`lang_code`,`categories_id`)
) ENGINE=InnoDB DEFAULT CHARSET=utf8mb4 COLLATE=utf8mb4_unicode_ci;

--
-- Dumping data for table `categories_translations`
--


--
-- Table structure for table `cities`
--

CREATE TABLE `cities` (
  `id` bigint unsigned NOT NULL AUTO_INCREMENT,
  `name` varchar(120) COLLATE utf8mb4_unicode_ci NOT NULL,
  `slug` varchar(120) COLLATE utf8mb4_unicode_ci DEFAULT NULL,
  `state_id` bigint unsigned DEFAULT NULL,
  `country_id` bigint unsigned DEFAULT NULL,
  `record_id` varchar(40) COLLATE utf8mb4_unicode_ci DEFAULT NULL,
  `order` tinyint NOT NULL DEFAULT '0',
  `image` varchar(191) COLLATE utf8mb4_unicode_ci DEFAULT NULL,
  `is_default` tinyint unsigned NOT NULL DEFAULT '0',
  `status` varchar(60) COLLATE utf8mb4_unicode_ci NOT NULL DEFAULT 'published',
  `created_at` timestamp NULL DEFAULT NULL,
  `updated_at` timestamp NULL DEFAULT NULL,
  PRIMARY KEY (`id`),
  UNIQUE KEY `cities_slug_unique` (`slug`)
) ENGINE=InnoDB DEFAULT CHARSET=utf8mb4 COLLATE=utf8mb4_unicode_ci;

--
-- Dumping data for table `cities`
--


--
-- Table structure for table `cities_translations`
--

CREATE TABLE `cities_translations` (
  `lang_code` varchar(20) COLLATE utf8mb4_unicode_ci NOT NULL,
  `cities_id` bigint unsigned NOT NULL,
  `name` varchar(120) COLLATE utf8mb4_unicode_ci DEFAULT NULL,
  `slug` varchar(120) COLLATE utf8mb4_unicode_ci DEFAULT NULL,
  PRIMARY KEY (`lang_code`,`cities_id`)
) ENGINE=InnoDB DEFAULT CHARSET=utf8mb4 COLLATE=utf8mb4_unicode_ci;

--
-- Dumping data for table `cities_translations`
--


--
-- Table structure for table `contact_custom_field_options`
--

CREATE TABLE `contact_custom_field_options` (
  `id` bigint unsigned NOT NULL AUTO_INCREMENT,
  `custom_field_id` bigint unsigned NOT NULL,
  `label` varchar(191) COLLATE utf8mb4_unicode_ci DEFAULT NULL,
  `value` varchar(191) COLLATE utf8mb4_unicode_ci NOT NULL,
  `order` int NOT NULL DEFAULT '999',
  `created_at` timestamp NULL DEFAULT NULL,
  `updated_at` timestamp NULL DEFAULT NULL,
  PRIMARY KEY (`id`)
) ENGINE=InnoDB DEFAULT CHARSET=utf8mb4 COLLATE=utf8mb4_unicode_ci;

--
-- Dumping data for table `contact_custom_field_options`
--


--
-- Table structure for table `contact_custom_field_options_translations`
--

CREATE TABLE `contact_custom_field_options_translations` (
  `contact_custom_field_options_id` bigint unsigned NOT NULL,
  `lang_code` varchar(191) COLLATE utf8mb4_unicode_ci NOT NULL,
  `label` varchar(191) COLLATE utf8mb4_unicode_ci DEFAULT NULL,
  `value` varchar(191) COLLATE utf8mb4_unicode_ci DEFAULT NULL,
  PRIMARY KEY (`lang_code`,`contact_custom_field_options_id`)
) ENGINE=InnoDB DEFAULT CHARSET=utf8mb4 COLLATE=utf8mb4_unicode_ci;

--
-- Dumping data for table `contact_custom_field_options_translations`
--


--
-- Table structure for table `contact_custom_fields`
--

CREATE TABLE `contact_custom_fields` (
  `id` bigint unsigned NOT NULL AUTO_INCREMENT,
  `type` varchar(191) COLLATE utf8mb4_unicode_ci NOT NULL,
  `required` tinyint(1) NOT NULL DEFAULT '0',
  `name` varchar(191) COLLATE utf8mb4_unicode_ci NOT NULL,
  `placeholder` varchar(191) COLLATE utf8mb4_unicode_ci DEFAULT NULL,
  `order` int NOT NULL DEFAULT '999',
  `status` varchar(191) COLLATE utf8mb4_unicode_ci NOT NULL DEFAULT 'published',
  `created_at` timestamp NULL DEFAULT NULL,
  `updated_at` timestamp NULL DEFAULT NULL,
  PRIMARY KEY (`id`)
) ENGINE=InnoDB DEFAULT CHARSET=utf8mb4 COLLATE=utf8mb4_unicode_ci;

--
-- Dumping data for table `contact_custom_fields`
--


--
-- Table structure for table `contact_custom_fields_translations`
--

CREATE TABLE `contact_custom_fields_translations` (
  `contact_custom_fields_id` bigint unsigned NOT NULL,
  `lang_code` varchar(191) COLLATE utf8mb4_unicode_ci NOT NULL,
  `name` varchar(191) COLLATE utf8mb4_unicode_ci DEFAULT NULL,
  `placeholder` varchar(191) COLLATE utf8mb4_unicode_ci DEFAULT NULL,
  PRIMARY KEY (`lang_code`,`contact_custom_fields_id`)
) ENGINE=InnoDB DEFAULT CHARSET=utf8mb4 COLLATE=utf8mb4_unicode_ci;

--
-- Dumping data for table `contact_custom_fields_translations`
--


--
-- Table structure for table `contact_replies`
--

CREATE TABLE `contact_replies` (
  `id` bigint unsigned NOT NULL AUTO_INCREMENT,
  `message` longtext COLLATE utf8mb4_unicode_ci NOT NULL,
  `contact_id` bigint unsigned NOT NULL,
  `created_at` timestamp NULL DEFAULT NULL,
  `updated_at` timestamp NULL DEFAULT NULL,
  PRIMARY KEY (`id`)
) ENGINE=InnoDB DEFAULT CHARSET=utf8mb4 COLLATE=utf8mb4_unicode_ci;

--
-- Dumping data for table `contact_replies`
--


--
-- Table structure for table `contacts`
--

CREATE TABLE `contacts` (
  `id` bigint unsigned NOT NULL AUTO_INCREMENT,
  `name` varchar(60) COLLATE utf8mb4_unicode_ci NOT NULL,
  `email` varchar(60) COLLATE utf8mb4_unicode_ci DEFAULT NULL,
  `phone` varchar(60) COLLATE utf8mb4_unicode_ci DEFAULT NULL,
  `address` varchar(120) COLLATE utf8mb4_unicode_ci DEFAULT NULL,
  `subject` varchar(120) COLLATE utf8mb4_unicode_ci DEFAULT NULL,
  `content` longtext COLLATE utf8mb4_unicode_ci NOT NULL,
  `custom_fields` text COLLATE utf8mb4_unicode_ci,
  `status` varchar(60) COLLATE utf8mb4_unicode_ci NOT NULL DEFAULT 'unread',
  `created_at` timestamp NULL DEFAULT NULL,
  `updated_at` timestamp NULL DEFAULT NULL,
  PRIMARY KEY (`id`)
) ENGINE=InnoDB AUTO_INCREMENT=11 DEFAULT CHARSET=utf8mb4 COLLATE=utf8mb4_unicode_ci;

--
-- Dumping data for table `contacts`
--

INSERT INTO `contacts` VALUES (1,'Mrs. Tess Dooley','mittie11@example.org','+1 (534) 406-0939','528 Carleton Tunnel Apt. 730\nO\'Connelltown, MA 65975-1949','Eaque beatae repudiandae et.','Repellat beatae tempora eos cum accusantium. Qui optio ducimus necessitatibus optio. Accusantium quo est voluptatem. Et ducimus voluptas ipsam. Occaecati amet sit qui exercitationem animi. Sint ut rem ut quis. Occaecati exercitationem perferendis error. Autem omnis omnis cumque placeat quia quia. Ut consequatur corporis quae libero sunt et ea corrupti. Eos autem harum quis et cumque dolore aut. Eos earum molestias alias quo veritatis natus qui. Reiciendis quia sed quisquam dolor.',NULL,'read','2024-11-11 01:20:47','2024-11-11 01:20:47'),(2,'Lilian Howell','kavon53@example.org','406-567-8483','76323 Jacklyn Trail Suite 321\nWest Jamarborough, OH 80785-6293','Aut quam earum non sint voluptas.','Rem consequuntur sed nihil vel velit. Dolorem nihil occaecati rerum est aspernatur. Ratione nihil reprehenderit consequatur enim qui aliquam asperiores. Delectus ullam id ut eveniet voluptatum accusantium maiores. Consequuntur perspiciatis quasi ab quia quod molestiae eum. Nostrum et sapiente ut omnis at. Odit quod ducimus ad nesciunt. Vel tempora enim fugit exercitationem aliquam placeat amet. Ea odit nostrum quia delectus omnis.',NULL,'unread','2024-11-11 01:20:47','2024-11-11 01:20:47'),(3,'Prof. Brett Steuber','kathleen55@example.net','864.654.7894','962 Spencer Rapid\nWest Dedricmouth, OK 09476','Aut voluptatum odit totam quibusdam porro.','Incidunt enim amet nostrum sed. Culpa maiores libero velit. Vel voluptate distinctio deleniti rerum. Ut minus qui deleniti voluptas et autem. Sit minus sed quasi quisquam. Dignissimos cum suscipit commodi architecto fugit cupiditate aut. Eos enim commodi earum. Nisi exercitationem earum beatae laudantium est reiciendis doloremque. Sapiente sunt officiis animi id dolor qui quam.',NULL,'read','2024-11-11 01:20:47','2024-11-11 01:20:47'),(4,'Devin Will Sr.','amina44@example.net','1-863-693-7913','25942 Deon Crescent Apt. 916\nAliceland, TN 05705','Tempora et harum iure ut quod molestiae.','Numquam ducimus rerum animi omnis ad labore quasi. Necessitatibus quisquam cupiditate aut eaque. Odio dolore enim veniam. Sed ut tempora nemo qui qui et. Molestiae sed impedit aut. Praesentium rerum rem consequatur atque similique neque quo. Dolor tempora dolores culpa reiciendis rerum et laborum. Eius aspernatur id repellendus voluptas nostrum quae et provident. Magni inventore repudiandae nihil et inventore eos voluptatibus officia.',NULL,'read','2024-11-11 01:20:47','2024-11-11 01:20:47'),(5,'Heaven Robel','ellis.hodkiewicz@example.com','(959) 204-3947','44138 Boyle Pike\nO\'Connerport, CO 87818','Beatae itaque eligendi laudantium est.','Autem earum inventore et tenetur ut. Distinctio dolorum qui et. Possimus recusandae unde voluptatum doloribus error id debitis sint. Aut temporibus voluptatem amet autem dolore. Qui consequatur ex ducimus quidem assumenda ea distinctio. Magnam et ex cumque nihil molestias omnis aut. Consequatur quia fugit impedit repellendus ea ducimus. Expedita dignissimos dolores aliquid voluptas sunt animi. Architecto voluptate modi atque aut aut laboriosam non eum. Aliquid esse et ut ut eos.',NULL,'unread','2024-11-11 01:20:47','2024-11-11 01:20:47'),(6,'Cleta Renner V','slemke@example.net','(510) 260-9556','508 Andrew Burg\nEast Harley, WY 76679','Enim dolores voluptatem saepe id.','Dignissimos quidem qui itaque sit est repudiandae culpa. Deserunt voluptatibus eum cumque nulla enim quia officia. Quam illum aut sed vel a et explicabo ut. Autem architecto nam ad. Voluptates ipsam quos recusandae eligendi blanditiis sunt distinctio aspernatur. Numquam cumque nostrum sed enim molestiae dolore qui et. Placeat numquam aliquam velit vitae veniam. Non qui in ut sapiente quos sunt.',NULL,'read','2024-11-11 01:20:47','2024-11-11 01:20:47'),(7,'Dr. Brittany Jacobi','robbie.stamm@example.net','1-240-436-3569','60295 Shanny Lodge Suite 526\nLethafurt, IN 63716','Fugit enim velit nam eum alias.','Veniam et laudantium quia est facere vitae ex. Reiciendis perspiciatis enim dolor fugit voluptas eveniet. Dolor omnis delectus eius ab qui magnam provident. Impedit temporibus perferendis velit officia cumque voluptas. Optio cupiditate quia cupiditate quod voluptas. Aut laborum laudantium et modi. Ut sed quo in sit impedit et. Ducimus sunt modi aspernatur ut consequatur veniam.',NULL,'unread','2024-11-11 01:20:47','2024-11-11 01:20:47'),(8,'Lawrence Schoen MD','cheyanne01@example.com','+1-661-837-0682','71682 Lester Manor\nNorth Mariam, NJ 56402-0140','Aut officia sint fuga non architecto.','Eveniet velit aspernatur quidem repellat numquam. Consequatur molestiae ut placeat quia et dolore voluptas ut. Facere et aut consequuntur sint animi. Ad molestiae deleniti et eos ut minima. Qui sunt minus corporis error nam autem autem. Reiciendis ad excepturi quo quia. Dicta quo voluptates est eveniet et molestias corporis. Quidem ea pariatur aliquam suscipit sit molestiae.',NULL,'read','2024-11-11 01:20:47','2024-11-11 01:20:47'),(9,'Dr. Frederick Bernier Jr.','randi.yost@example.org','1-520-447-3668','77566 Dicki Fort\nKreigertown, LA 65438','Inventore corporis eveniet provident.','Voluptatem et sequi quidem sunt ratione totam. Maiores itaque neque aut qui provident vel odit. Ut laudantium architecto labore sint similique. Sit et nesciunt perspiciatis voluptatem. Provident quia explicabo et dolorem et sit. Quisquam aut vel excepturi ut incidunt est. Natus repellat odit dolore beatae repellendus qui illum. Voluptatem et nesciunt mollitia pariatur et. Similique est quam deserunt. Aspernatur fuga totam deserunt quos et eaque. Possimus rerum ut temporibus.',NULL,'unread','2024-11-11 01:20:47','2024-11-11 01:20:47'),(10,'Dr. Rasheed Nolan','jessy.hintz@example.org','+1.323.323.9502','69471 Dibbert Spur\nNorth Shanymouth, CT 43783','Dolore distinctio facilis autem praesentium id.','Officia laudantium quia perferendis explicabo. Voluptatem est modi non ipsa. Assumenda mollitia sunt nostrum veniam magni sed non. Officiis qui et architecto occaecati est hic. Omnis sequi molestiae aperiam et. Impedit eum nemo nisi et atque aliquid. Distinctio maxime ab recusandae. Quia cupiditate tempora et sit nam minus rem. Culpa quidem expedita dolorum asperiores ut. Sequi molestias cumque voluptas. Mollitia molestias quidem adipisci sit quasi. Maxime a saepe libero dolores.',NULL,'read','2024-11-11 01:20:47','2024-11-11 01:20:47');

--
-- Table structure for table `countries`
--

CREATE TABLE `countries` (
  `id` bigint unsigned NOT NULL AUTO_INCREMENT,
  `name` varchar(120) COLLATE utf8mb4_unicode_ci NOT NULL,
  `nationality` varchar(120) COLLATE utf8mb4_unicode_ci DEFAULT NULL,
  `order` tinyint NOT NULL DEFAULT '0',
  `image` varchar(191) COLLATE utf8mb4_unicode_ci DEFAULT NULL,
  `is_default` tinyint unsigned NOT NULL DEFAULT '0',
  `status` varchar(60) COLLATE utf8mb4_unicode_ci NOT NULL DEFAULT 'published',
  `created_at` timestamp NULL DEFAULT NULL,
  `updated_at` timestamp NULL DEFAULT NULL,
  `code` varchar(10) COLLATE utf8mb4_unicode_ci DEFAULT NULL,
  PRIMARY KEY (`id`)
) ENGINE=InnoDB DEFAULT CHARSET=utf8mb4 COLLATE=utf8mb4_unicode_ci;

--
-- Dumping data for table `countries`
--


--
-- Table structure for table `countries_translations`
--

CREATE TABLE `countries_translations` (
  `lang_code` varchar(20) COLLATE utf8mb4_unicode_ci NOT NULL,
  `countries_id` bigint unsigned NOT NULL,
  `name` varchar(120) COLLATE utf8mb4_unicode_ci DEFAULT NULL,
  `nationality` varchar(120) COLLATE utf8mb4_unicode_ci DEFAULT NULL,
  PRIMARY KEY (`lang_code`,`countries_id`)
) ENGINE=InnoDB DEFAULT CHARSET=utf8mb4 COLLATE=utf8mb4_unicode_ci;

--
-- Dumping data for table `countries_translations`
--


--
-- Table structure for table `dashboard_widget_settings`
--

CREATE TABLE `dashboard_widget_settings` (
  `id` bigint unsigned NOT NULL AUTO_INCREMENT,
  `settings` text COLLATE utf8mb4_unicode_ci,
  `user_id` bigint unsigned NOT NULL,
  `widget_id` bigint unsigned NOT NULL,
  `order` tinyint unsigned NOT NULL DEFAULT '0',
  `status` tinyint unsigned NOT NULL DEFAULT '1',
  `created_at` timestamp NULL DEFAULT NULL,
  `updated_at` timestamp NULL DEFAULT NULL,
  PRIMARY KEY (`id`),
  KEY `dashboard_widget_settings_user_id_index` (`user_id`),
  KEY `dashboard_widget_settings_widget_id_index` (`widget_id`)
) ENGINE=InnoDB DEFAULT CHARSET=utf8mb4 COLLATE=utf8mb4_unicode_ci;

--
-- Dumping data for table `dashboard_widget_settings`
--


--
-- Table structure for table `dashboard_widgets`
--

CREATE TABLE `dashboard_widgets` (
  `id` bigint unsigned NOT NULL AUTO_INCREMENT,
  `name` varchar(120) COLLATE utf8mb4_unicode_ci NOT NULL,
  `created_at` timestamp NULL DEFAULT NULL,
  `updated_at` timestamp NULL DEFAULT NULL,
  PRIMARY KEY (`id`)
) ENGINE=InnoDB DEFAULT CHARSET=utf8mb4 COLLATE=utf8mb4_unicode_ci;

--
-- Dumping data for table `dashboard_widgets`
--


--
-- Table structure for table `ec_brands`
--

CREATE TABLE `ec_brands` (
  `id` bigint unsigned NOT NULL AUTO_INCREMENT,
  `name` varchar(191) COLLATE utf8mb4_unicode_ci NOT NULL,
  `description` mediumtext COLLATE utf8mb4_unicode_ci,
  `website` varchar(191) COLLATE utf8mb4_unicode_ci DEFAULT NULL,
  `logo` varchar(191) COLLATE utf8mb4_unicode_ci DEFAULT NULL,
  `status` varchar(60) COLLATE utf8mb4_unicode_ci NOT NULL DEFAULT 'published',
  `order` tinyint unsigned NOT NULL DEFAULT '0',
  `is_featured` tinyint unsigned NOT NULL DEFAULT '0',
  `created_at` timestamp NULL DEFAULT NULL,
  `updated_at` timestamp NULL DEFAULT NULL,
  PRIMARY KEY (`id`)
) ENGINE=InnoDB AUTO_INCREMENT=6 DEFAULT CHARSET=utf8mb4 COLLATE=utf8mb4_unicode_ci;

--
-- Dumping data for table `ec_brands`
--

INSERT INTO `ec_brands` VALUES (1,'FoodPound','New Snacks Release',NULL,'brands/1.png','published',0,1,'2024-11-11 01:20:32','2024-11-11 01:20:32'),(2,'iTea JSC','Happy Tea 100% Organic. From $29.9',NULL,'brands/2.png','published',1,1,'2024-11-11 01:20:32','2024-11-11 01:20:32'),(3,'Soda Brand','Fresh Meat Sausage. BUY 2 GET 1!',NULL,'brands/3.png','published',2,1,'2024-11-11 01:20:32','2024-11-11 01:20:32'),(4,'Farmart','Fresh Meat Sausage. BUY 2 GET 1!',NULL,'brands/4.png','published',3,1,'2024-11-11 01:20:32','2024-11-11 01:20:32'),(5,'Soda Brand','Fresh Meat Sausage. BUY 2 GET 1!',NULL,'brands/3.png','published',4,1,'2024-11-11 01:20:32','2024-11-11 01:20:32');

--
-- Table structure for table `ec_brands_translations`
--

CREATE TABLE `ec_brands_translations` (
  `lang_code` varchar(191) COLLATE utf8mb4_unicode_ci NOT NULL,
  `ec_brands_id` bigint unsigned NOT NULL,
  `name` varchar(191) COLLATE utf8mb4_unicode_ci DEFAULT NULL,
  `description` mediumtext COLLATE utf8mb4_unicode_ci,
  PRIMARY KEY (`lang_code`,`ec_brands_id`)
) ENGINE=InnoDB DEFAULT CHARSET=utf8mb4 COLLATE=utf8mb4_unicode_ci;

--
-- Dumping data for table `ec_brands_translations`
--


--
-- Table structure for table `ec_cart`
--

CREATE TABLE `ec_cart` (
  `identifier` varchar(60) COLLATE utf8mb4_unicode_ci NOT NULL,
  `instance` varchar(60) COLLATE utf8mb4_unicode_ci NOT NULL,
  `content` longtext COLLATE utf8mb4_unicode_ci NOT NULL,
  `created_at` timestamp NULL DEFAULT NULL,
  `updated_at` timestamp NULL DEFAULT NULL,
  PRIMARY KEY (`identifier`,`instance`)
) ENGINE=InnoDB DEFAULT CHARSET=utf8mb4 COLLATE=utf8mb4_unicode_ci;

--
-- Dumping data for table `ec_cart`
--


--
-- Table structure for table `ec_currencies`
--

CREATE TABLE `ec_currencies` (
  `id` bigint unsigned NOT NULL AUTO_INCREMENT,
  `title` varchar(191) COLLATE utf8mb4_unicode_ci NOT NULL,
  `symbol` varchar(10) COLLATE utf8mb4_unicode_ci NOT NULL,
  `is_prefix_symbol` tinyint unsigned NOT NULL DEFAULT '0',
  `decimals` tinyint unsigned DEFAULT '0',
  `order` int unsigned DEFAULT '0',
  `is_default` tinyint NOT NULL DEFAULT '0',
  `exchange_rate` double NOT NULL DEFAULT '1',
  `created_at` timestamp NULL DEFAULT NULL,
  `updated_at` timestamp NULL DEFAULT NULL,
  PRIMARY KEY (`id`)
) ENGINE=InnoDB AUTO_INCREMENT=5 DEFAULT CHARSET=utf8mb4 COLLATE=utf8mb4_unicode_ci;

--
-- Dumping data for table `ec_currencies`
--

INSERT INTO `ec_currencies` VALUES (1,'USD','$',1,2,0,1,1,'2024-11-11 01:20:32','2024-11-11 01:20:32'),(2,'EUR','€',0,2,1,0,0.84,'2024-11-11 01:20:32','2024-11-11 01:20:32'),(3,'VND','₫',0,0,2,0,23203,'2024-11-11 01:20:32','2024-11-11 01:20:32'),(4,'NGN','₦',1,2,2,0,895.52,'2024-11-11 01:20:32','2024-11-11 01:20:32');

--
-- Table structure for table `ec_customer_addresses`
--

CREATE TABLE `ec_customer_addresses` (
  `id` bigint unsigned NOT NULL AUTO_INCREMENT,
  `name` varchar(191) COLLATE utf8mb4_unicode_ci NOT NULL,
  `email` varchar(60) COLLATE utf8mb4_unicode_ci DEFAULT NULL,
  `phone` varchar(20) COLLATE utf8mb4_unicode_ci DEFAULT NULL,
  `country` varchar(120) COLLATE utf8mb4_unicode_ci DEFAULT NULL,
  `state` varchar(120) COLLATE utf8mb4_unicode_ci DEFAULT NULL,
  `city` varchar(120) COLLATE utf8mb4_unicode_ci DEFAULT NULL,
  `address` varchar(191) COLLATE utf8mb4_unicode_ci DEFAULT NULL,
  `customer_id` bigint unsigned NOT NULL,
  `is_default` tinyint unsigned NOT NULL DEFAULT '0',
  `created_at` timestamp NULL DEFAULT NULL,
  `updated_at` timestamp NULL DEFAULT NULL,
  `zip_code` varchar(20) COLLATE utf8mb4_unicode_ci DEFAULT NULL,
  PRIMARY KEY (`id`)
) ENGINE=InnoDB AUTO_INCREMENT=13 DEFAULT CHARSET=utf8mb4 COLLATE=utf8mb4_unicode_ci;

--
-- Dumping data for table `ec_customer_addresses`
--

INSERT INTO `ec_customer_addresses` VALUES (1,'Dan McLaughlin','customer@botble.com','+19569658197','YT','Idaho','South Eleanora','30579 Steve Court',1,1,'2024-11-11 01:20:33','2024-11-11 01:20:33','83548-7985'),(2,'Dan McLaughlin','customer@botble.com','+16629176908','MA','New Jersey','North Jaredstad','17890 Helene Port',1,0,'2024-11-11 01:20:33','2024-11-11 01:20:33','59377'),(3,'Prof. Oliver Corwin Sr.','vendor@botble.com','+15024527946','CR','Nevada','Gutkowskishire','868 Wehner Hill Suite 108',2,1,'2024-11-11 01:20:34','2024-11-11 01:20:34','16397'),(4,'Prof. Oliver Corwin Sr.','vendor@botble.com','+15399322081','ME','Iowa','West Tierraborough','26353 Ozella Drive',2,0,'2024-11-11 01:20:34','2024-11-11 01:20:34','08533-5722'),(5,'Keyon Bartoletti','javonte.goodwin@example.net','+17318300724','UM','Vermont','Huelsfurt','87865 Hand Pike',3,1,'2024-11-11 01:20:34','2024-11-11 01:20:34','21979-6186'),(6,'Sheila Wilkinson','brannon.abbott@example.net','+14636693142','AG','Minnesota','Lauraside','572 Sidney Plaza Apt. 422',4,1,'2024-11-11 01:20:34','2024-11-11 01:20:34','41480-5073'),(7,'Freida Bogisich MD','clair.mueller@example.org','+15595312603','CY','Iowa','Deshawnland','961 Anika Wall',5,1,'2024-11-11 01:20:34','2024-11-11 01:20:34','04005-7584'),(8,'Dr. Jerod Heaney III','grady.randal@example.net','+14068463533','BB','Alaska','South Kiarra','959 Auer Park Suite 774',6,1,'2024-11-11 01:20:35','2024-11-11 01:20:35','16570-9681'),(9,'Quinton Olson','domenick37@example.com','+13863750171','KG','Alabama','Hardyhaven','573 Kulas Burg',7,1,'2024-11-11 01:20:35','2024-11-11 01:20:35','47731-7384'),(10,'Giovanna McDermott PhD','blaze91@example.com','+12485800017','FJ','Iowa','Williamstad','370 Fisher Estates Suite 097',8,1,'2024-11-11 01:20:35','2024-11-11 01:20:35','46921-2762'),(11,'Dr. Bud Schultz','schumm.rosalia@example.org','+14697575199','PE','North Dakota','Lehnerside','461 Jorge Creek',9,1,'2024-11-11 01:20:35','2024-11-11 01:20:35','05224'),(12,'Andre Hegmann','charley04@example.com','+16237786854','BA','Alabama','Tryciaborough','4907 Cronin Isle Suite 085',10,1,'2024-11-11 01:20:36','2024-11-11 01:20:36','85798-3782');

--
-- Table structure for table `ec_customer_recently_viewed_products`
--

CREATE TABLE `ec_customer_recently_viewed_products` (
  `id` bigint unsigned NOT NULL AUTO_INCREMENT,
  `customer_id` bigint unsigned NOT NULL,
  `product_id` bigint unsigned NOT NULL,
  PRIMARY KEY (`id`)
) ENGINE=InnoDB DEFAULT CHARSET=utf8mb4 COLLATE=utf8mb4_unicode_ci;

--
-- Dumping data for table `ec_customer_recently_viewed_products`
--


--
-- Table structure for table `ec_customer_used_coupons`
--

CREATE TABLE `ec_customer_used_coupons` (
  `discount_id` bigint unsigned NOT NULL,
  `customer_id` bigint unsigned NOT NULL,
  PRIMARY KEY (`discount_id`,`customer_id`)
) ENGINE=InnoDB DEFAULT CHARSET=utf8mb4 COLLATE=utf8mb4_unicode_ci;

--
-- Dumping data for table `ec_customer_used_coupons`
--


--
-- Table structure for table `ec_discount_customers`
--

CREATE TABLE `ec_discount_customers` (
  `discount_id` bigint unsigned NOT NULL,
  `customer_id` bigint unsigned NOT NULL,
  PRIMARY KEY (`discount_id`,`customer_id`)
) ENGINE=InnoDB DEFAULT CHARSET=utf8mb4 COLLATE=utf8mb4_unicode_ci;

--
-- Dumping data for table `ec_discount_customers`
--


--
-- Table structure for table `ec_discount_product_categories`
--

CREATE TABLE `ec_discount_product_categories` (
  `discount_id` bigint unsigned NOT NULL,
  `product_category_id` bigint unsigned NOT NULL,
  PRIMARY KEY (`discount_id`,`product_category_id`)
) ENGINE=InnoDB DEFAULT CHARSET=utf8mb4 COLLATE=utf8mb4_unicode_ci;

--
-- Dumping data for table `ec_discount_product_categories`
--


--
-- Table structure for table `ec_discount_product_collections`
--

CREATE TABLE `ec_discount_product_collections` (
  `discount_id` bigint unsigned NOT NULL,
  `product_collection_id` bigint unsigned NOT NULL,
  PRIMARY KEY (`discount_id`,`product_collection_id`)
) ENGINE=InnoDB DEFAULT CHARSET=utf8mb4 COLLATE=utf8mb4_unicode_ci;

--
-- Dumping data for table `ec_discount_product_collections`
--


--
-- Table structure for table `ec_discount_products`
--

CREATE TABLE `ec_discount_products` (
  `discount_id` bigint unsigned NOT NULL,
  `product_id` bigint unsigned NOT NULL,
  PRIMARY KEY (`discount_id`,`product_id`)
) ENGINE=InnoDB DEFAULT CHARSET=utf8mb4 COLLATE=utf8mb4_unicode_ci;

--
-- Dumping data for table `ec_discount_products`
--


--
-- Table structure for table `ec_discounts`
--

CREATE TABLE `ec_discounts` (
  `id` bigint unsigned NOT NULL AUTO_INCREMENT,
  `title` varchar(120) COLLATE utf8mb4_unicode_ci DEFAULT NULL,
  `code` varchar(20) COLLATE utf8mb4_unicode_ci DEFAULT NULL,
  `start_date` datetime DEFAULT NULL,
  `end_date` datetime DEFAULT NULL,
  `quantity` int DEFAULT NULL,
  `total_used` int unsigned NOT NULL DEFAULT '0',
  `value` double DEFAULT NULL,
  `type` varchar(60) COLLATE utf8mb4_unicode_ci DEFAULT 'coupon',
  `can_use_with_promotion` tinyint(1) NOT NULL DEFAULT '0',
  `can_use_with_flash_sale` tinyint(1) NOT NULL DEFAULT '0',
  `discount_on` varchar(20) COLLATE utf8mb4_unicode_ci DEFAULT NULL,
  `product_quantity` int unsigned DEFAULT NULL,
  `type_option` varchar(100) COLLATE utf8mb4_unicode_ci NOT NULL DEFAULT 'amount',
  `target` varchar(100) COLLATE utf8mb4_unicode_ci NOT NULL DEFAULT 'all-orders',
  `min_order_price` decimal(15,2) DEFAULT NULL,
  `apply_via_url` tinyint(1) NOT NULL DEFAULT '0',
  `display_at_checkout` tinyint(1) NOT NULL DEFAULT '0',
  `created_at` timestamp NULL DEFAULT NULL,
  `updated_at` timestamp NULL DEFAULT NULL,
  `description` varchar(400) COLLATE utf8mb4_unicode_ci DEFAULT NULL,
  `store_id` bigint unsigned DEFAULT NULL,
  PRIMARY KEY (`id`),
  UNIQUE KEY `ec_discounts_code_unique` (`code`)
) ENGINE=InnoDB DEFAULT CHARSET=utf8mb4 COLLATE=utf8mb4_unicode_ci;

--
-- Dumping data for table `ec_discounts`
--


--
-- Table structure for table `ec_flash_sale_products`
--

CREATE TABLE `ec_flash_sale_products` (
  `flash_sale_id` bigint unsigned NOT NULL,
  `product_id` bigint unsigned NOT NULL,
  `price` double unsigned DEFAULT NULL,
  `quantity` int unsigned DEFAULT NULL,
  `sold` int unsigned NOT NULL DEFAULT '0'
) ENGINE=InnoDB DEFAULT CHARSET=utf8mb4 COLLATE=utf8mb4_unicode_ci;

--
-- Dumping data for table `ec_flash_sale_products`
--

INSERT INTO `ec_flash_sale_products` VALUES (1,21,116.48,20,1),(1,25,414.52,19,3),(1,64,416.66,14,5),(1,47,426.7,13,5),(1,59,850.08,16,1),(1,14,247.68,16,4),(1,52,409.22,19,3),(1,31,789.64,13,2),(1,3,1.95,13,2),(1,16,407.0735,8,4);

--
-- Table structure for table `ec_flash_sales`
--

CREATE TABLE `ec_flash_sales` (
  `id` bigint unsigned NOT NULL AUTO_INCREMENT,
  `name` varchar(191) COLLATE utf8mb4_unicode_ci NOT NULL,
  `end_date` datetime NOT NULL,
  `status` varchar(60) COLLATE utf8mb4_unicode_ci NOT NULL DEFAULT 'published',
  `created_at` timestamp NULL DEFAULT NULL,
  `updated_at` timestamp NULL DEFAULT NULL,
  PRIMARY KEY (`id`)
) ENGINE=InnoDB AUTO_INCREMENT=2 DEFAULT CHARSET=utf8mb4 COLLATE=utf8mb4_unicode_ci;

--
-- Dumping data for table `ec_flash_sales`
--

INSERT INTO `ec_flash_sales` VALUES (1,'Winter Sale','2024-12-11 00:00:00','published','2024-11-11 01:20:44','2024-11-11 01:20:44');

--
-- Table structure for table `ec_flash_sales_translations`
--

CREATE TABLE `ec_flash_sales_translations` (
  `lang_code` varchar(191) COLLATE utf8mb4_unicode_ci NOT NULL,
  `ec_flash_sales_id` bigint unsigned NOT NULL,
  `name` varchar(191) COLLATE utf8mb4_unicode_ci DEFAULT NULL,
  PRIMARY KEY (`lang_code`,`ec_flash_sales_id`)
) ENGINE=InnoDB DEFAULT CHARSET=utf8mb4 COLLATE=utf8mb4_unicode_ci;

--
-- Dumping data for table `ec_flash_sales_translations`
--


--
-- Table structure for table `ec_global_option_value`
--

CREATE TABLE `ec_global_option_value` (
  `id` bigint unsigned NOT NULL AUTO_INCREMENT,
  `option_id` bigint unsigned NOT NULL COMMENT 'option id',
  `option_value` tinytext COLLATE utf8mb4_unicode_ci COMMENT 'option value',
  `affect_price` double DEFAULT NULL COMMENT 'value of price of this option affect',
  `order` int NOT NULL DEFAULT '9999',
  `affect_type` tinyint NOT NULL DEFAULT '0' COMMENT '0. fixed 1. percent',
  `created_at` timestamp NULL DEFAULT NULL,
  `updated_at` timestamp NULL DEFAULT NULL,
  PRIMARY KEY (`id`)
) ENGINE=InnoDB AUTO_INCREMENT=13 DEFAULT CHARSET=utf8mb4 COLLATE=utf8mb4_unicode_ci;

--
-- Dumping data for table `ec_global_option_value`
--

INSERT INTO `ec_global_option_value` VALUES (1,1,'1 Year',0,9999,0,'2024-11-11 01:20:32','2024-11-11 01:20:32'),(2,1,'2 Year',10,9999,0,'2024-11-11 01:20:32','2024-11-11 01:20:32'),(3,1,'3 Year',20,9999,0,'2024-11-11 01:20:32','2024-11-11 01:20:32'),(4,2,'4GB',0,9999,0,'2024-11-11 01:20:32','2024-11-11 01:20:32'),(5,2,'8GB',10,9999,0,'2024-11-11 01:20:32','2024-11-11 01:20:32'),(6,2,'16GB',20,9999,0,'2024-11-11 01:20:32','2024-11-11 01:20:32'),(7,3,'Core i5',0,9999,0,'2024-11-11 01:20:32','2024-11-11 01:20:32'),(8,3,'Core i7',10,9999,0,'2024-11-11 01:20:32','2024-11-11 01:20:32'),(9,3,'Core i9',20,9999,0,'2024-11-11 01:20:32','2024-11-11 01:20:32'),(10,4,'128GB',0,9999,0,'2024-11-11 01:20:32','2024-11-11 01:20:32'),(11,4,'256GB',10,9999,0,'2024-11-11 01:20:32','2024-11-11 01:20:32'),(12,4,'512GB',20,9999,0,'2024-11-11 01:20:32','2024-11-11 01:20:32');

--
-- Table structure for table `ec_global_option_value_translations`
--

CREATE TABLE `ec_global_option_value_translations` (
  `lang_code` varchar(191) COLLATE utf8mb4_unicode_ci NOT NULL,
  `ec_global_option_value_id` bigint unsigned NOT NULL,
  `option_value` varchar(191) COLLATE utf8mb4_unicode_ci DEFAULT NULL,
  PRIMARY KEY (`lang_code`,`ec_global_option_value_id`)
) ENGINE=InnoDB DEFAULT CHARSET=utf8mb4 COLLATE=utf8mb4_unicode_ci;

--
-- Dumping data for table `ec_global_option_value_translations`
--


--
-- Table structure for table `ec_global_options`
--

CREATE TABLE `ec_global_options` (
  `id` bigint unsigned NOT NULL AUTO_INCREMENT,
  `name` varchar(191) COLLATE utf8mb4_unicode_ci NOT NULL COMMENT 'Name of options',
  `option_type` varchar(191) COLLATE utf8mb4_unicode_ci NOT NULL COMMENT 'option type',
  `required` tinyint(1) NOT NULL DEFAULT '0' COMMENT 'Checked if this option is required',
  `created_at` timestamp NULL DEFAULT NULL,
  `updated_at` timestamp NULL DEFAULT NULL,
  PRIMARY KEY (`id`)
) ENGINE=InnoDB AUTO_INCREMENT=5 DEFAULT CHARSET=utf8mb4 COLLATE=utf8mb4_unicode_ci;

--
-- Dumping data for table `ec_global_options`
--

INSERT INTO `ec_global_options` VALUES (1,'Warranty','Botble\\Ecommerce\\Option\\OptionType\\RadioButton',1,'2024-11-11 01:20:32','2024-11-11 01:20:32'),(2,'RAM','Botble\\Ecommerce\\Option\\OptionType\\RadioButton',1,'2024-11-11 01:20:32','2024-11-11 01:20:32'),(3,'CPU','Botble\\Ecommerce\\Option\\OptionType\\RadioButton',1,'2024-11-11 01:20:32','2024-11-11 01:20:32'),(4,'HDD','Botble\\Ecommerce\\Option\\OptionType\\Dropdown',0,'2024-11-11 01:20:32','2024-11-11 01:20:32');

--
-- Table structure for table `ec_global_options_translations`
--

CREATE TABLE `ec_global_options_translations` (
  `lang_code` varchar(191) COLLATE utf8mb4_unicode_ci NOT NULL,
  `ec_global_options_id` bigint unsigned NOT NULL,
  `name` varchar(191) COLLATE utf8mb4_unicode_ci DEFAULT NULL,
  PRIMARY KEY (`lang_code`,`ec_global_options_id`)
) ENGINE=InnoDB DEFAULT CHARSET=utf8mb4 COLLATE=utf8mb4_unicode_ci;

--
-- Dumping data for table `ec_global_options_translations`
--


--
-- Table structure for table `ec_grouped_products`
--

CREATE TABLE `ec_grouped_products` (
  `id` bigint unsigned NOT NULL AUTO_INCREMENT,
  `parent_product_id` bigint unsigned NOT NULL,
  `product_id` bigint unsigned NOT NULL,
  `fixed_qty` int NOT NULL DEFAULT '1',
  PRIMARY KEY (`id`)
) ENGINE=InnoDB DEFAULT CHARSET=utf8mb4 COLLATE=utf8mb4_unicode_ci;

--
-- Dumping data for table `ec_grouped_products`
--


--
-- Table structure for table `ec_invoice_items`
--

CREATE TABLE `ec_invoice_items` (
  `id` bigint unsigned NOT NULL AUTO_INCREMENT,
  `invoice_id` bigint unsigned NOT NULL,
  `reference_type` varchar(191) COLLATE utf8mb4_unicode_ci NOT NULL,
  `reference_id` bigint unsigned NOT NULL,
  `name` varchar(191) COLLATE utf8mb4_unicode_ci NOT NULL,
  `description` varchar(400) COLLATE utf8mb4_unicode_ci DEFAULT NULL,
  `image` varchar(191) COLLATE utf8mb4_unicode_ci DEFAULT NULL,
  `qty` int unsigned NOT NULL,
  `price` decimal(15,2) NOT NULL DEFAULT '0.00',
  `sub_total` decimal(15,2) unsigned NOT NULL,
  `tax_amount` decimal(15,2) unsigned NOT NULL DEFAULT '0.00',
  `discount_amount` decimal(15,2) unsigned NOT NULL DEFAULT '0.00',
  `amount` decimal(15,2) unsigned NOT NULL,
  `options` text COLLATE utf8mb4_unicode_ci,
  `created_at` timestamp NULL DEFAULT NULL,
  `updated_at` timestamp NULL DEFAULT NULL,
  PRIMARY KEY (`id`),
  KEY `ec_invoice_items_reference_type_reference_id_index` (`reference_type`,`reference_id`)
) ENGINE=InnoDB DEFAULT CHARSET=utf8mb4 COLLATE=utf8mb4_unicode_ci;

--
-- Dumping data for table `ec_invoice_items`
--


--
-- Table structure for table `ec_invoices`
--

CREATE TABLE `ec_invoices` (
  `id` bigint unsigned NOT NULL AUTO_INCREMENT,
  `reference_type` varchar(191) COLLATE utf8mb4_unicode_ci NOT NULL,
  `reference_id` bigint unsigned NOT NULL,
  `code` varchar(191) COLLATE utf8mb4_unicode_ci NOT NULL,
  `customer_name` varchar(191) COLLATE utf8mb4_unicode_ci DEFAULT NULL,
  `company_name` varchar(191) COLLATE utf8mb4_unicode_ci DEFAULT NULL,
  `company_logo` varchar(191) COLLATE utf8mb4_unicode_ci DEFAULT NULL,
  `customer_email` varchar(191) COLLATE utf8mb4_unicode_ci DEFAULT NULL,
  `customer_phone` varchar(191) COLLATE utf8mb4_unicode_ci DEFAULT NULL,
  `customer_address` varchar(191) COLLATE utf8mb4_unicode_ci DEFAULT NULL,
  `customer_tax_id` varchar(191) COLLATE utf8mb4_unicode_ci DEFAULT NULL,
  `sub_total` decimal(15,2) unsigned NOT NULL,
  `tax_amount` decimal(15,2) unsigned NOT NULL DEFAULT '0.00',
  `shipping_amount` decimal(15,2) unsigned NOT NULL DEFAULT '0.00',
  `discount_amount` decimal(15,2) unsigned NOT NULL DEFAULT '0.00',
  `shipping_option` varchar(60) COLLATE utf8mb4_unicode_ci DEFAULT NULL,
  `shipping_method` varchar(60) COLLATE utf8mb4_unicode_ci NOT NULL DEFAULT 'default',
  `coupon_code` varchar(120) COLLATE utf8mb4_unicode_ci DEFAULT NULL,
  `discount_description` varchar(191) COLLATE utf8mb4_unicode_ci DEFAULT NULL,
  `amount` decimal(15,2) unsigned NOT NULL,
  `description` text COLLATE utf8mb4_unicode_ci,
  `payment_id` bigint unsigned DEFAULT NULL,
  `status` varchar(191) COLLATE utf8mb4_unicode_ci NOT NULL DEFAULT 'pending',
  `paid_at` timestamp NULL DEFAULT NULL,
  `created_at` timestamp NULL DEFAULT NULL,
  `updated_at` timestamp NULL DEFAULT NULL,
  PRIMARY KEY (`id`),
  UNIQUE KEY `ec_invoices_code_unique` (`code`),
  KEY `ec_invoices_reference_type_reference_id_index` (`reference_type`,`reference_id`),
  KEY `ec_invoices_payment_id_index` (`payment_id`),
  KEY `ec_invoices_status_index` (`status`)
) ENGINE=InnoDB DEFAULT CHARSET=utf8mb4 COLLATE=utf8mb4_unicode_ci;

--
-- Dumping data for table `ec_invoices`
--


--
-- Table structure for table `ec_option_value`
--

CREATE TABLE `ec_option_value` (
  `id` bigint unsigned NOT NULL AUTO_INCREMENT,
  `option_id` bigint unsigned NOT NULL COMMENT 'option id',
  `option_value` tinytext COLLATE utf8mb4_unicode_ci COMMENT 'option value',
  `affect_price` double DEFAULT NULL COMMENT 'value of price of this option affect',
  `order` int NOT NULL DEFAULT '9999',
  `affect_type` tinyint NOT NULL DEFAULT '0' COMMENT '0. fixed 1. percent',
  `created_at` timestamp NULL DEFAULT NULL,
  `updated_at` timestamp NULL DEFAULT NULL,
  PRIMARY KEY (`id`)
) ENGINE=InnoDB DEFAULT CHARSET=utf8mb4 COLLATE=utf8mb4_unicode_ci;

--
-- Dumping data for table `ec_option_value`
--


--
-- Table structure for table `ec_option_value_translations`
--

CREATE TABLE `ec_option_value_translations` (
  `lang_code` varchar(191) COLLATE utf8mb4_unicode_ci NOT NULL,
  `ec_option_value_id` bigint unsigned NOT NULL,
  `option_value` varchar(191) COLLATE utf8mb4_unicode_ci DEFAULT NULL,
  PRIMARY KEY (`lang_code`,`ec_option_value_id`)
) ENGINE=InnoDB DEFAULT CHARSET=utf8mb4 COLLATE=utf8mb4_unicode_ci;

--
-- Dumping data for table `ec_option_value_translations`
--


--
-- Table structure for table `ec_options`
--

CREATE TABLE `ec_options` (
  `id` bigint unsigned NOT NULL AUTO_INCREMENT,
  `name` varchar(191) COLLATE utf8mb4_unicode_ci NOT NULL COMMENT 'Name of options',
  `option_type` varchar(191) COLLATE utf8mb4_unicode_ci DEFAULT NULL COMMENT 'option type',
  `product_id` bigint unsigned NOT NULL DEFAULT '0',
  `order` int NOT NULL DEFAULT '9999',
  `required` tinyint(1) NOT NULL DEFAULT '0' COMMENT 'Checked if this option is required',
  `created_at` timestamp NULL DEFAULT NULL,
  `updated_at` timestamp NULL DEFAULT NULL,
  PRIMARY KEY (`id`)
) ENGINE=InnoDB DEFAULT CHARSET=utf8mb4 COLLATE=utf8mb4_unicode_ci;

--
-- Dumping data for table `ec_options`
--


--
-- Table structure for table `ec_options_translations`
--

CREATE TABLE `ec_options_translations` (
  `lang_code` varchar(191) COLLATE utf8mb4_unicode_ci NOT NULL,
  `ec_options_id` bigint unsigned NOT NULL,
  `name` varchar(191) COLLATE utf8mb4_unicode_ci DEFAULT NULL,
  PRIMARY KEY (`lang_code`,`ec_options_id`)
) ENGINE=InnoDB DEFAULT CHARSET=utf8mb4 COLLATE=utf8mb4_unicode_ci;

--
-- Dumping data for table `ec_options_translations`
--


--
-- Table structure for table `ec_order_addresses`
--

CREATE TABLE `ec_order_addresses` (
  `id` bigint unsigned NOT NULL AUTO_INCREMENT,
  `name` varchar(191) COLLATE utf8mb4_unicode_ci NOT NULL,
  `phone` varchar(20) COLLATE utf8mb4_unicode_ci DEFAULT NULL,
  `email` varchar(191) COLLATE utf8mb4_unicode_ci DEFAULT NULL,
  `country` varchar(120) COLLATE utf8mb4_unicode_ci DEFAULT NULL,
  `state` varchar(120) COLLATE utf8mb4_unicode_ci DEFAULT NULL,
  `city` varchar(120) COLLATE utf8mb4_unicode_ci DEFAULT NULL,
  `address` varchar(191) COLLATE utf8mb4_unicode_ci DEFAULT NULL,
  `order_id` bigint unsigned NOT NULL,
  `zip_code` varchar(20) COLLATE utf8mb4_unicode_ci DEFAULT NULL,
  `type` varchar(60) COLLATE utf8mb4_unicode_ci NOT NULL DEFAULT 'shipping_address',
  PRIMARY KEY (`id`)
) ENGINE=InnoDB DEFAULT CHARSET=utf8mb4 COLLATE=utf8mb4_unicode_ci;

--
-- Dumping data for table `ec_order_addresses`
--


--
-- Table structure for table `ec_order_histories`
--

CREATE TABLE `ec_order_histories` (
  `id` bigint unsigned NOT NULL AUTO_INCREMENT,
  `action` varchar(120) COLLATE utf8mb4_unicode_ci NOT NULL,
  `description` varchar(400) COLLATE utf8mb4_unicode_ci DEFAULT NULL,
  `user_id` bigint unsigned DEFAULT NULL,
  `order_id` bigint unsigned NOT NULL,
  `extras` text COLLATE utf8mb4_unicode_ci,
  `created_at` timestamp NULL DEFAULT NULL,
  `updated_at` timestamp NULL DEFAULT NULL,
  PRIMARY KEY (`id`)
) ENGINE=InnoDB DEFAULT CHARSET=utf8mb4 COLLATE=utf8mb4_unicode_ci;

--
-- Dumping data for table `ec_order_histories`
--


--
-- Table structure for table `ec_order_product`
--

CREATE TABLE `ec_order_product` (
  `id` bigint unsigned NOT NULL AUTO_INCREMENT,
  `order_id` bigint unsigned NOT NULL,
  `qty` int NOT NULL,
  `price` decimal(15,2) NOT NULL,
  `tax_amount` decimal(15,2) NOT NULL,
  `options` text COLLATE utf8mb4_unicode_ci,
  `product_options` text COLLATE utf8mb4_unicode_ci COMMENT 'product option data',
  `product_id` bigint unsigned DEFAULT NULL,
  `product_name` varchar(191) COLLATE utf8mb4_unicode_ci NOT NULL,
  `product_image` varchar(191) COLLATE utf8mb4_unicode_ci DEFAULT NULL,
  `weight` double(8,2) DEFAULT '0.00',
  `restock_quantity` int unsigned DEFAULT '0',
  `created_at` timestamp NULL DEFAULT NULL,
  `updated_at` timestamp NULL DEFAULT NULL,
  `product_type` varchar(60) COLLATE utf8mb4_unicode_ci NOT NULL DEFAULT 'physical',
  `times_downloaded` int NOT NULL DEFAULT '0',
  `license_code` char(36) COLLATE utf8mb4_unicode_ci DEFAULT NULL,
  `downloaded_at` timestamp NULL DEFAULT NULL,
  PRIMARY KEY (`id`)
) ENGINE=InnoDB DEFAULT CHARSET=utf8mb4 COLLATE=utf8mb4_unicode_ci;

--
-- Dumping data for table `ec_order_product`
--


--
-- Table structure for table `ec_order_referrals`
--

CREATE TABLE `ec_order_referrals` (
  `id` bigint unsigned NOT NULL AUTO_INCREMENT,
  `ip` varchar(39) COLLATE utf8mb4_unicode_ci DEFAULT NULL,
  `landing_domain` varchar(191) COLLATE utf8mb4_unicode_ci DEFAULT NULL,
  `landing_page` varchar(191) COLLATE utf8mb4_unicode_ci DEFAULT NULL,
  `landing_params` varchar(191) COLLATE utf8mb4_unicode_ci DEFAULT NULL,
  `referral` varchar(191) COLLATE utf8mb4_unicode_ci DEFAULT NULL,
  `gclid` varchar(191) COLLATE utf8mb4_unicode_ci DEFAULT NULL,
  `fclid` varchar(191) COLLATE utf8mb4_unicode_ci DEFAULT NULL,
  `utm_source` varchar(191) COLLATE utf8mb4_unicode_ci DEFAULT NULL,
  `utm_campaign` varchar(191) COLLATE utf8mb4_unicode_ci DEFAULT NULL,
  `utm_medium` varchar(191) COLLATE utf8mb4_unicode_ci DEFAULT NULL,
  `utm_term` varchar(191) COLLATE utf8mb4_unicode_ci DEFAULT NULL,
  `utm_content` varchar(191) COLLATE utf8mb4_unicode_ci DEFAULT NULL,
  `referrer_url` text COLLATE utf8mb4_unicode_ci,
  `referrer_domain` varchar(191) COLLATE utf8mb4_unicode_ci DEFAULT NULL,
  `order_id` bigint unsigned DEFAULT NULL,
  `created_at` timestamp NULL DEFAULT NULL,
  `updated_at` timestamp NULL DEFAULT NULL,
  PRIMARY KEY (`id`),
  KEY `ec_order_referrals_order_id_index` (`order_id`)
) ENGINE=InnoDB DEFAULT CHARSET=utf8mb4 COLLATE=utf8mb4_unicode_ci;

--
-- Dumping data for table `ec_order_referrals`
--


--
-- Table structure for table `ec_order_return_histories`
--

CREATE TABLE `ec_order_return_histories` (
  `id` bigint unsigned NOT NULL AUTO_INCREMENT,
  `user_id` bigint unsigned DEFAULT NULL,
  `order_return_id` bigint unsigned NOT NULL,
  `action` varchar(191) COLLATE utf8mb4_unicode_ci NOT NULL,
  `description` varchar(400) COLLATE utf8mb4_unicode_ci DEFAULT NULL,
  `reason` varchar(191) COLLATE utf8mb4_unicode_ci DEFAULT NULL,
  `created_at` timestamp NULL DEFAULT NULL,
  `updated_at` timestamp NULL DEFAULT NULL,
  PRIMARY KEY (`id`)
) ENGINE=InnoDB DEFAULT CHARSET=utf8mb4 COLLATE=utf8mb4_unicode_ci;

--
-- Dumping data for table `ec_order_return_histories`
--


--
-- Table structure for table `ec_order_return_items`
--

CREATE TABLE `ec_order_return_items` (
  `id` bigint unsigned NOT NULL AUTO_INCREMENT,
  `order_return_id` bigint unsigned NOT NULL COMMENT 'Order return id',
  `order_product_id` bigint unsigned NOT NULL COMMENT 'Order product id',
  `product_id` bigint unsigned NOT NULL COMMENT 'Product id',
  `product_name` varchar(191) COLLATE utf8mb4_unicode_ci NOT NULL,
  `product_image` varchar(191) COLLATE utf8mb4_unicode_ci DEFAULT NULL,
  `qty` int NOT NULL COMMENT 'Quantity return',
  `price` decimal(15,2) NOT NULL COMMENT 'Price Product',
  `reason` text COLLATE utf8mb4_unicode_ci,
  `created_at` timestamp NULL DEFAULT NULL,
  `updated_at` timestamp NULL DEFAULT NULL,
  `refund_amount` decimal(12,2) DEFAULT '0.00',
  PRIMARY KEY (`id`)
) ENGINE=InnoDB DEFAULT CHARSET=utf8mb4 COLLATE=utf8mb4_unicode_ci;

--
-- Dumping data for table `ec_order_return_items`
--


--
-- Table structure for table `ec_order_returns`
--

CREATE TABLE `ec_order_returns` (
  `id` bigint unsigned NOT NULL AUTO_INCREMENT,
  `code` varchar(191) COLLATE utf8mb4_unicode_ci DEFAULT NULL,
  `order_id` bigint unsigned NOT NULL COMMENT 'Order ID',
  `store_id` bigint unsigned DEFAULT NULL COMMENT 'Store ID',
  `user_id` bigint unsigned NOT NULL COMMENT 'Customer ID',
  `reason` text COLLATE utf8mb4_unicode_ci COMMENT 'Reason return order',
  `order_status` varchar(191) COLLATE utf8mb4_unicode_ci DEFAULT NULL COMMENT 'Order current status',
  `return_status` varchar(191) COLLATE utf8mb4_unicode_ci NOT NULL COMMENT 'Return status',
  `created_at` timestamp NULL DEFAULT NULL,
  `updated_at` timestamp NULL DEFAULT NULL,
  PRIMARY KEY (`id`),
  UNIQUE KEY `ec_order_returns_code_unique` (`code`)
) ENGINE=InnoDB DEFAULT CHARSET=utf8mb4 COLLATE=utf8mb4_unicode_ci;

--
-- Dumping data for table `ec_order_returns`
--


--
-- Table structure for table `ec_order_tax_information`
--

CREATE TABLE `ec_order_tax_information` (
  `id` bigint unsigned NOT NULL AUTO_INCREMENT,
  `order_id` bigint unsigned NOT NULL,
  `company_name` varchar(120) COLLATE utf8mb4_unicode_ci NOT NULL,
  `company_address` varchar(191) COLLATE utf8mb4_unicode_ci NOT NULL,
  `company_tax_code` varchar(20) COLLATE utf8mb4_unicode_ci NOT NULL,
  `company_email` varchar(60) COLLATE utf8mb4_unicode_ci NOT NULL,
  `created_at` timestamp NULL DEFAULT NULL,
  `updated_at` timestamp NULL DEFAULT NULL,
  PRIMARY KEY (`id`),
  KEY `ec_order_tax_information_order_id_index` (`order_id`)
) ENGINE=InnoDB DEFAULT CHARSET=utf8mb4 COLLATE=utf8mb4_unicode_ci;

--
-- Dumping data for table `ec_order_tax_information`
--


--
-- Table structure for table `ec_product_attribute_sets`
--

CREATE TABLE `ec_product_attribute_sets` (
  `id` bigint unsigned NOT NULL AUTO_INCREMENT,
  `title` varchar(120) COLLATE utf8mb4_unicode_ci NOT NULL,
  `slug` varchar(120) COLLATE utf8mb4_unicode_ci DEFAULT NULL,
  `display_layout` varchar(191) COLLATE utf8mb4_unicode_ci NOT NULL DEFAULT 'swatch_dropdown',
  `is_searchable` tinyint unsigned NOT NULL DEFAULT '1',
  `is_comparable` tinyint unsigned NOT NULL DEFAULT '1',
  `is_use_in_product_listing` tinyint unsigned NOT NULL DEFAULT '0',
  `status` varchar(60) COLLATE utf8mb4_unicode_ci NOT NULL DEFAULT 'published',
  `order` tinyint unsigned NOT NULL DEFAULT '0',
  `created_at` timestamp NULL DEFAULT NULL,
  `updated_at` timestamp NULL DEFAULT NULL,
  `use_image_from_product_variation` tinyint unsigned NOT NULL DEFAULT '0',
  PRIMARY KEY (`id`)
) ENGINE=InnoDB AUTO_INCREMENT=5 DEFAULT CHARSET=utf8mb4 COLLATE=utf8mb4_unicode_ci;

--
-- Dumping data for table `ec_product_attribute_sets`
--

INSERT INTO `ec_product_attribute_sets` VALUES (1,'Color','color','visual',1,1,1,'published',0,'2024-11-11 01:20:32','2024-11-11 01:20:32',0),(2,'Size','size','text',1,1,1,'published',1,'2024-11-11 01:20:32','2024-11-11 01:20:32',0),(3,'Weight','weight','text',1,1,1,'published',0,'2024-11-11 01:20:32','2024-11-11 01:20:32',0),(4,'Boxes','boxes','text',1,1,1,'published',1,'2024-11-11 01:20:32','2024-11-11 01:20:32',0);

--
-- Table structure for table `ec_product_attribute_sets_translations`
--

CREATE TABLE `ec_product_attribute_sets_translations` (
  `lang_code` varchar(191) COLLATE utf8mb4_unicode_ci NOT NULL,
  `ec_product_attribute_sets_id` bigint unsigned NOT NULL,
  `title` varchar(191) COLLATE utf8mb4_unicode_ci DEFAULT NULL,
  PRIMARY KEY (`lang_code`,`ec_product_attribute_sets_id`)
) ENGINE=InnoDB DEFAULT CHARSET=utf8mb4 COLLATE=utf8mb4_unicode_ci;

--
-- Dumping data for table `ec_product_attribute_sets_translations`
--


--
-- Table structure for table `ec_product_attributes`
--

CREATE TABLE `ec_product_attributes` (
  `id` bigint unsigned NOT NULL AUTO_INCREMENT,
  `attribute_set_id` bigint unsigned NOT NULL,
  `title` varchar(120) COLLATE utf8mb4_unicode_ci NOT NULL,
  `slug` varchar(120) COLLATE utf8mb4_unicode_ci DEFAULT NULL,
  `color` varchar(50) COLLATE utf8mb4_unicode_ci DEFAULT NULL,
  `image` varchar(191) COLLATE utf8mb4_unicode_ci DEFAULT NULL,
  `is_default` tinyint unsigned NOT NULL DEFAULT '0',
  `order` tinyint unsigned NOT NULL DEFAULT '0',
  `created_at` timestamp NULL DEFAULT NULL,
  `updated_at` timestamp NULL DEFAULT NULL,
  PRIMARY KEY (`id`),
  KEY `attribute_set_status_index` (`attribute_set_id`)
) ENGINE=InnoDB AUTO_INCREMENT=21 DEFAULT CHARSET=utf8mb4 COLLATE=utf8mb4_unicode_ci;

--
-- Dumping data for table `ec_product_attributes`
--

INSERT INTO `ec_product_attributes` VALUES (1,1,'Green','green','#5FB7D4',NULL,1,1,'2024-11-11 01:20:32','2024-11-11 01:20:32'),(2,1,'Blue','blue','#333333',NULL,0,2,'2024-11-11 01:20:32','2024-11-11 01:20:32'),(3,1,'Red','red','#DA323F',NULL,0,3,'2024-11-11 01:20:32','2024-11-11 01:20:32'),(4,1,'Black','black','#2F366C',NULL,0,4,'2024-11-11 01:20:32','2024-11-11 01:20:32'),(5,1,'Brown','brown','#87554B',NULL,0,5,'2024-11-11 01:20:32','2024-11-11 01:20:32'),(6,2,'S','s',NULL,NULL,1,1,'2024-11-11 01:20:32','2024-11-11 01:20:32'),(7,2,'M','m',NULL,NULL,0,2,'2024-11-11 01:20:32','2024-11-11 01:20:32'),(8,2,'L','l',NULL,NULL,0,3,'2024-11-11 01:20:32','2024-11-11 01:20:32'),(9,2,'XL','xl',NULL,NULL,0,4,'2024-11-11 01:20:32','2024-11-11 01:20:32'),(10,2,'XXL','xxl',NULL,NULL,0,5,'2024-11-11 01:20:32','2024-11-11 01:20:32'),(11,3,'1KG','1kg',NULL,NULL,1,1,'2024-11-11 01:20:32','2024-11-11 01:20:32'),(12,3,'2KG','2kg',NULL,NULL,0,2,'2024-11-11 01:20:32','2024-11-11 01:20:32'),(13,3,'3KG','3kg',NULL,NULL,0,3,'2024-11-11 01:20:32','2024-11-11 01:20:32'),(14,3,'4KG','4kg',NULL,NULL,0,4,'2024-11-11 01:20:32','2024-11-11 01:20:32'),(15,3,'5KG','5kg',NULL,NULL,0,5,'2024-11-11 01:20:32','2024-11-11 01:20:32'),(16,4,'1 Box','1-box',NULL,NULL,1,1,'2024-11-11 01:20:32','2024-11-11 01:20:32'),(17,4,'2 Boxes','2-boxes',NULL,NULL,0,2,'2024-11-11 01:20:32','2024-11-11 01:20:32'),(18,4,'3 Boxes','3-boxes',NULL,NULL,0,3,'2024-11-11 01:20:32','2024-11-11 01:20:32'),(19,4,'4 Boxes','4-boxes',NULL,NULL,0,4,'2024-11-11 01:20:32','2024-11-11 01:20:32'),(20,4,'5 Boxes','5-boxes',NULL,NULL,0,5,'2024-11-11 01:20:32','2024-11-11 01:20:32');

--
-- Table structure for table `ec_product_attributes_translations`
--

CREATE TABLE `ec_product_attributes_translations` (
  `lang_code` varchar(191) COLLATE utf8mb4_unicode_ci NOT NULL,
  `ec_product_attributes_id` bigint unsigned NOT NULL,
  `title` varchar(191) COLLATE utf8mb4_unicode_ci DEFAULT NULL,
  PRIMARY KEY (`lang_code`,`ec_product_attributes_id`)
) ENGINE=InnoDB DEFAULT CHARSET=utf8mb4 COLLATE=utf8mb4_unicode_ci;

--
-- Dumping data for table `ec_product_attributes_translations`
--


--
-- Table structure for table `ec_product_categories`
--

CREATE TABLE `ec_product_categories` (
  `id` bigint unsigned NOT NULL AUTO_INCREMENT,
  `name` varchar(191) COLLATE utf8mb4_unicode_ci NOT NULL,
  `parent_id` bigint unsigned NOT NULL DEFAULT '0',
  `description` mediumtext COLLATE utf8mb4_unicode_ci,
  `status` varchar(60) COLLATE utf8mb4_unicode_ci NOT NULL DEFAULT 'published',
  `order` int unsigned NOT NULL DEFAULT '0',
  `image` varchar(191) COLLATE utf8mb4_unicode_ci DEFAULT NULL,
  `is_featured` tinyint unsigned NOT NULL DEFAULT '0',
  `created_at` timestamp NULL DEFAULT NULL,
  `updated_at` timestamp NULL DEFAULT NULL,
  `icon` varchar(191) COLLATE utf8mb4_unicode_ci DEFAULT NULL,
  `icon_image` varchar(191) COLLATE utf8mb4_unicode_ci DEFAULT NULL,
  PRIMARY KEY (`id`),
  KEY `ec_product_categories_parent_id_status_created_at_index` (`parent_id`,`status`,`created_at`),
  KEY `ec_product_categories_parent_id_status_index` (`parent_id`,`status`)
) ENGINE=InnoDB AUTO_INCREMENT=84 DEFAULT CHARSET=utf8mb4 COLLATE=utf8mb4_unicode_ci;

--
-- Dumping data for table `ec_product_categories`
--

INSERT INTO `ec_product_categories` VALUES (1,'Fruits & Vegetables',0,NULL,'published',0,'product-categories/1.png',1,'2024-11-11 01:20:32','2024-11-11 01:20:32','icon-star',NULL),(2,'Fruits',1,NULL,'published',0,NULL,0,'2024-11-11 01:20:32','2024-11-11 01:20:32',NULL,NULL),(3,'Apples',2,NULL,'published',0,NULL,0,'2024-11-11 01:20:32','2024-11-11 01:20:32',NULL,NULL),(4,'Bananas',2,NULL,'published',1,NULL,0,'2024-11-11 01:20:32','2024-11-11 01:20:32',NULL,NULL),(5,'Berries',2,NULL,'published',2,NULL,0,'2024-11-11 01:20:32','2024-11-11 01:20:32',NULL,NULL),(6,'Oranges & Easy Peelers',2,NULL,'published',3,NULL,0,'2024-11-11 01:20:32','2024-11-11 01:20:32',NULL,NULL),(7,'Grapes',2,NULL,'published',4,NULL,0,'2024-11-11 01:20:32','2024-11-11 01:20:32',NULL,NULL),(8,'Lemons & Limes',2,NULL,'published',5,NULL,0,'2024-11-11 01:20:32','2024-11-11 01:20:32',NULL,NULL),(9,'Peaches & Nectarines',2,NULL,'published',6,NULL,0,'2024-11-11 01:20:32','2024-11-11 01:20:32',NULL,NULL),(10,'Pears',2,NULL,'published',7,NULL,0,'2024-11-11 01:20:32','2024-11-11 01:20:32',NULL,NULL),(11,'Melon',2,NULL,'published',8,NULL,0,'2024-11-11 01:20:32','2024-11-11 01:20:32',NULL,NULL),(12,'Avocados',2,NULL,'published',9,NULL,0,'2024-11-11 01:20:32','2024-11-11 01:20:32',NULL,NULL),(13,'Plums & Apricots',2,NULL,'published',10,NULL,0,'2024-11-11 01:20:32','2024-11-11 01:20:32',NULL,NULL),(14,'Vegetables',1,NULL,'published',1,NULL,0,'2024-11-11 01:20:32','2024-11-11 01:20:32',NULL,NULL),(15,'Potatoes',14,NULL,'published',0,NULL,0,'2024-11-11 01:20:32','2024-11-11 01:20:32',NULL,NULL),(16,'Carrots & Root Vegetables',14,NULL,'published',1,NULL,0,'2024-11-11 01:20:32','2024-11-11 01:20:32',NULL,NULL),(17,'Broccoli & Cauliflower',14,NULL,'published',2,NULL,0,'2024-11-11 01:20:32','2024-11-11 01:20:32',NULL,NULL),(18,'Cabbage, Spinach & Greens',14,NULL,'published',3,NULL,0,'2024-11-11 01:20:32','2024-11-11 01:20:32',NULL,NULL),(19,'Onions, Leeks & Garlic',14,NULL,'published',4,NULL,0,'2024-11-11 01:20:32','2024-11-11 01:20:32',NULL,NULL),(20,'Mushrooms',14,NULL,'published',5,NULL,0,'2024-11-11 01:20:32','2024-11-11 01:20:32',NULL,NULL),(21,'Tomatoes',14,NULL,'published',6,NULL,0,'2024-11-11 01:20:32','2024-11-11 01:20:32',NULL,NULL),(22,'Beans, Peas & Sweetcorn',14,NULL,'published',7,NULL,0,'2024-11-11 01:20:32','2024-11-11 01:20:32',NULL,NULL),(23,'Freshly Drink Orange Juice',14,NULL,'published',8,NULL,0,'2024-11-11 01:20:32','2024-11-11 01:20:32',NULL,NULL),(24,'Breads Sweets',0,NULL,'published',1,'product-categories/2.png',1,'2024-11-11 01:20:32','2024-11-11 01:20:32','icon-bread',NULL),(25,'Crisps, Snacks & Nuts',24,NULL,'published',0,NULL,0,'2024-11-11 01:20:32','2024-11-11 01:20:32',NULL,NULL),(26,'Crisps & Popcorn',25,NULL,'published',0,NULL,0,'2024-11-11 01:20:32','2024-11-11 01:20:32',NULL,NULL),(27,'Nuts & Seeds',25,NULL,'published',1,NULL,0,'2024-11-11 01:20:32','2024-11-11 01:20:32',NULL,NULL),(28,'Lighter Options',25,NULL,'published',2,NULL,0,'2024-11-11 01:20:32','2024-11-11 01:20:32',NULL,NULL),(29,'Cereal Bars',25,NULL,'published',3,NULL,0,'2024-11-11 01:20:32','2024-11-11 01:20:32',NULL,NULL),(30,'Breadsticks & Pretzels',25,NULL,'published',4,NULL,0,'2024-11-11 01:20:32','2024-11-11 01:20:32',NULL,NULL),(31,'Fruit Snacking',25,NULL,'published',5,NULL,0,'2024-11-11 01:20:32','2024-11-11 01:20:32',NULL,NULL),(32,'Rice & Corn Cakes',25,NULL,'published',6,NULL,0,'2024-11-11 01:20:32','2024-11-11 01:20:32',NULL,NULL),(33,'Protein & Energy Snacks',25,NULL,'published',7,NULL,0,'2024-11-11 01:20:32','2024-11-11 01:20:32',NULL,NULL),(34,'Toddler Snacks',25,NULL,'published',8,NULL,0,'2024-11-11 01:20:32','2024-11-11 01:20:32',NULL,NULL),(35,'Meat Snacks',25,NULL,'published',9,NULL,0,'2024-11-11 01:20:32','2024-11-11 01:20:32',NULL,NULL),(36,'Beans',25,NULL,'published',10,NULL,0,'2024-11-11 01:20:32','2024-11-11 01:20:32',NULL,NULL),(37,'Lentils',25,NULL,'published',11,NULL,0,'2024-11-11 01:20:32','2024-11-11 01:20:32',NULL,NULL),(38,'Chickpeas',25,NULL,'published',12,NULL,0,'2024-11-11 01:20:32','2024-11-11 01:20:32',NULL,NULL),(39,'Tins & Cans',24,NULL,'published',1,NULL,0,'2024-11-11 01:20:32','2024-11-11 01:20:32',NULL,NULL),(40,'Tomatoes',39,NULL,'published',0,NULL,0,'2024-11-11 01:20:32','2024-11-11 01:20:32',NULL,NULL),(41,'Baked Beans, Spaghetti',39,NULL,'published',1,NULL,0,'2024-11-11 01:20:32','2024-11-11 01:20:32',NULL,NULL),(42,'Fish',39,NULL,'published',2,NULL,0,'2024-11-11 01:20:32','2024-11-11 01:20:32',NULL,NULL),(43,'Beans & Pulses',39,NULL,'published',3,NULL,0,'2024-11-11 01:20:32','2024-11-11 01:20:32',NULL,NULL),(44,'Fruit',39,NULL,'published',4,NULL,0,'2024-11-11 01:20:32','2024-11-11 01:20:32',NULL,NULL),(45,'Coconut Milk & Cream',39,NULL,'published',5,NULL,0,'2024-11-11 01:20:32','2024-11-11 01:20:32',NULL,NULL),(46,'Lighter Options',39,NULL,'published',6,NULL,0,'2024-11-11 01:20:32','2024-11-11 01:20:32',NULL,NULL),(47,'Olives',39,NULL,'published',7,NULL,0,'2024-11-11 01:20:32','2024-11-11 01:20:32',NULL,NULL),(48,'Sweetcorn',39,NULL,'published',8,NULL,0,'2024-11-11 01:20:32','2024-11-11 01:20:32',NULL,NULL),(49,'Carrots',39,NULL,'published',9,NULL,0,'2024-11-11 01:20:32','2024-11-11 01:20:32',NULL,NULL),(50,'Peas',39,NULL,'published',10,NULL,0,'2024-11-11 01:20:32','2024-11-11 01:20:32',NULL,NULL),(51,'Mixed Vegetables',39,NULL,'published',11,NULL,0,'2024-11-11 01:20:32','2024-11-11 01:20:32',NULL,NULL),(52,'Frozen Seafoods',0,NULL,'published',2,'product-categories/3.png',1,'2024-11-11 01:20:32','2024-11-11 01:20:32','icon-hamburger',NULL),(53,'Raw Meats',0,NULL,'published',3,'product-categories/4.png',1,'2024-11-11 01:20:32','2024-11-11 01:20:32','icon-steak',NULL),(54,'Wines & Alcohol Drinks',0,NULL,'published',4,'product-categories/5.png',1,'2024-11-11 01:20:32','2024-11-11 01:20:32','icon-glass',NULL),(55,'Ready Meals',54,NULL,'published',0,NULL,0,'2024-11-11 01:20:32','2024-11-11 01:20:32',NULL,NULL),(56,'Meals for 1',55,NULL,'published',0,NULL,0,'2024-11-11 01:20:32','2024-11-11 01:20:32',NULL,NULL),(57,'Meals for 2',55,NULL,'published',1,NULL,0,'2024-11-11 01:20:32','2024-11-11 01:20:32',NULL,NULL),(58,'Indian',55,NULL,'published',2,NULL,0,'2024-11-11 01:20:32','2024-11-11 01:20:32',NULL,NULL),(59,'Italian',55,NULL,'published',3,NULL,0,'2024-11-11 01:20:32','2024-11-11 01:20:32',NULL,NULL),(60,'Chinese',55,NULL,'published',4,NULL,0,'2024-11-11 01:20:32','2024-11-11 01:20:32',NULL,NULL),(61,'Traditional British',55,NULL,'published',5,NULL,0,'2024-11-11 01:20:32','2024-11-11 01:20:32',NULL,NULL),(62,'Thai & Oriental',55,NULL,'published',6,NULL,0,'2024-11-11 01:20:32','2024-11-11 01:20:32',NULL,NULL),(63,'Mediterranean & Moroccan',55,NULL,'published',7,NULL,0,'2024-11-11 01:20:32','2024-11-11 01:20:32',NULL,NULL),(64,'Mexican & Caribbean',55,NULL,'published',8,NULL,0,'2024-11-11 01:20:32','2024-11-11 01:20:32',NULL,NULL),(65,'Lighter Meals',55,NULL,'published',9,NULL,0,'2024-11-11 01:20:32','2024-11-11 01:20:32',NULL,NULL),(66,'Lunch & Veg Pots',55,NULL,'published',10,NULL,0,'2024-11-11 01:20:32','2024-11-11 01:20:32',NULL,NULL),(67,'Salad & Herbs',54,NULL,'published',1,NULL,0,'2024-11-11 01:20:32','2024-11-11 01:20:32',NULL,NULL),(68,'Salad Bags',67,NULL,'published',0,NULL,0,'2024-11-11 01:20:32','2024-11-11 01:20:32',NULL,NULL),(69,'Cucumber',67,NULL,'published',1,NULL,0,'2024-11-11 01:20:32','2024-11-11 01:20:32',NULL,NULL),(70,'Tomatoes',67,NULL,'published',2,NULL,0,'2024-11-11 01:20:32','2024-11-11 01:20:32',NULL,NULL),(71,'Lettuce',67,NULL,'published',3,NULL,0,'2024-11-11 01:20:32','2024-11-11 01:20:32',NULL,NULL),(72,'Lunch Salad Bowls',67,NULL,'published',4,NULL,0,'2024-11-11 01:20:32','2024-11-11 01:20:32',NULL,NULL),(73,'Lunch Salad Bowls',67,NULL,'published',5,NULL,0,'2024-11-11 01:20:32','2024-11-11 01:20:32',NULL,NULL),(74,'Fresh Herbs',67,NULL,'published',6,NULL,0,'2024-11-11 01:20:32','2024-11-11 01:20:32',NULL,NULL),(75,'Avocados',67,NULL,'published',7,NULL,0,'2024-11-11 01:20:32','2024-11-11 01:20:32',NULL,NULL),(76,'Peppers',67,NULL,'published',8,NULL,0,'2024-11-11 01:20:32','2024-11-11 01:20:32',NULL,NULL),(77,'Coleslaw & Potato Salad',67,NULL,'published',9,NULL,0,'2024-11-11 01:20:32','2024-11-11 01:20:32',NULL,NULL),(78,'Spring Onions',67,NULL,'published',10,NULL,0,'2024-11-11 01:20:32','2024-11-11 01:20:32',NULL,NULL),(79,'Chilli, Ginger & Garlic',67,NULL,'published',11,NULL,0,'2024-11-11 01:20:32','2024-11-11 01:20:32',NULL,NULL),(80,'Tea & Coffee',0,NULL,'published',5,'product-categories/6.png',1,'2024-11-11 01:20:32','2024-11-11 01:20:32','icon-teacup',NULL),(81,'Milks and Dairies',0,NULL,'published',6,'product-categories/7.png',1,'2024-11-11 01:20:32','2024-11-11 01:20:32','icon-coffee-cup',NULL),(82,'Pet Foods',0,NULL,'published',7,'product-categories/8.png',1,'2024-11-11 01:20:32','2024-11-11 01:20:32','icon-hotdog',NULL),(83,'Food Cupboard',0,NULL,'published',8,'product-categories/1.png',1,'2024-11-11 01:20:32','2024-11-11 01:20:32','icon-cheese',NULL);

--
-- Table structure for table `ec_product_categories_translations`
--

CREATE TABLE `ec_product_categories_translations` (
  `lang_code` varchar(191) COLLATE utf8mb4_unicode_ci NOT NULL,
  `ec_product_categories_id` bigint unsigned NOT NULL,
  `name` varchar(191) COLLATE utf8mb4_unicode_ci DEFAULT NULL,
  `description` mediumtext COLLATE utf8mb4_unicode_ci,
  PRIMARY KEY (`lang_code`,`ec_product_categories_id`)
) ENGINE=InnoDB DEFAULT CHARSET=utf8mb4 COLLATE=utf8mb4_unicode_ci;

--
-- Dumping data for table `ec_product_categories_translations`
--


--
-- Table structure for table `ec_product_categorizables`
--

CREATE TABLE `ec_product_categorizables` (
  `category_id` bigint unsigned NOT NULL,
  `reference_id` bigint unsigned NOT NULL,
  `reference_type` varchar(120) COLLATE utf8mb4_unicode_ci NOT NULL,
  PRIMARY KEY (`category_id`,`reference_id`,`reference_type`),
  KEY `ec_product_categorizables_category_id_index` (`category_id`),
  KEY `ec_product_categorizables_reference_id_index` (`reference_id`),
  KEY `ec_product_categorizables_reference_type_index` (`reference_type`)
) ENGINE=InnoDB DEFAULT CHARSET=utf8mb4 COLLATE=utf8mb4_unicode_ci;

--
-- Dumping data for table `ec_product_categorizables`
--


--
-- Table structure for table `ec_product_category_product`
--

CREATE TABLE `ec_product_category_product` (
  `category_id` bigint unsigned NOT NULL,
  `product_id` bigint unsigned NOT NULL,
  PRIMARY KEY (`product_id`,`category_id`),
  KEY `ec_product_category_product_category_id_index` (`category_id`),
  KEY `ec_product_category_product_product_id_index` (`product_id`)
) ENGINE=InnoDB DEFAULT CHARSET=utf8mb4 COLLATE=utf8mb4_unicode_ci;

--
-- Dumping data for table `ec_product_category_product`
--

INSERT INTO `ec_product_category_product` VALUES (1,64),(2,10),(2,37),(2,41),(2,60),(3,21),(3,53),(5,8),(5,9),(5,53),(5,64),(7,1),(7,14),(7,18),(9,14),(9,26),(9,45),(9,61),(10,10),(10,43),(11,3),(11,20),(13,6),(13,12),(13,21),(13,41),(13,49),(13,59),(14,28),(14,37),(14,48),(15,46),(16,17),(16,27),(17,1),(17,5),(17,11),(17,15),(17,16),(17,17),(17,26),(17,47),(17,52),(17,56),(18,51),(19,21),(19,36),(19,45),(20,16),(20,39),(21,12),(21,30),(21,53),(22,36),(22,54),(22,55),(23,7),(23,23),(23,27),(23,34),(23,36),(24,1),(24,24),(24,30),(24,42),(25,38),(25,46),(25,56),(26,12),(26,22),(26,39),(26,50),(26,63),(27,6),(27,17),(27,35),(27,50),(27,57),(27,59),(28,4),(28,16),(28,23),(28,47),(28,63),(29,2),(29,9),(29,32),(29,35),(30,10),(30,28),(30,29),(30,43),(30,49),(31,3),(31,48),(31,53),(32,14),(32,18),(32,52),(32,54),(32,56),(32,64),(33,3),(33,13),(33,15),(33,34),(34,5),(34,20),(34,45),(34,58),(34,62),(36,2),(36,27),(36,31),(36,44),(36,47),(37,2),(37,6),(37,12),(37,28),(37,31),(37,33),(37,44),(38,52),(38,56),(39,10),(39,24),(39,34),(39,51),(39,57),(39,58),(40,5),(40,15),(40,59),(41,9),(42,5),(42,23),(42,25),(42,38),(44,35),(46,22),(46,25),(46,43),(47,39),(47,58),(47,61),(48,8),(48,31),(48,33),(48,44),(48,49),(48,65),(50,38),(50,46),(50,60),(51,54),(51,55),(51,65),(52,11),(52,51),(53,55),(53,65),(54,42),(55,60),(55,62),(56,18),(56,62),(56,65),(57,20),(58,11),(58,13),(58,17),(58,25),(58,62),(58,63),(59,3),(59,11),(59,33),(59,40),(60,8),(60,16),(60,19),(60,22),(60,28),(60,55),(60,64),(61,13),(61,19),(61,29),(61,50),(61,61),(62,2),(62,13),(62,20),(62,30),(62,49),(62,54),(62,59),(63,32),(63,33),(63,46),(63,60),(64,7),(64,18),(64,22),(64,23),(64,52),(65,25),(65,29),(65,42),(66,4),(66,39),(66,50),(67,4),(67,6),(67,36),(67,37),(67,48),(68,9),(68,40),(69,38),(70,4),(70,29),(70,37),(70,41),(71,41),(71,61),(71,63),(72,24),(72,58),(73,32),(73,34),(73,45),(74,19),(74,35),(74,40),(74,51),(75,7),(75,42),(76,8),(76,30),(76,31),(77,24),(77,47),(77,57),(78,32),(79,40),(79,57),(80,15),(80,21),(80,26),(80,27),(81,26),(82,7),(82,19),(82,43),(82,44),(82,48),(83,1),(83,14);

--
-- Table structure for table `ec_product_collection_products`
--

CREATE TABLE `ec_product_collection_products` (
  `product_collection_id` bigint unsigned NOT NULL,
  `product_id` bigint unsigned NOT NULL,
  PRIMARY KEY (`product_id`,`product_collection_id`),
  KEY `ec_product_collection_products_product_collection_id_index` (`product_collection_id`),
  KEY `ec_product_collection_products_product_id_index` (`product_id`)
) ENGINE=InnoDB DEFAULT CHARSET=utf8mb4 COLLATE=utf8mb4_unicode_ci;

--
-- Dumping data for table `ec_product_collection_products`
--

INSERT INTO `ec_product_collection_products` VALUES (1,5),(1,10),(1,14),(1,17),(1,21),(1,24),(1,27),(1,29),(1,30),(1,33),(1,35),(1,38),(1,41),(1,45),(1,46),(1,49),(1,53),(1,54),(1,55),(1,56),(1,57),(1,58),(1,59),(1,62),(2,4),(2,8),(2,15),(2,16),(2,19),(2,25),(2,26),(2,28),(2,31),(2,34),(2,37),(2,42),(2,44),(2,48),(2,60),(2,61),(2,63),(2,64),(3,1),(3,2),(3,3),(3,6),(3,7),(3,9),(3,11),(3,12),(3,13),(3,18),(3,20),(3,22),(3,23),(3,32),(3,36),(3,39),(3,40),(3,43),(3,47),(3,50),(3,51),(3,52),(3,65);

--
-- Table structure for table `ec_product_collections`
--

CREATE TABLE `ec_product_collections` (
  `id` bigint unsigned NOT NULL AUTO_INCREMENT,
  `name` varchar(191) COLLATE utf8mb4_unicode_ci NOT NULL,
  `slug` varchar(191) COLLATE utf8mb4_unicode_ci NOT NULL,
  `description` varchar(400) COLLATE utf8mb4_unicode_ci DEFAULT NULL,
  `image` varchar(191) COLLATE utf8mb4_unicode_ci DEFAULT NULL,
  `status` varchar(60) COLLATE utf8mb4_unicode_ci NOT NULL DEFAULT 'published',
  `created_at` timestamp NULL DEFAULT NULL,
  `updated_at` timestamp NULL DEFAULT NULL,
  `is_featured` tinyint unsigned NOT NULL DEFAULT '0',
  PRIMARY KEY (`id`)
) ENGINE=InnoDB AUTO_INCREMENT=4 DEFAULT CHARSET=utf8mb4 COLLATE=utf8mb4_unicode_ci;

--
-- Dumping data for table `ec_product_collections`
--

INSERT INTO `ec_product_collections` VALUES (1,'New Arrival','new-arrival',NULL,NULL,'published','2024-11-11 01:20:32','2024-11-11 01:20:32',0),(2,'Best Sellers','best-sellers',NULL,NULL,'published','2024-11-11 01:20:32','2024-11-11 01:20:32',0),(3,'Special Offer','special-offer',NULL,NULL,'published','2024-11-11 01:20:32','2024-11-11 01:20:32',0);

--
-- Table structure for table `ec_product_collections_translations`
--

CREATE TABLE `ec_product_collections_translations` (
  `lang_code` varchar(191) COLLATE utf8mb4_unicode_ci NOT NULL,
  `ec_product_collections_id` bigint unsigned NOT NULL,
  `name` varchar(191) COLLATE utf8mb4_unicode_ci DEFAULT NULL,
  `description` varchar(400) COLLATE utf8mb4_unicode_ci DEFAULT NULL,
  PRIMARY KEY (`lang_code`,`ec_product_collections_id`)
) ENGINE=InnoDB DEFAULT CHARSET=utf8mb4 COLLATE=utf8mb4_unicode_ci;

--
-- Dumping data for table `ec_product_collections_translations`
--


--
-- Table structure for table `ec_product_cross_sale_relations`
--

CREATE TABLE `ec_product_cross_sale_relations` (
  `from_product_id` bigint unsigned NOT NULL,
  `to_product_id` bigint unsigned NOT NULL,
  `is_variant` tinyint(1) NOT NULL DEFAULT '0',
  `price` decimal(15,2) DEFAULT '0.00',
  `price_type` varchar(191) COLLATE utf8mb4_unicode_ci NOT NULL DEFAULT 'fixed',
  `apply_to_all_variations` tinyint(1) NOT NULL DEFAULT '1',
  PRIMARY KEY (`from_product_id`,`to_product_id`),
  KEY `ec_product_cross_sale_relations_from_product_id_index` (`from_product_id`),
  KEY `ec_product_cross_sale_relations_to_product_id_index` (`to_product_id`)
) ENGINE=InnoDB DEFAULT CHARSET=utf8mb4 COLLATE=utf8mb4_unicode_ci;

--
-- Dumping data for table `ec_product_cross_sale_relations`
--

INSERT INTO `ec_product_cross_sale_relations` VALUES (1,2,0,0.00,'fixed',1),(1,5,0,0.00,'fixed',1),(1,8,0,0.00,'fixed',1),(1,14,0,0.00,'fixed',1),(1,48,0,0.00,'fixed',1),(1,51,0,0.00,'fixed',1),(1,65,0,0.00,'fixed',1),(2,18,0,0.00,'fixed',1),(2,19,0,0.00,'fixed',1),(2,23,0,0.00,'fixed',1),(2,50,0,0.00,'fixed',1),(2,52,0,0.00,'fixed',1),(2,55,0,0.00,'fixed',1),(2,57,0,0.00,'fixed',1),(3,2,0,0.00,'fixed',1),(3,21,0,0.00,'fixed',1),(3,25,0,0.00,'fixed',1),(3,38,0,0.00,'fixed',1),(3,41,0,0.00,'fixed',1),(3,43,0,0.00,'fixed',1),(3,46,0,0.00,'fixed',1),(4,3,0,0.00,'fixed',1),(4,8,0,0.00,'fixed',1),(4,16,0,0.00,'fixed',1),(4,23,0,0.00,'fixed',1),(4,24,0,0.00,'fixed',1),(4,49,0,0.00,'fixed',1),(4,58,0,0.00,'fixed',1),(5,1,0,0.00,'fixed',1),(5,7,0,0.00,'fixed',1),(5,16,0,0.00,'fixed',1),(5,36,0,0.00,'fixed',1),(5,37,0,0.00,'fixed',1),(5,41,0,0.00,'fixed',1),(5,53,0,0.00,'fixed',1),(6,1,0,0.00,'fixed',1),(6,5,0,0.00,'fixed',1),(6,31,0,0.00,'fixed',1),(6,33,0,0.00,'fixed',1),(6,43,0,0.00,'fixed',1),(6,45,0,0.00,'fixed',1),(6,53,0,0.00,'fixed',1),(7,12,0,0.00,'fixed',1),(7,21,0,0.00,'fixed',1),(7,30,0,0.00,'fixed',1),(7,39,0,0.00,'fixed',1),(7,44,0,0.00,'fixed',1),(7,47,0,0.00,'fixed',1),(7,60,0,0.00,'fixed',1),(8,5,0,0.00,'fixed',1),(8,6,0,0.00,'fixed',1),(8,13,0,0.00,'fixed',1),(8,14,0,0.00,'fixed',1),(8,19,0,0.00,'fixed',1),(8,43,0,0.00,'fixed',1),(8,48,0,0.00,'fixed',1),(9,7,0,0.00,'fixed',1),(9,14,0,0.00,'fixed',1),(9,19,0,0.00,'fixed',1),(9,22,0,0.00,'fixed',1),(9,44,0,0.00,'fixed',1),(9,46,0,0.00,'fixed',1),(9,49,0,0.00,'fixed',1),(10,6,0,0.00,'fixed',1),(10,20,0,0.00,'fixed',1),(10,21,0,0.00,'fixed',1),(10,25,0,0.00,'fixed',1),(10,48,0,0.00,'fixed',1),(10,59,0,0.00,'fixed',1),(11,10,0,0.00,'fixed',1),(11,23,0,0.00,'fixed',1),(11,26,0,0.00,'fixed',1),(11,30,0,0.00,'fixed',1),(11,39,0,0.00,'fixed',1),(11,63,0,0.00,'fixed',1),(11,64,0,0.00,'fixed',1),(12,5,0,0.00,'fixed',1),(12,8,0,0.00,'fixed',1),(12,11,0,0.00,'fixed',1),(12,29,0,0.00,'fixed',1),(12,34,0,0.00,'fixed',1),(12,35,0,0.00,'fixed',1),(12,42,0,0.00,'fixed',1),(13,6,0,0.00,'fixed',1),(13,26,0,0.00,'fixed',1),(13,27,0,0.00,'fixed',1),(13,30,0,0.00,'fixed',1),(13,38,0,0.00,'fixed',1),(13,48,0,0.00,'fixed',1),(13,54,0,0.00,'fixed',1),(14,4,0,0.00,'fixed',1),(14,7,0,0.00,'fixed',1),(14,20,0,0.00,'fixed',1),(14,23,0,0.00,'fixed',1),(14,26,0,0.00,'fixed',1),(14,30,0,0.00,'fixed',1),(14,35,0,0.00,'fixed',1),(15,35,0,0.00,'fixed',1),(15,36,0,0.00,'fixed',1),(15,48,0,0.00,'fixed',1),(15,61,0,0.00,'fixed',1),(15,62,0,0.00,'fixed',1),(15,64,0,0.00,'fixed',1),(16,3,0,0.00,'fixed',1),(16,30,0,0.00,'fixed',1),(16,34,0,0.00,'fixed',1),(16,46,0,0.00,'fixed',1),(16,49,0,0.00,'fixed',1),(16,57,0,0.00,'fixed',1),(16,61,0,0.00,'fixed',1),(17,12,0,0.00,'fixed',1),(17,23,0,0.00,'fixed',1),(17,24,0,0.00,'fixed',1),(17,26,0,0.00,'fixed',1),(17,49,0,0.00,'fixed',1),(17,58,0,0.00,'fixed',1),(17,62,0,0.00,'fixed',1),(18,6,0,0.00,'fixed',1),(18,17,0,0.00,'fixed',1),(18,21,0,0.00,'fixed',1),(18,26,0,0.00,'fixed',1),(18,45,0,0.00,'fixed',1),(18,51,0,0.00,'fixed',1),(18,55,0,0.00,'fixed',1),(19,23,0,0.00,'fixed',1),(19,37,0,0.00,'fixed',1),(19,42,0,0.00,'fixed',1),(19,52,0,0.00,'fixed',1),(19,58,0,0.00,'fixed',1),(19,61,0,0.00,'fixed',1),(19,62,0,0.00,'fixed',1),(20,10,0,0.00,'fixed',1),(20,23,0,0.00,'fixed',1),(20,24,0,0.00,'fixed',1),(20,32,0,0.00,'fixed',1),(20,43,0,0.00,'fixed',1),(20,48,0,0.00,'fixed',1),(20,56,0,0.00,'fixed',1),(21,1,0,0.00,'fixed',1),(21,11,0,0.00,'fixed',1),(21,33,0,0.00,'fixed',1),(21,35,0,0.00,'fixed',1),(21,45,0,0.00,'fixed',1),(21,48,0,0.00,'fixed',1),(21,54,0,0.00,'fixed',1),(22,1,0,0.00,'fixed',1),(22,16,0,0.00,'fixed',1),(22,19,0,0.00,'fixed',1),(22,21,0,0.00,'fixed',1),(22,45,0,0.00,'fixed',1),(22,54,0,0.00,'fixed',1),(22,64,0,0.00,'fixed',1),(23,2,0,0.00,'fixed',1),(23,4,0,0.00,'fixed',1),(23,16,0,0.00,'fixed',1),(23,19,0,0.00,'fixed',1),(23,30,0,0.00,'fixed',1),(23,39,0,0.00,'fixed',1),(23,47,0,0.00,'fixed',1),(24,1,0,0.00,'fixed',1),(24,18,0,0.00,'fixed',1),(24,22,0,0.00,'fixed',1),(24,28,0,0.00,'fixed',1),(24,32,0,0.00,'fixed',1),(24,61,0,0.00,'fixed',1),(25,4,0,0.00,'fixed',1),(25,12,0,0.00,'fixed',1),(25,26,0,0.00,'fixed',1),(25,32,0,0.00,'fixed',1),(25,35,0,0.00,'fixed',1),(25,41,0,0.00,'fixed',1),(25,59,0,0.00,'fixed',1),(26,10,0,0.00,'fixed',1),(26,14,0,0.00,'fixed',1),(26,17,0,0.00,'fixed',1),(26,33,0,0.00,'fixed',1),(26,47,0,0.00,'fixed',1),(26,49,0,0.00,'fixed',1),(26,64,0,0.00,'fixed',1),(27,1,0,0.00,'fixed',1),(27,2,0,0.00,'fixed',1),(27,6,0,0.00,'fixed',1),(27,10,0,0.00,'fixed',1),(27,12,0,0.00,'fixed',1),(27,13,0,0.00,'fixed',1),(27,48,0,0.00,'fixed',1),(28,5,0,0.00,'fixed',1),(28,16,0,0.00,'fixed',1),(28,33,0,0.00,'fixed',1),(28,39,0,0.00,'fixed',1),(28,41,0,0.00,'fixed',1),(28,51,0,0.00,'fixed',1),(28,55,0,0.00,'fixed',1),(29,1,0,0.00,'fixed',1),(29,11,0,0.00,'fixed',1),(29,36,0,0.00,'fixed',1),(29,41,0,0.00,'fixed',1),(29,62,0,0.00,'fixed',1),(29,63,0,0.00,'fixed',1),(30,9,0,0.00,'fixed',1),(30,12,0,0.00,'fixed',1),(30,17,0,0.00,'fixed',1),(30,33,0,0.00,'fixed',1),(30,38,0,0.00,'fixed',1),(30,46,0,0.00,'fixed',1),(30,50,0,0.00,'fixed',1),(31,11,0,0.00,'fixed',1),(31,12,0,0.00,'fixed',1),(31,13,0,0.00,'fixed',1),(31,19,0,0.00,'fixed',1),(31,30,0,0.00,'fixed',1),(31,38,0,0.00,'fixed',1),(31,59,0,0.00,'fixed',1),(32,16,0,0.00,'fixed',1),(32,19,0,0.00,'fixed',1),(32,27,0,0.00,'fixed',1),(32,31,0,0.00,'fixed',1),(32,49,0,0.00,'fixed',1),(32,54,0,0.00,'fixed',1),(33,2,0,0.00,'fixed',1),(33,13,0,0.00,'fixed',1),(33,15,0,0.00,'fixed',1),(33,34,0,0.00,'fixed',1),(33,37,0,0.00,'fixed',1),(33,61,0,0.00,'fixed',1),(34,1,0,0.00,'fixed',1),(34,10,0,0.00,'fixed',1),(34,15,0,0.00,'fixed',1),(34,21,0,0.00,'fixed',1),(34,32,0,0.00,'fixed',1),(34,55,0,0.00,'fixed',1),(34,56,0,0.00,'fixed',1),(35,12,0,0.00,'fixed',1),(35,25,0,0.00,'fixed',1),(35,39,0,0.00,'fixed',1),(35,50,0,0.00,'fixed',1),(35,59,0,0.00,'fixed',1),(35,64,0,0.00,'fixed',1),(35,65,0,0.00,'fixed',1),(36,3,0,0.00,'fixed',1),(36,8,0,0.00,'fixed',1),(36,22,0,0.00,'fixed',1),(36,39,0,0.00,'fixed',1),(36,46,0,0.00,'fixed',1),(36,59,0,0.00,'fixed',1),(37,1,0,0.00,'fixed',1),(37,6,0,0.00,'fixed',1),(37,15,0,0.00,'fixed',1),(37,22,0,0.00,'fixed',1),(37,25,0,0.00,'fixed',1),(37,48,0,0.00,'fixed',1),(37,58,0,0.00,'fixed',1),(38,6,0,0.00,'fixed',1),(38,8,0,0.00,'fixed',1),(38,19,0,0.00,'fixed',1),(38,23,0,0.00,'fixed',1),(38,25,0,0.00,'fixed',1),(38,47,0,0.00,'fixed',1),(38,61,0,0.00,'fixed',1),(39,9,0,0.00,'fixed',1),(39,11,0,0.00,'fixed',1),(39,13,0,0.00,'fixed',1),(39,18,0,0.00,'fixed',1),(39,31,0,0.00,'fixed',1),(39,53,0,0.00,'fixed',1),(39,63,0,0.00,'fixed',1),(40,13,0,0.00,'fixed',1),(40,16,0,0.00,'fixed',1),(40,29,0,0.00,'fixed',1),(40,34,0,0.00,'fixed',1),(40,39,0,0.00,'fixed',1),(40,61,0,0.00,'fixed',1),(40,62,0,0.00,'fixed',1),(41,25,0,0.00,'fixed',1),(41,33,0,0.00,'fixed',1),(41,36,0,0.00,'fixed',1),(41,37,0,0.00,'fixed',1),(41,52,0,0.00,'fixed',1),(41,54,0,0.00,'fixed',1),(41,58,0,0.00,'fixed',1),(42,13,0,0.00,'fixed',1),(42,14,0,0.00,'fixed',1),(42,21,0,0.00,'fixed',1),(42,26,0,0.00,'fixed',1),(42,35,0,0.00,'fixed',1),(42,36,0,0.00,'fixed',1),(42,51,0,0.00,'fixed',1),(43,7,0,0.00,'fixed',1),(43,8,0,0.00,'fixed',1),(43,34,0,0.00,'fixed',1),(43,35,0,0.00,'fixed',1),(43,37,0,0.00,'fixed',1),(43,64,0,0.00,'fixed',1),(43,65,0,0.00,'fixed',1),(44,8,0,0.00,'fixed',1),(44,9,0,0.00,'fixed',1),(44,14,0,0.00,'fixed',1),(44,18,0,0.00,'fixed',1),(44,27,0,0.00,'fixed',1),(44,39,0,0.00,'fixed',1),(44,46,0,0.00,'fixed',1),(45,12,0,0.00,'fixed',1),(45,25,0,0.00,'fixed',1),(45,29,0,0.00,'fixed',1),(45,31,0,0.00,'fixed',1),(45,37,0,0.00,'fixed',1),(45,53,0,0.00,'fixed',1),(45,58,0,0.00,'fixed',1),(46,2,0,0.00,'fixed',1),(46,19,0,0.00,'fixed',1),(46,24,0,0.00,'fixed',1),(46,25,0,0.00,'fixed',1),(46,49,0,0.00,'fixed',1),(46,59,0,0.00,'fixed',1),(46,64,0,0.00,'fixed',1),(47,4,0,0.00,'fixed',1),(47,11,0,0.00,'fixed',1),(47,25,0,0.00,'fixed',1),(47,32,0,0.00,'fixed',1),(47,51,0,0.00,'fixed',1),(47,53,0,0.00,'fixed',1),(47,61,0,0.00,'fixed',1),(48,1,0,0.00,'fixed',1),(48,4,0,0.00,'fixed',1),(48,14,0,0.00,'fixed',1),(48,17,0,0.00,'fixed',1),(48,41,0,0.00,'fixed',1),(48,45,0,0.00,'fixed',1),(48,63,0,0.00,'fixed',1),(49,1,0,0.00,'fixed',1),(49,2,0,0.00,'fixed',1),(49,9,0,0.00,'fixed',1),(49,36,0,0.00,'fixed',1),(49,45,0,0.00,'fixed',1),(49,55,0,0.00,'fixed',1),(50,16,0,0.00,'fixed',1),(50,22,0,0.00,'fixed',1),(50,25,0,0.00,'fixed',1),(50,32,0,0.00,'fixed',1),(50,44,0,0.00,'fixed',1),(50,65,0,0.00,'fixed',1),(51,2,0,0.00,'fixed',1),(51,22,0,0.00,'fixed',1),(51,28,0,0.00,'fixed',1),(51,30,0,0.00,'fixed',1),(51,32,0,0.00,'fixed',1),(51,36,0,0.00,'fixed',1),(51,59,0,0.00,'fixed',1),(52,16,0,0.00,'fixed',1),(52,28,0,0.00,'fixed',1),(52,38,0,0.00,'fixed',1),(52,60,0,0.00,'fixed',1),(52,62,0,0.00,'fixed',1),(52,63,0,0.00,'fixed',1),(52,65,0,0.00,'fixed',1),(53,1,0,0.00,'fixed',1),(53,10,0,0.00,'fixed',1),(53,15,0,0.00,'fixed',1),(53,27,0,0.00,'fixed',1),(53,32,0,0.00,'fixed',1),(53,37,0,0.00,'fixed',1),(54,6,0,0.00,'fixed',1),(54,7,0,0.00,'fixed',1),(54,8,0,0.00,'fixed',1),(54,28,0,0.00,'fixed',1),(54,31,0,0.00,'fixed',1),(54,33,0,0.00,'fixed',1),(54,50,0,0.00,'fixed',1),(55,29,0,0.00,'fixed',1),(55,36,0,0.00,'fixed',1),(55,38,0,0.00,'fixed',1),(55,45,0,0.00,'fixed',1),(55,61,0,0.00,'fixed',1),(55,63,0,0.00,'fixed',1),(56,1,0,0.00,'fixed',1),(56,5,0,0.00,'fixed',1),(56,6,0,0.00,'fixed',1),(56,23,0,0.00,'fixed',1),(56,52,0,0.00,'fixed',1),(56,55,0,0.00,'fixed',1),(56,64,0,0.00,'fixed',1),(57,8,0,0.00,'fixed',1),(57,11,0,0.00,'fixed',1),(57,17,0,0.00,'fixed',1),(57,22,0,0.00,'fixed',1),(57,25,0,0.00,'fixed',1),(57,40,0,0.00,'fixed',1),(57,50,0,0.00,'fixed',1),(58,4,0,0.00,'fixed',1),(58,5,0,0.00,'fixed',1),(58,29,0,0.00,'fixed',1),(58,44,0,0.00,'fixed',1),(58,48,0,0.00,'fixed',1),(58,56,0,0.00,'fixed',1),(59,9,0,0.00,'fixed',1),(59,12,0,0.00,'fixed',1),(59,13,0,0.00,'fixed',1),(59,14,0,0.00,'fixed',1),(59,17,0,0.00,'fixed',1),(59,19,0,0.00,'fixed',1),(59,41,0,0.00,'fixed',1),(60,2,0,0.00,'fixed',1),(60,5,0,0.00,'fixed',1),(60,12,0,0.00,'fixed',1),(60,15,0,0.00,'fixed',1),(60,23,0,0.00,'fixed',1),(60,41,0,0.00,'fixed',1),(60,44,0,0.00,'fixed',1),(61,2,0,0.00,'fixed',1),(61,5,0,0.00,'fixed',1),(61,15,0,0.00,'fixed',1),(61,17,0,0.00,'fixed',1),(61,24,0,0.00,'fixed',1),(61,37,0,0.00,'fixed',1),(61,63,0,0.00,'fixed',1),(62,5,0,0.00,'fixed',1),(62,28,0,0.00,'fixed',1),(62,35,0,0.00,'fixed',1),(62,41,0,0.00,'fixed',1),(62,48,0,0.00,'fixed',1),(62,65,0,0.00,'fixed',1),(63,5,0,0.00,'fixed',1),(63,32,0,0.00,'fixed',1),(63,33,0,0.00,'fixed',1),(63,37,0,0.00,'fixed',1),(63,43,0,0.00,'fixed',1),(63,45,0,0.00,'fixed',1),(63,52,0,0.00,'fixed',1),(64,9,0,0.00,'fixed',1),(64,13,0,0.00,'fixed',1),(64,14,0,0.00,'fixed',1),(64,54,0,0.00,'fixed',1),(64,58,0,0.00,'fixed',1),(64,59,0,0.00,'fixed',1),(65,12,0,0.00,'fixed',1),(65,13,0,0.00,'fixed',1),(65,35,0,0.00,'fixed',1),(65,40,0,0.00,'fixed',1),(65,47,0,0.00,'fixed',1),(65,63,0,0.00,'fixed',1);

--
-- Table structure for table `ec_product_files`
--

CREATE TABLE `ec_product_files` (
  `id` bigint unsigned NOT NULL AUTO_INCREMENT,
  `product_id` bigint unsigned DEFAULT NULL,
  `url` varchar(400) COLLATE utf8mb4_unicode_ci DEFAULT NULL,
  `extras` mediumtext COLLATE utf8mb4_unicode_ci,
  `created_at` timestamp NULL DEFAULT NULL,
  `updated_at` timestamp NULL DEFAULT NULL,
  PRIMARY KEY (`id`),
  KEY `ec_product_files_product_id_index` (`product_id`)
) ENGINE=InnoDB AUTO_INCREMENT=50 DEFAULT CHARSET=utf8mb4 COLLATE=utf8mb4_unicode_ci;

--
-- Dumping data for table `ec_product_files`
--

INSERT INTO `ec_product_files` VALUES (1,4,'ecommerce/digital-product-files/4.jpg','{\"filename\":\"4.jpg\",\"url\":\"ecommerce\\/digital-product-files\\/4.jpg\",\"mime_type\":\"image\\/jpeg\",\"size\":9803,\"modified\":\"2024-11-11 08:20:44\",\"name\":\"4\",\"extension\":\"jpg\"}','2024-11-11 01:20:44','2024-11-11 01:20:44'),(2,4,'ecommerce/digital-product-files/4-1.jpg','{\"filename\":\"4-1.jpg\",\"url\":\"ecommerce\\/digital-product-files\\/4-1.jpg\",\"mime_type\":\"image\\/jpeg\",\"size\":9803,\"modified\":\"2024-11-11 08:20:44\",\"name\":\"4-1\",\"extension\":\"jpg\"}','2024-11-11 01:20:44','2024-11-11 01:20:44'),(3,8,'ecommerce/digital-product-files/8.jpg','{\"filename\":\"8.jpg\",\"url\":\"ecommerce\\/digital-product-files\\/8.jpg\",\"mime_type\":\"image\\/jpeg\",\"size\":9803,\"modified\":\"2024-11-11 08:20:44\",\"name\":\"8\",\"extension\":\"jpg\"}','2024-11-11 01:20:44','2024-11-11 01:20:44'),(4,8,'ecommerce/digital-product-files/8-1.jpg','{\"filename\":\"8-1.jpg\",\"url\":\"ecommerce\\/digital-product-files\\/8-1.jpg\",\"mime_type\":\"image\\/jpeg\",\"size\":9803,\"modified\":\"2024-11-11 08:20:44\",\"name\":\"8-1\",\"extension\":\"jpg\"}','2024-11-11 01:20:44','2024-11-11 01:20:44'),(5,12,'ecommerce/digital-product-files/12.jpg','{\"filename\":\"12.jpg\",\"url\":\"ecommerce\\/digital-product-files\\/12.jpg\",\"mime_type\":\"image\\/jpeg\",\"size\":9803,\"modified\":\"2024-11-11 08:20:44\",\"name\":\"12\",\"extension\":\"jpg\"}','2024-11-11 01:20:44','2024-11-11 01:20:44'),(6,12,'ecommerce/digital-product-files/12-1.jpg','{\"filename\":\"12-1.jpg\",\"url\":\"ecommerce\\/digital-product-files\\/12-1.jpg\",\"mime_type\":\"image\\/jpeg\",\"size\":9803,\"modified\":\"2024-11-11 08:20:44\",\"name\":\"12-1\",\"extension\":\"jpg\"}','2024-11-11 01:20:44','2024-11-11 01:20:44'),(7,16,'ecommerce/digital-product-files/16.jpg','{\"filename\":\"16.jpg\",\"url\":\"ecommerce\\/digital-product-files\\/16.jpg\",\"mime_type\":\"image\\/jpeg\",\"size\":9803,\"modified\":\"2024-11-11 08:20:44\",\"name\":\"16\",\"extension\":\"jpg\"}','2024-11-11 01:20:44','2024-11-11 01:20:44'),(8,20,'ecommerce/digital-product-files/20.jpg','{\"filename\":\"20.jpg\",\"url\":\"ecommerce\\/digital-product-files\\/20.jpg\",\"mime_type\":\"image\\/jpeg\",\"size\":9803,\"modified\":\"2024-11-11 08:20:44\",\"name\":\"20\",\"extension\":\"jpg\"}','2024-11-11 01:20:44','2024-11-11 01:20:44'),(9,20,'ecommerce/digital-product-files/20-1.jpg','{\"filename\":\"20-1.jpg\",\"url\":\"ecommerce\\/digital-product-files\\/20-1.jpg\",\"mime_type\":\"image\\/jpeg\",\"size\":9803,\"modified\":\"2024-11-11 08:20:44\",\"name\":\"20-1\",\"extension\":\"jpg\"}','2024-11-11 01:20:44','2024-11-11 01:20:44'),(10,24,'ecommerce/digital-product-files/24.jpg','{\"filename\":\"24.jpg\",\"url\":\"ecommerce\\/digital-product-files\\/24.jpg\",\"mime_type\":\"image\\/jpeg\",\"size\":9803,\"modified\":\"2024-11-11 08:20:44\",\"name\":\"24\",\"extension\":\"jpg\"}','2024-11-11 01:20:44','2024-11-11 01:20:44'),(11,24,'ecommerce/digital-product-files/24-1.jpg','{\"filename\":\"24-1.jpg\",\"url\":\"ecommerce\\/digital-product-files\\/24-1.jpg\",\"mime_type\":\"image\\/jpeg\",\"size\":9803,\"modified\":\"2024-11-11 08:20:44\",\"name\":\"24-1\",\"extension\":\"jpg\"}','2024-11-11 01:20:44','2024-11-11 01:20:44'),(12,28,'ecommerce/digital-product-files/28.jpg','{\"filename\":\"28.jpg\",\"url\":\"ecommerce\\/digital-product-files\\/28.jpg\",\"mime_type\":\"image\\/jpeg\",\"size\":9803,\"modified\":\"2024-11-11 08:20:44\",\"name\":\"28\",\"extension\":\"jpg\"}','2024-11-11 01:20:44','2024-11-11 01:20:44'),(13,28,'ecommerce/digital-product-files/28-1.jpg','{\"filename\":\"28-1.jpg\",\"url\":\"ecommerce\\/digital-product-files\\/28-1.jpg\",\"mime_type\":\"image\\/jpeg\",\"size\":9803,\"modified\":\"2024-11-11 08:20:44\",\"name\":\"28-1\",\"extension\":\"jpg\"}','2024-11-11 01:20:44','2024-11-11 01:20:44'),(14,32,'ecommerce/digital-product-files/32.jpg','{\"filename\":\"32.jpg\",\"url\":\"ecommerce\\/digital-product-files\\/32.jpg\",\"mime_type\":\"image\\/jpeg\",\"size\":9803,\"modified\":\"2024-11-11 08:20:44\",\"name\":\"32\",\"extension\":\"jpg\"}','2024-11-11 01:20:44','2024-11-11 01:20:44'),(15,32,'ecommerce/digital-product-files/32-1.jpg','{\"filename\":\"32-1.jpg\",\"url\":\"ecommerce\\/digital-product-files\\/32-1.jpg\",\"mime_type\":\"image\\/jpeg\",\"size\":9803,\"modified\":\"2024-11-11 08:20:44\",\"name\":\"32-1\",\"extension\":\"jpg\"}','2024-11-11 01:20:44','2024-11-11 01:20:44'),(16,36,'ecommerce/digital-product-files/36.jpg','{\"filename\":\"36.jpg\",\"url\":\"ecommerce\\/digital-product-files\\/36.jpg\",\"mime_type\":\"image\\/jpeg\",\"size\":9803,\"modified\":\"2024-11-11 08:20:44\",\"name\":\"36\",\"extension\":\"jpg\"}','2024-11-11 01:20:44','2024-11-11 01:20:44'),(17,36,'ecommerce/digital-product-files/36-1.jpg','{\"filename\":\"36-1.jpg\",\"url\":\"ecommerce\\/digital-product-files\\/36-1.jpg\",\"mime_type\":\"image\\/jpeg\",\"size\":9803,\"modified\":\"2024-11-11 08:20:44\",\"name\":\"36-1\",\"extension\":\"jpg\"}','2024-11-11 01:20:44','2024-11-11 01:20:44'),(18,40,'ecommerce/digital-product-files/40.jpg','{\"filename\":\"40.jpg\",\"url\":\"ecommerce\\/digital-product-files\\/40.jpg\",\"mime_type\":\"image\\/jpeg\",\"size\":9803,\"modified\":\"2024-11-11 08:20:44\",\"name\":\"40\",\"extension\":\"jpg\"}','2024-11-11 01:20:44','2024-11-11 01:20:44'),(19,40,'ecommerce/digital-product-files/40-1.jpg','{\"filename\":\"40-1.jpg\",\"url\":\"ecommerce\\/digital-product-files\\/40-1.jpg\",\"mime_type\":\"image\\/jpeg\",\"size\":9803,\"modified\":\"2024-11-11 08:20:44\",\"name\":\"40-1\",\"extension\":\"jpg\"}','2024-11-11 01:20:44','2024-11-11 01:20:44'),(20,44,'ecommerce/digital-product-files/44.jpg','{\"filename\":\"44.jpg\",\"url\":\"ecommerce\\/digital-product-files\\/44.jpg\",\"mime_type\":\"image\\/jpeg\",\"size\":9803,\"modified\":\"2024-11-11 08:20:44\",\"name\":\"44\",\"extension\":\"jpg\"}','2024-11-11 01:20:44','2024-11-11 01:20:44'),(21,44,'ecommerce/digital-product-files/44-1.jpg','{\"filename\":\"44-1.jpg\",\"url\":\"ecommerce\\/digital-product-files\\/44-1.jpg\",\"mime_type\":\"image\\/jpeg\",\"size\":9803,\"modified\":\"2024-11-11 08:20:44\",\"name\":\"44-1\",\"extension\":\"jpg\"}','2024-11-11 01:20:44','2024-11-11 01:20:44'),(22,48,'ecommerce/digital-product-files/48.jpg','{\"filename\":\"48.jpg\",\"url\":\"ecommerce\\/digital-product-files\\/48.jpg\",\"mime_type\":\"image\\/jpeg\",\"size\":9803,\"modified\":\"2024-11-11 08:20:44\",\"name\":\"48\",\"extension\":\"jpg\"}','2024-11-11 01:20:44','2024-11-11 01:20:44'),(23,48,'ecommerce/digital-product-files/48-1.jpg','{\"filename\":\"48-1.jpg\",\"url\":\"ecommerce\\/digital-product-files\\/48-1.jpg\",\"mime_type\":\"image\\/jpeg\",\"size\":9803,\"modified\":\"2024-11-11 08:20:44\",\"name\":\"48-1\",\"extension\":\"jpg\"}','2024-11-11 01:20:44','2024-11-11 01:20:44'),(24,52,'ecommerce/digital-product-files/52.jpg','{\"filename\":\"52.jpg\",\"url\":\"ecommerce\\/digital-product-files\\/52.jpg\",\"mime_type\":\"image\\/jpeg\",\"size\":9803,\"modified\":\"2024-11-11 08:20:44\",\"name\":\"52\",\"extension\":\"jpg\"}','2024-11-11 01:20:44','2024-11-11 01:20:44'),(25,52,'ecommerce/digital-product-files/52-1.jpg','{\"filename\":\"52-1.jpg\",\"url\":\"ecommerce\\/digital-product-files\\/52-1.jpg\",\"mime_type\":\"image\\/jpeg\",\"size\":9803,\"modified\":\"2024-11-11 08:20:44\",\"name\":\"52-1\",\"extension\":\"jpg\"}','2024-11-11 01:20:44','2024-11-11 01:20:44'),(26,56,'ecommerce/digital-product-files/56.jpg','{\"filename\":\"56.jpg\",\"url\":\"ecommerce\\/digital-product-files\\/56.jpg\",\"mime_type\":\"image\\/jpeg\",\"size\":9803,\"modified\":\"2024-11-11 08:20:44\",\"name\":\"56\",\"extension\":\"jpg\"}','2024-11-11 01:20:44','2024-11-11 01:20:44'),(27,56,'ecommerce/digital-product-files/56-1.jpg','{\"filename\":\"56-1.jpg\",\"url\":\"ecommerce\\/digital-product-files\\/56-1.jpg\",\"mime_type\":\"image\\/jpeg\",\"size\":9803,\"modified\":\"2024-11-11 08:20:44\",\"name\":\"56-1\",\"extension\":\"jpg\"}','2024-11-11 01:20:44','2024-11-11 01:20:44'),(28,60,'ecommerce/digital-product-files/60.jpg','{\"filename\":\"60.jpg\",\"url\":\"ecommerce\\/digital-product-files\\/60.jpg\",\"mime_type\":\"image\\/jpeg\",\"size\":9803,\"modified\":\"2024-11-11 08:20:44\",\"name\":\"60\",\"extension\":\"jpg\"}','2024-11-11 01:20:44','2024-11-11 01:20:44'),(29,60,'ecommerce/digital-product-files/60-1.jpg','{\"filename\":\"60-1.jpg\",\"url\":\"ecommerce\\/digital-product-files\\/60-1.jpg\",\"mime_type\":\"image\\/jpeg\",\"size\":9803,\"modified\":\"2024-11-11 08:20:44\",\"name\":\"60-1\",\"extension\":\"jpg\"}','2024-11-11 01:20:44','2024-11-11 01:20:44'),(30,64,'ecommerce/digital-product-files/64.jpg','{\"filename\":\"64.jpg\",\"url\":\"ecommerce\\/digital-product-files\\/64.jpg\",\"mime_type\":\"image\\/jpeg\",\"size\":9803,\"modified\":\"2024-11-11 08:20:44\",\"name\":\"64\",\"extension\":\"jpg\"}','2024-11-11 01:20:44','2024-11-11 01:20:44'),(31,64,'ecommerce/digital-product-files/64-1.jpg','{\"filename\":\"64-1.jpg\",\"url\":\"ecommerce\\/digital-product-files\\/64-1.jpg\",\"mime_type\":\"image\\/jpeg\",\"size\":9803,\"modified\":\"2024-11-11 08:20:44\",\"name\":\"64-1\",\"extension\":\"jpg\"}','2024-11-11 01:20:44','2024-11-11 01:20:44'),(32,74,'ecommerce/digital-product-files/8-1.jpg','{\"filename\":\"8-1.jpg\",\"url\":\"ecommerce\\/digital-product-files\\/8-1.jpg\",\"mime_type\":\"image\\/jpeg\",\"size\":9803,\"modified\":\"2024-11-11 08:20:44\",\"name\":\"8-1\",\"extension\":\"jpg\"}','2024-11-11 01:20:44','2024-11-11 01:20:44'),(33,75,'ecommerce/digital-product-files/8-2.jpg','{\"filename\":\"8-2.jpg\",\"url\":\"ecommerce\\/digital-product-files\\/8-2.jpg\",\"mime_type\":\"image\\/jpeg\",\"size\":9803,\"modified\":\"2024-11-11 08:20:44\",\"name\":\"8-2\",\"extension\":\"jpg\"}','2024-11-11 01:20:44','2024-11-11 01:20:44'),(34,89,'ecommerce/digital-product-files/16.jpg','{\"filename\":\"16.jpg\",\"url\":\"ecommerce\\/digital-product-files\\/16.jpg\",\"mime_type\":\"image\\/jpeg\",\"size\":9803,\"modified\":\"2024-11-11 08:20:44\",\"name\":\"16\",\"extension\":\"jpg\"}','2024-11-11 01:20:44','2024-11-11 01:20:44'),(35,90,'ecommerce/digital-product-files/16.jpg','{\"filename\":\"16.jpg\",\"url\":\"ecommerce\\/digital-product-files\\/16.jpg\",\"mime_type\":\"image\\/jpeg\",\"size\":9803,\"modified\":\"2024-11-11 08:20:44\",\"name\":\"16\",\"extension\":\"jpg\"}','2024-11-11 01:20:44','2024-11-11 01:20:44'),(36,91,'ecommerce/digital-product-files/16.jpg','{\"filename\":\"16.jpg\",\"url\":\"ecommerce\\/digital-product-files\\/16.jpg\",\"mime_type\":\"image\\/jpeg\",\"size\":9803,\"modified\":\"2024-11-11 08:20:44\",\"name\":\"16\",\"extension\":\"jpg\"}','2024-11-11 01:20:44','2024-11-11 01:20:44'),(37,92,'ecommerce/digital-product-files/16.jpg','{\"filename\":\"16.jpg\",\"url\":\"ecommerce\\/digital-product-files\\/16.jpg\",\"mime_type\":\"image\\/jpeg\",\"size\":9803,\"modified\":\"2024-11-11 08:20:44\",\"name\":\"16\",\"extension\":\"jpg\"}','2024-11-11 01:20:44','2024-11-11 01:20:44'),(38,98,'ecommerce/digital-product-files/20-1.jpg','{\"filename\":\"20-1.jpg\",\"url\":\"ecommerce\\/digital-product-files\\/20-1.jpg\",\"mime_type\":\"image\\/jpeg\",\"size\":9803,\"modified\":\"2024-11-11 08:20:44\",\"name\":\"20-1\",\"extension\":\"jpg\"}','2024-11-11 01:20:44','2024-11-11 01:20:44'),(39,110,'ecommerce/digital-product-files/28-1.jpg','{\"filename\":\"28-1.jpg\",\"url\":\"ecommerce\\/digital-product-files\\/28-1.jpg\",\"mime_type\":\"image\\/jpeg\",\"size\":9803,\"modified\":\"2024-11-11 08:20:44\",\"name\":\"28-1\",\"extension\":\"jpg\"}','2024-11-11 01:20:44','2024-11-11 01:20:44'),(40,111,'ecommerce/digital-product-files/28-2.jpg','{\"filename\":\"28-2.jpg\",\"url\":\"ecommerce\\/digital-product-files\\/28-2.jpg\",\"mime_type\":\"image\\/jpeg\",\"size\":9803,\"modified\":\"2024-11-11 08:20:44\",\"name\":\"28-2\",\"extension\":\"jpg\"}','2024-11-11 01:20:44','2024-11-11 01:20:44'),(41,112,'ecommerce/digital-product-files/28.jpg','{\"filename\":\"28.jpg\",\"url\":\"ecommerce\\/digital-product-files\\/28.jpg\",\"mime_type\":\"image\\/jpeg\",\"size\":9803,\"modified\":\"2024-11-11 08:20:44\",\"name\":\"28\",\"extension\":\"jpg\"}','2024-11-11 01:20:44','2024-11-11 01:20:44'),(42,114,'ecommerce/digital-product-files/32-1.jpg','{\"filename\":\"32-1.jpg\",\"url\":\"ecommerce\\/digital-product-files\\/32-1.jpg\",\"mime_type\":\"image\\/jpeg\",\"size\":9803,\"modified\":\"2024-11-11 08:20:44\",\"name\":\"32-1\",\"extension\":\"jpg\"}','2024-11-11 01:20:44','2024-11-11 01:20:44'),(43,115,'ecommerce/digital-product-files/32-2.jpg','{\"filename\":\"32-2.jpg\",\"url\":\"ecommerce\\/digital-product-files\\/32-2.jpg\",\"mime_type\":\"image\\/jpeg\",\"size\":9803,\"modified\":\"2024-11-11 08:20:44\",\"name\":\"32-2\",\"extension\":\"jpg\"}','2024-11-11 01:20:44','2024-11-11 01:20:44'),(44,116,'ecommerce/digital-product-files/32.jpg','{\"filename\":\"32.jpg\",\"url\":\"ecommerce\\/digital-product-files\\/32.jpg\",\"mime_type\":\"image\\/jpeg\",\"size\":9803,\"modified\":\"2024-11-11 08:20:44\",\"name\":\"32\",\"extension\":\"jpg\"}','2024-11-11 01:20:44','2024-11-11 01:20:44'),(45,124,'ecommerce/digital-product-files/40-1.jpg','{\"filename\":\"40-1.jpg\",\"url\":\"ecommerce\\/digital-product-files\\/40-1.jpg\",\"mime_type\":\"image\\/jpeg\",\"size\":9803,\"modified\":\"2024-11-11 08:20:44\",\"name\":\"40-1\",\"extension\":\"jpg\"}','2024-11-11 01:20:44','2024-11-11 01:20:44'),(46,125,'ecommerce/digital-product-files/40.jpg','{\"filename\":\"40.jpg\",\"url\":\"ecommerce\\/digital-product-files\\/40.jpg\",\"mime_type\":\"image\\/jpeg\",\"size\":9803,\"modified\":\"2024-11-11 08:20:44\",\"name\":\"40\",\"extension\":\"jpg\"}','2024-11-11 01:20:44','2024-11-11 01:20:44'),(47,126,'ecommerce/digital-product-files/40.jpg','{\"filename\":\"40.jpg\",\"url\":\"ecommerce\\/digital-product-files\\/40.jpg\",\"mime_type\":\"image\\/jpeg\",\"size\":9803,\"modified\":\"2024-11-11 08:20:44\",\"name\":\"40\",\"extension\":\"jpg\"}','2024-11-11 01:20:44','2024-11-11 01:20:44'),(48,144,'ecommerce/digital-product-files/56-1.jpg','{\"filename\":\"56-1.jpg\",\"url\":\"ecommerce\\/digital-product-files\\/56-1.jpg\",\"mime_type\":\"image\\/jpeg\",\"size\":9803,\"modified\":\"2024-11-11 08:20:44\",\"name\":\"56-1\",\"extension\":\"jpg\"}','2024-11-11 01:20:44','2024-11-11 01:20:44'),(49,145,'ecommerce/digital-product-files/56-2.jpg','{\"filename\":\"56-2.jpg\",\"url\":\"ecommerce\\/digital-product-files\\/56-2.jpg\",\"mime_type\":\"image\\/jpeg\",\"size\":9803,\"modified\":\"2024-11-11 08:20:44\",\"name\":\"56-2\",\"extension\":\"jpg\"}','2024-11-11 01:20:44','2024-11-11 01:20:44');

--
-- Table structure for table `ec_product_label_products`
--

CREATE TABLE `ec_product_label_products` (
  `product_label_id` bigint unsigned NOT NULL,
  `product_id` bigint unsigned NOT NULL,
  PRIMARY KEY (`product_label_id`,`product_id`),
  KEY `ec_product_label_products_product_label_id_index` (`product_label_id`),
  KEY `ec_product_label_products_product_id_index` (`product_id`)
) ENGINE=InnoDB DEFAULT CHARSET=utf8mb4 COLLATE=utf8mb4_unicode_ci;

--
-- Dumping data for table `ec_product_label_products`
--

INSERT INTO `ec_product_label_products` VALUES (1,15),(1,24),(1,30),(1,39),(1,51),(1,54),(1,57),(2,9),(2,33),(2,45),(2,60),(3,3),(3,6),(3,12),(3,18),(3,21),(3,27),(3,36),(3,42),(3,48),(3,63);

--
-- Table structure for table `ec_product_labels`
--

CREATE TABLE `ec_product_labels` (
  `id` bigint unsigned NOT NULL AUTO_INCREMENT,
  `name` varchar(191) COLLATE utf8mb4_unicode_ci NOT NULL,
  `color` varchar(120) COLLATE utf8mb4_unicode_ci DEFAULT NULL,
  `status` varchar(60) COLLATE utf8mb4_unicode_ci NOT NULL DEFAULT 'published',
  `created_at` timestamp NULL DEFAULT NULL,
  `updated_at` timestamp NULL DEFAULT NULL,
  PRIMARY KEY (`id`)
) ENGINE=InnoDB AUTO_INCREMENT=4 DEFAULT CHARSET=utf8mb4 COLLATE=utf8mb4_unicode_ci;

--
-- Dumping data for table `ec_product_labels`
--

INSERT INTO `ec_product_labels` VALUES (1,'Hot','#d71e2d','published','2024-11-11 01:20:32','2024-11-11 01:20:32'),(2,'New','#02856e','published','2024-11-11 01:20:32','2024-11-11 01:20:32'),(3,'Sale','#fe9931','published','2024-11-11 01:20:32','2024-11-11 01:20:32');

--
-- Table structure for table `ec_product_labels_translations`
--

CREATE TABLE `ec_product_labels_translations` (
  `lang_code` varchar(191) COLLATE utf8mb4_unicode_ci NOT NULL,
  `ec_product_labels_id` bigint unsigned NOT NULL,
  `name` varchar(191) COLLATE utf8mb4_unicode_ci DEFAULT NULL,
  `description` varchar(400) COLLATE utf8mb4_unicode_ci DEFAULT NULL,
  PRIMARY KEY (`lang_code`,`ec_product_labels_id`)
) ENGINE=InnoDB DEFAULT CHARSET=utf8mb4 COLLATE=utf8mb4_unicode_ci;

--
-- Dumping data for table `ec_product_labels_translations`
--


--
-- Table structure for table `ec_product_related_relations`
--

CREATE TABLE `ec_product_related_relations` (
  `from_product_id` bigint unsigned NOT NULL,
  `to_product_id` bigint unsigned NOT NULL,
  PRIMARY KEY (`from_product_id`,`to_product_id`),
  KEY `ec_product_related_relations_from_product_id_index` (`from_product_id`),
  KEY `ec_product_related_relations_to_product_id_index` (`to_product_id`)
) ENGINE=InnoDB DEFAULT CHARSET=utf8mb4 COLLATE=utf8mb4_unicode_ci;

--
-- Dumping data for table `ec_product_related_relations`
--


--
-- Table structure for table `ec_product_specification_attribute`
--

CREATE TABLE `ec_product_specification_attribute` (
  `product_id` bigint unsigned NOT NULL,
  `attribute_id` bigint unsigned NOT NULL,
  `value` text COLLATE utf8mb4_unicode_ci,
  `hidden` tinyint(1) NOT NULL DEFAULT '0',
  `order` tinyint NOT NULL DEFAULT '0',
  PRIMARY KEY (`product_id`,`attribute_id`)
) ENGINE=InnoDB DEFAULT CHARSET=utf8mb4 COLLATE=utf8mb4_unicode_ci;

--
-- Dumping data for table `ec_product_specification_attribute`
--

INSERT INTO `ec_product_specification_attribute` VALUES (1,1,'76.57 cm',0,0),(1,2,'48.53 cm',0,0),(1,3,'99.11 cm',0,0),(1,4,'4.09 cm',0,0),(1,5,'9.31 cm',0,0),(2,1,'86.06 cm',0,0),(2,2,'55.96 cm',0,0),(2,3,'96.38 cm',0,0),(2,4,'82.52 cm',0,0),(2,5,'24.56 cm',0,0),(3,6,'66.01 cm',0,0),(3,7,'89.19 cm',0,0),(3,8,'2560x1440',0,0),(4,6,'81.36 cm',0,0),(4,7,'81.03 cm',0,0),(4,8,'1920x1080',0,0),(5,6,'12.75 cm',0,0),(5,7,'11.38 cm',0,0),(5,8,'2560x1440',0,0),(6,6,'14.19 cm',0,0),(6,7,'59.11 cm',0,0),(6,8,'2560x1440',0,0),(7,6,'1.55 cm',0,0),(7,7,'63.8 cm',0,0),(7,8,'3840x2160',0,0),(8,6,'26.28 cm',0,0),(8,7,'28.36 cm',0,0),(8,8,'2560x1440',0,0),(9,6,'27.98 cm',0,0),(9,7,'96.14 cm',0,0),(9,8,'2560x1440',0,0),(10,6,'44.84 cm',0,0),(10,7,'68.33 cm',0,0),(10,8,'2560x1440',0,0),(11,6,'94.98 cm',0,0),(11,7,'26.06 cm',0,0),(11,8,'1920x1080',0,0),(12,1,'93.62 cm',0,0),(12,2,'91.7 cm',0,0),(12,3,'54.32 cm',0,0),(12,4,'51.9 cm',0,0),(12,5,'94.76 cm',0,0),(13,6,'77.28 cm',0,0),(13,7,'20.56 cm',0,0),(13,8,'1920x1080',0,0),(14,1,'87.68 cm',0,0),(14,2,'92.43 cm',0,0),(14,3,'38.67 cm',0,0),(14,4,'12.53 cm',0,0),(14,5,'9.8 cm',0,0),(15,1,'64.36 cm',0,0),(15,2,'60.59 cm',0,0),(15,3,'49.06 cm',0,0),(15,4,'4.85 cm',0,0),(15,5,'23.02 cm',0,0),(16,1,'77.54 cm',0,0),(16,2,'71.39 cm',0,0),(16,3,'33.6 cm',0,0),(16,4,'58.03 cm',0,0),(16,5,'54.89 cm',0,0),(17,1,'4.38 cm',0,0),(17,2,'68.98 cm',0,0),(17,3,'13.75 cm',0,0),(17,4,'10.16 cm',0,0),(17,5,'62.93 cm',0,0),(18,1,'26.15 cm',0,0),(18,2,'90.41 cm',0,0),(18,3,'13.83 cm',0,0),(18,4,'49.91 cm',0,0),(18,5,'30.94 cm',0,0),(19,6,'37.75 cm',0,0),(19,7,'58.1 cm',0,0),(19,8,'3840x2160',0,0),(20,6,'59.02 cm',0,0),(20,7,'87.8 cm',0,0),(20,8,'2560x1440',0,0),(21,6,'94.37 cm',0,0),(21,7,'50.23 cm',0,0),(21,8,'2560x1440',0,0),(22,6,'21.11 cm',0,0),(22,7,'76.04 cm',0,0),(22,8,'3840x2160',0,0),(23,1,'67.31 cm',0,0),(23,2,'32.91 cm',0,0),(23,3,'14.4 cm',0,0),(23,4,'66.37 cm',0,0),(23,5,'94.37 cm',0,0),(24,6,'80.6 cm',0,0),(24,7,'76.35 cm',0,0),(24,8,'3840x2160',0,0),(25,6,'93.58 cm',0,0),(25,7,'98.27 cm',0,0),(25,8,'1920x1080',0,0),(26,1,'23.85 cm',0,0),(26,2,'34.62 cm',0,0),(26,3,'93.56 cm',0,0),(26,4,'39.92 cm',0,0),(26,5,'9.06 cm',0,0),(27,6,'4.5 cm',0,0),(27,7,'66.95 cm',0,0),(27,8,'2560x1440',0,0),(28,1,'36.34 cm',0,0),(28,2,'10.87 cm',0,0),(28,3,'82.67 cm',0,0),(28,4,'82.27 cm',0,0),(28,5,'4.34 cm',0,0),(29,6,'45.91 cm',0,0),(29,7,'43.35 cm',0,0),(29,8,'1920x1080',0,0),(30,6,'62.35 cm',0,0),(30,7,'76.82 cm',0,0),(30,8,'3840x2160',0,0),(31,1,'9.7 cm',0,0),(31,2,'76.1 cm',0,0),(31,3,'22.39 cm',0,0),(31,4,'17.67 cm',0,0),(31,5,'3.78 cm',0,0),(32,6,'1.41 cm',0,0),(32,7,'59.94 cm',0,0),(32,8,'2560x1440',0,0),(33,1,'64.97 cm',0,0),(33,2,'65.36 cm',0,0),(33,3,'58.01 cm',0,0),(33,4,'83.77 cm',0,0),(33,5,'72.1 cm',0,0),(34,6,'1.67 cm',0,0),(34,7,'6.34 cm',0,0),(34,8,'1920x1080',0,0),(35,1,'16.03 cm',0,0),(35,2,'63.41 cm',0,0),(35,3,'23.6 cm',0,0),(35,4,'47.08 cm',0,0),(35,5,'24.25 cm',0,0),(36,1,'8.77 cm',0,0),(36,2,'23.09 cm',0,0),(36,3,'9.12 cm',0,0),(36,4,'71.73 cm',0,0),(36,5,'13.71 cm',0,0),(37,6,'74.08 cm',0,0),(37,7,'70.1 cm',0,0),(37,8,'3840x2160',0,0),(38,1,'79.14 cm',0,0),(38,2,'27.11 cm',0,0),(38,3,'5.48 cm',0,0),(38,4,'78.67 cm',0,0),(38,5,'90.29 cm',0,0),(39,1,'77.97 cm',0,0),(39,2,'38.92 cm',0,0),(39,3,'60.97 cm',0,0),(39,4,'80.09 cm',0,0),(39,5,'97.51 cm',0,0),(40,6,'25.07 cm',0,0),(40,7,'99.48 cm',0,0),(40,8,'2560x1440',0,0),(41,1,'30.85 cm',0,0),(41,2,'59.31 cm',0,0),(41,3,'90.64 cm',0,0),(41,4,'2.09 cm',0,0),(41,5,'27.18 cm',0,0),(42,1,'57.01 cm',0,0),(42,2,'45.41 cm',0,0),(42,3,'78.33 cm',0,0),(42,4,'97.1 cm',0,0),(42,5,'4.16 cm',0,0),(43,6,'84.24 cm',0,0),(43,7,'71.64 cm',0,0),(43,8,'2560x1440',0,0),(44,1,'91.06 cm',0,0),(44,2,'60.97 cm',0,0),(44,3,'34.97 cm',0,0),(44,4,'28.88 cm',0,0),(44,5,'43.65 cm',0,0),(45,6,'63.74 cm',0,0),(45,7,'15.32 cm',0,0),(45,8,'2560x1440',0,0),(46,6,'28.09 cm',0,0),(46,7,'60.2 cm',0,0),(46,8,'2560x1440',0,0),(47,6,'9.67 cm',0,0),(47,7,'44.79 cm',0,0),(47,8,'3840x2160',0,0),(48,1,'97.02 cm',0,0),(48,2,'53.15 cm',0,0),(48,3,'22.2 cm',0,0),(48,4,'95.46 cm',0,0),(48,5,'77.81 cm',0,0),(49,1,'92.46 cm',0,0),(49,2,'45.91 cm',0,0),(49,3,'79.98 cm',0,0),(49,4,'83.3 cm',0,0),(49,5,'17.28 cm',0,0),(50,6,'71.05 cm',0,0),(50,7,'21.36 cm',0,0),(50,8,'3840x2160',0,0),(51,1,'27.27 cm',0,0),(51,2,'47.76 cm',0,0),(51,3,'5.55 cm',0,0),(51,4,'60.59 cm',0,0),(51,5,'6.82 cm',0,0),(52,1,'41.11 cm',0,0),(52,2,'85.65 cm',0,0),(52,3,'41.05 cm',0,0),(52,4,'6.47 cm',0,0),(52,5,'95.6 cm',0,0),(53,6,'29.71 cm',0,0),(53,7,'79.58 cm',0,0),(53,8,'1920x1080',0,0),(54,6,'81.91 cm',0,0),(54,7,'72.87 cm',0,0),(54,8,'3840x2160',0,0),(55,1,'17.61 cm',0,0),(55,2,'6.57 cm',0,0),(55,3,'81.63 cm',0,0),(55,4,'79.27 cm',0,0),(55,5,'31.4 cm',0,0),(56,1,'27.44 cm',0,0),(56,2,'39.54 cm',0,0),(56,3,'33.42 cm',0,0),(56,4,'93.03 cm',0,0),(56,5,'64.96 cm',0,0),(57,1,'2.53 cm',0,0),(57,2,'49.82 cm',0,0),(57,3,'11.44 cm',0,0),(57,4,'32.01 cm',0,0),(57,5,'69.87 cm',0,0),(58,1,'32.73 cm',0,0),(58,2,'49.73 cm',0,0),(58,3,'91.34 cm',0,0),(58,4,'82.95 cm',0,0),(58,5,'2.39 cm',0,0),(59,1,'61.21 cm',0,0),(59,2,'90.13 cm',0,0),(59,3,'65.36 cm',0,0),(59,4,'20.15 cm',0,0),(59,5,'62.64 cm',0,0),(60,1,'80.53 cm',0,0),(60,2,'51.76 cm',0,0),(60,3,'36.58 cm',0,0),(60,4,'81.28 cm',0,0),(60,5,'51.44 cm',0,0),(61,1,'60.16 cm',0,0),(61,2,'63.09 cm',0,0),(61,3,'9.52 cm',0,0),(61,4,'66.7 cm',0,0),(61,5,'25.59 cm',0,0),(62,6,'15.27 cm',0,0),(62,7,'93.03 cm',0,0),(62,8,'1920x1080',0,0),(63,6,'97.17 cm',0,0),(63,7,'40.14 cm',0,0),(63,8,'3840x2160',0,0),(64,1,'11.75 cm',0,0),(64,2,'78.62 cm',0,0),(64,3,'44.66 cm',0,0),(64,4,'34.25 cm',0,0),(64,5,'74.58 cm',0,0),(65,6,'31.42 cm',0,0),(65,7,'47.55 cm',0,0),(65,8,'1920x1080',0,0);

--
-- Table structure for table `ec_product_tag_product`
--

CREATE TABLE `ec_product_tag_product` (
  `product_id` bigint unsigned NOT NULL,
  `tag_id` bigint unsigned NOT NULL,
  PRIMARY KEY (`product_id`,`tag_id`),
  KEY `ec_product_tag_product_product_id_index` (`product_id`),
  KEY `ec_product_tag_product_tag_id_index` (`tag_id`)
) ENGINE=InnoDB DEFAULT CHARSET=utf8mb4 COLLATE=utf8mb4_unicode_ci;

--
-- Dumping data for table `ec_product_tag_product`
--

INSERT INTO `ec_product_tag_product` VALUES (1,3),(1,4),(1,6),(2,1),(2,2),(2,6),(3,1),(3,2),(3,4),(4,1),(4,5),(4,6),(5,1),(5,2),(5,4),(6,1),(6,2),(6,4),(7,2),(7,5),(7,6),(8,1),(8,2),(8,5),(9,2),(9,4),(9,5),(10,2),(10,4),(10,5),(11,2),(11,5),(11,6),(12,1),(12,2),(12,3),(13,1),(13,2),(13,6),(14,2),(14,3),(14,4),(15,1),(15,3),(15,6),(16,1),(16,5),(16,6),(17,2),(17,3),(17,4),(18,1),(18,5),(18,6),(19,1),(19,5),(19,6),(20,1),(20,2),(20,3),(21,1),(21,5),(21,6),(22,2),(22,3),(22,5),(23,3),(23,5),(23,6),(24,1),(24,2),(24,5),(25,1),(25,3),(25,4),(26,3),(26,5),(26,6),(27,2),(27,5),(27,6),(28,3),(28,5),(28,6),(29,4),(29,5),(29,6),(30,1),(30,2),(30,3),(31,2),(31,4),(31,5),(32,1),(32,2),(32,5),(33,3),(33,4),(33,6),(34,3),(34,4),(34,5),(35,2),(35,3),(35,6),(36,1),(36,3),(36,4),(37,3),(37,5),(37,6),(38,1),(38,4),(38,6),(39,1),(39,4),(39,6),(40,1),(40,5),(40,6),(41,1),(41,4),(41,5),(42,1),(42,3),(42,5),(43,4),(43,5),(43,6),(44,1),(44,2),(44,4),(45,2),(45,5),(45,6),(46,3),(46,4),(46,5),(47,2),(47,3),(47,6),(48,3),(48,5),(48,6),(49,2),(49,4),(49,5),(50,1),(50,4),(50,5),(51,2),(51,3),(51,4),(52,1),(52,3),(52,4),(53,1),(53,3),(53,4),(54,2),(54,5),(54,6),(55,1),(55,4),(55,6),(56,1),(56,4),(56,6),(57,1),(57,3),(57,5),(58,2),(58,3),(58,5),(59,1),(59,2),(59,5),(60,1),(60,3),(60,4),(61,1),(61,2),(61,6),(62,1),(62,5),(62,6),(63,1),(63,2),(63,4),(64,1),(64,3),(64,6),(65,1),(65,4),(65,5);

--
-- Table structure for table `ec_product_tags`
--

CREATE TABLE `ec_product_tags` (
  `id` bigint unsigned NOT NULL AUTO_INCREMENT,
  `name` varchar(120) COLLATE utf8mb4_unicode_ci NOT NULL,
  `description` varchar(400) COLLATE utf8mb4_unicode_ci DEFAULT NULL,
  `status` varchar(60) COLLATE utf8mb4_unicode_ci NOT NULL DEFAULT 'published',
  `created_at` timestamp NULL DEFAULT NULL,
  `updated_at` timestamp NULL DEFAULT NULL,
  PRIMARY KEY (`id`)
) ENGINE=InnoDB AUTO_INCREMENT=7 DEFAULT CHARSET=utf8mb4 COLLATE=utf8mb4_unicode_ci;

--
-- Dumping data for table `ec_product_tags`
--

INSERT INTO `ec_product_tags` VALUES (1,'Electronic',NULL,'published','2024-11-11 01:20:36','2024-11-11 01:20:36'),(2,'Mobile',NULL,'published','2024-11-11 01:20:36','2024-11-11 01:20:36'),(3,'Iphone',NULL,'published','2024-11-11 01:20:36','2024-11-11 01:20:36'),(4,'Printer',NULL,'published','2024-11-11 01:20:36','2024-11-11 01:20:36'),(5,'Office',NULL,'published','2024-11-11 01:20:36','2024-11-11 01:20:36'),(6,'IT',NULL,'published','2024-11-11 01:20:36','2024-11-11 01:20:36');

--
-- Table structure for table `ec_product_tags_translations`
--

CREATE TABLE `ec_product_tags_translations` (
  `lang_code` varchar(191) COLLATE utf8mb4_unicode_ci NOT NULL,
  `ec_product_tags_id` bigint unsigned NOT NULL,
  `name` varchar(191) COLLATE utf8mb4_unicode_ci DEFAULT NULL,
  PRIMARY KEY (`lang_code`,`ec_product_tags_id`)
) ENGINE=InnoDB DEFAULT CHARSET=utf8mb4 COLLATE=utf8mb4_unicode_ci;

--
-- Dumping data for table `ec_product_tags_translations`
--


--
-- Table structure for table `ec_product_up_sale_relations`
--

CREATE TABLE `ec_product_up_sale_relations` (
  `from_product_id` bigint unsigned NOT NULL,
  `to_product_id` bigint unsigned NOT NULL,
  PRIMARY KEY (`from_product_id`,`to_product_id`),
  KEY `ec_product_up_sale_relations_from_product_id_index` (`from_product_id`),
  KEY `ec_product_up_sale_relations_to_product_id_index` (`to_product_id`)
) ENGINE=InnoDB DEFAULT CHARSET=utf8mb4 COLLATE=utf8mb4_unicode_ci;

--
-- Dumping data for table `ec_product_up_sale_relations`
--


--
-- Table structure for table `ec_product_variation_items`
--

CREATE TABLE `ec_product_variation_items` (
  `id` bigint unsigned NOT NULL AUTO_INCREMENT,
  `attribute_id` bigint unsigned NOT NULL,
  `variation_id` bigint unsigned NOT NULL,
  PRIMARY KEY (`id`),
  UNIQUE KEY `ec_product_variation_items_attribute_id_variation_id_unique` (`attribute_id`,`variation_id`),
  KEY `attribute_variation_index` (`attribute_id`,`variation_id`)
) ENGINE=InnoDB AUTO_INCREMENT=187 DEFAULT CHARSET=utf8mb4 COLLATE=utf8mb4_unicode_ci;

--
-- Dumping data for table `ec_product_variation_items`
--

INSERT INTO `ec_product_variation_items` VALUES (1,1,1),(21,1,11),(23,1,12),(29,1,15),(41,1,21),(43,1,22),(53,1,27),(55,1,28),(71,1,36),(85,1,43),(13,2,7),(25,2,13),(33,2,17),(39,2,20),(61,2,31),(65,2,33),(73,2,37),(75,2,38),(3,3,2),(15,3,8),(19,3,10),(27,3,14),(37,3,19),(47,3,24),(49,3,25),(57,3,29),(63,3,32),(67,3,34),(69,3,35),(81,3,41),(83,3,42),(87,3,44),(89,3,45),(93,3,47),(7,4,4),(9,4,5),(51,4,26),(77,4,39),(91,4,46),(5,5,3),(11,5,6),(17,5,9),(31,5,16),(35,5,18),(45,5,23),(59,5,30),(79,5,40),(95,5,48),(2,6,1),(6,6,3),(10,6,5),(12,6,6),(26,6,13),(50,6,25),(60,6,30),(74,6,37),(14,7,7),(16,7,8),(20,7,10),(24,7,12),(28,7,14),(34,7,17),(44,7,22),(48,7,24),(54,7,27),(66,7,33),(72,7,36),(78,7,39),(30,8,15),(32,8,16),(38,8,19),(40,8,20),(58,8,29),(64,8,32),(68,8,34),(80,8,40),(94,8,47),(4,9,2),(8,9,4),(22,9,11),(36,9,18),(46,9,23),(86,9,43),(88,9,44),(90,9,45),(92,9,46),(96,9,48),(18,10,9),(42,10,21),(52,10,26),(56,10,28),(62,10,31),(70,10,35),(76,10,38),(82,10,41),(84,10,42),(97,11,49),(127,11,64),(131,11,66),(137,11,69),(161,11,81),(171,11,86),(179,11,90),(181,11,91),(109,12,55),(123,12,62),(133,12,67),(139,12,70),(143,12,72),(167,12,84),(169,12,85),(185,12,93),(105,13,53),(111,13,56),(113,13,57),(115,13,58),(129,13,65),(135,13,68),(149,13,75),(153,13,77),(157,13,79),(159,13,80),(175,13,88),(99,14,50),(103,14,52),(107,14,54),(117,14,59),(141,14,71),(147,14,74),(151,14,76),(155,14,78),(165,14,83),(173,14,87),(177,14,89),(101,15,51),(119,15,60),(121,15,61),(125,15,63),(145,15,73),(163,15,82),(183,15,92),(114,16,57),(126,16,63),(140,16,70),(142,16,71),(144,16,72),(152,16,76),(156,16,78),(160,16,80),(174,16,87),(182,16,91),(118,17,59),(124,17,62),(128,17,64),(138,17,69),(148,17,74),(154,17,77),(158,17,79),(170,17,85),(172,17,86),(178,17,89),(180,17,90),(184,17,92),(106,18,53),(108,18,54),(150,18,75),(176,18,88),(102,19,51),(112,19,56),(116,19,58),(120,19,60),(122,19,61),(134,19,67),(136,19,68),(162,19,81),(164,19,82),(168,19,84),(186,19,93),(98,20,49),(100,20,50),(104,20,52),(110,20,55),(130,20,65),(132,20,66),(146,20,73),(166,20,83);

--
-- Table structure for table `ec_product_variations`
--

CREATE TABLE `ec_product_variations` (
  `id` bigint unsigned NOT NULL AUTO_INCREMENT,
  `product_id` bigint unsigned DEFAULT NULL,
  `configurable_product_id` bigint unsigned NOT NULL,
  `is_default` tinyint NOT NULL DEFAULT '0',
  PRIMARY KEY (`id`),
  UNIQUE KEY `ec_product_variations_product_id_configurable_product_id_unique` (`product_id`,`configurable_product_id`),
  KEY `configurable_product_index` (`product_id`,`configurable_product_id`)
) ENGINE=InnoDB AUTO_INCREMENT=94 DEFAULT CHARSET=utf8mb4 COLLATE=utf8mb4_unicode_ci;

--
-- Dumping data for table `ec_product_variations`
--

INSERT INTO `ec_product_variations` VALUES (1,66,1,1),(2,67,1,0),(3,68,5,1),(4,69,5,0),(5,70,5,0),(6,71,5,0),(7,72,6,1),(8,73,6,0),(9,74,8,1),(10,75,8,0),(11,76,9,1),(12,77,9,0),(13,78,9,0),(14,79,9,0),(15,80,9,0),(16,81,10,1),(17,82,10,0),(18,83,14,1),(19,84,14,0),(20,85,14,0),(21,86,14,0),(22,87,15,1),(23,88,15,0),(24,89,16,1),(25,90,16,0),(26,91,16,0),(27,92,16,0),(28,93,18,1),(29,94,18,0),(30,95,18,0),(31,96,19,1),(32,97,19,0),(33,98,20,1),(34,99,22,1),(35,100,22,0),(36,101,22,0),(37,102,22,0),(38,103,22,0),(39,104,23,1),(40,105,23,0),(41,106,26,1),(42,107,27,1),(43,108,27,0),(44,109,27,0),(45,110,28,1),(46,111,28,0),(47,112,28,0),(48,113,30,1),(49,114,32,1),(50,115,32,0),(51,116,32,0),(52,117,33,1),(53,118,34,1),(54,119,34,0),(55,120,35,1),(56,121,35,0),(57,122,35,0),(58,123,35,0),(59,124,40,1),(60,125,40,0),(61,126,40,0),(62,127,41,1),(63,128,41,0),(64,129,41,0),(65,130,41,0),(66,131,42,1),(67,132,42,0),(68,133,43,1),(69,134,43,0),(70,135,43,0),(71,136,43,0),(72,137,47,1),(73,138,47,0),(74,139,49,1),(75,140,49,0),(76,141,50,1),(77,142,50,0),(78,143,54,1),(79,144,56,1),(80,145,56,0),(81,146,57,1),(82,147,57,0),(83,148,58,1),(84,149,58,0),(85,150,58,0),(86,151,59,1),(87,152,59,0),(88,153,61,1),(89,154,61,0),(90,155,61,0),(91,156,61,0),(92,157,63,1),(93,158,63,0);

--
-- Table structure for table `ec_product_views`
--

CREATE TABLE `ec_product_views` (
  `id` bigint unsigned NOT NULL AUTO_INCREMENT,
  `product_id` bigint unsigned NOT NULL,
  `views` int NOT NULL DEFAULT '1',
  `date` date NOT NULL DEFAULT '2024-11-11',
  PRIMARY KEY (`id`),
  UNIQUE KEY `ec_product_views_product_id_date_unique` (`product_id`,`date`),
  KEY `ec_product_views_product_id_index` (`product_id`)
) ENGINE=InnoDB DEFAULT CHARSET=utf8mb4 COLLATE=utf8mb4_unicode_ci;

--
-- Dumping data for table `ec_product_views`
--


--
-- Table structure for table `ec_product_with_attribute_set`
--

CREATE TABLE `ec_product_with_attribute_set` (
  `attribute_set_id` bigint unsigned NOT NULL,
  `product_id` bigint unsigned NOT NULL,
  `order` tinyint unsigned NOT NULL DEFAULT '0',
  PRIMARY KEY (`product_id`,`attribute_set_id`)
) ENGINE=InnoDB DEFAULT CHARSET=utf8mb4 COLLATE=utf8mb4_unicode_ci;

--
-- Dumping data for table `ec_product_with_attribute_set`
--

INSERT INTO `ec_product_with_attribute_set` VALUES (1,1,0),(2,1,0),(1,5,0),(2,5,0),(1,6,0),(2,6,0),(1,8,0),(2,8,0),(1,9,0),(2,9,0),(1,10,0),(2,10,0),(1,14,0),(2,14,0),(1,15,0),(2,15,0),(1,16,0),(2,16,0),(1,18,0),(2,18,0),(1,19,0),(2,19,0),(1,20,0),(2,20,0),(1,22,0),(2,22,0),(1,23,0),(2,23,0),(1,26,0),(2,26,0),(1,27,0),(2,27,0),(1,28,0),(2,28,0),(1,30,0),(2,30,0),(3,32,0),(4,32,0),(3,33,0),(4,33,0),(3,34,0),(4,34,0),(3,35,0),(4,35,0),(3,40,0),(4,40,0),(3,41,0),(4,41,0),(3,42,0),(4,42,0),(3,43,0),(4,43,0),(3,47,0),(4,47,0),(3,49,0),(4,49,0),(3,50,0),(4,50,0),(3,54,0),(4,54,0),(3,56,0),(4,56,0),(3,57,0),(4,57,0),(3,58,0),(4,58,0),(3,59,0),(4,59,0),(3,61,0),(4,61,0),(3,63,0),(4,63,0);

--
-- Table structure for table `ec_products`
--

CREATE TABLE `ec_products` (
  `id` bigint unsigned NOT NULL AUTO_INCREMENT,
  `name` varchar(191) COLLATE utf8mb4_unicode_ci NOT NULL,
  `description` text COLLATE utf8mb4_unicode_ci,
  `content` longtext COLLATE utf8mb4_unicode_ci,
  `status` varchar(60) COLLATE utf8mb4_unicode_ci NOT NULL DEFAULT 'published',
  `images` text COLLATE utf8mb4_unicode_ci,
  `video_media` text COLLATE utf8mb4_unicode_ci,
  `sku` varchar(191) COLLATE utf8mb4_unicode_ci DEFAULT NULL,
  `order` int unsigned NOT NULL DEFAULT '0',
  `quantity` int unsigned DEFAULT NULL,
  `allow_checkout_when_out_of_stock` tinyint unsigned NOT NULL DEFAULT '0',
  `with_storehouse_management` tinyint unsigned NOT NULL DEFAULT '0',
  `is_featured` tinyint unsigned NOT NULL DEFAULT '0',
  `brand_id` bigint unsigned DEFAULT NULL,
  `is_variation` tinyint NOT NULL DEFAULT '0',
  `sale_type` tinyint NOT NULL DEFAULT '0',
  `price` double unsigned DEFAULT NULL,
  `sale_price` double unsigned DEFAULT NULL,
  `start_date` timestamp NULL DEFAULT NULL,
  `end_date` timestamp NULL DEFAULT NULL,
  `length` double(8,2) DEFAULT NULL,
  `wide` double(8,2) DEFAULT NULL,
  `height` double(8,2) DEFAULT NULL,
  `weight` double(8,2) DEFAULT NULL,
  `tax_id` bigint unsigned DEFAULT NULL,
  `views` bigint NOT NULL DEFAULT '0',
  `created_at` timestamp NULL DEFAULT NULL,
  `updated_at` timestamp NULL DEFAULT NULL,
  `stock_status` varchar(191) COLLATE utf8mb4_unicode_ci DEFAULT 'in_stock',
  `created_by_id` bigint unsigned DEFAULT '0',
  `created_by_type` varchar(191) COLLATE utf8mb4_unicode_ci NOT NULL DEFAULT 'Botble\\ACL\\Models\\User',
  `image` varchar(191) COLLATE utf8mb4_unicode_ci DEFAULT NULL,
  `product_type` varchar(60) COLLATE utf8mb4_unicode_ci DEFAULT 'physical',
  `barcode` varchar(50) COLLATE utf8mb4_unicode_ci DEFAULT NULL,
  `cost_per_item` double DEFAULT NULL,
  `generate_license_code` tinyint(1) NOT NULL DEFAULT '0',
  `minimum_order_quantity` int unsigned DEFAULT '0',
  `maximum_order_quantity` int unsigned DEFAULT '0',
  `notify_attachment_updated` tinyint(1) NOT NULL DEFAULT '0',
  `specification_table_id` bigint unsigned DEFAULT NULL,
  `store_id` bigint unsigned DEFAULT NULL,
  `approved_by` bigint unsigned DEFAULT '0',
  PRIMARY KEY (`id`),
  KEY `ec_products_brand_id_status_is_variation_created_at_index` (`brand_id`,`status`,`is_variation`,`created_at`),
  KEY `sale_type_index` (`sale_type`),
  KEY `start_date_index` (`start_date`),
  KEY `end_date_index` (`end_date`),
  KEY `sale_price_index` (`sale_price`),
  KEY `is_variation_index` (`is_variation`),
  KEY `ec_products_sku_index` (`sku`)
) ENGINE=InnoDB AUTO_INCREMENT=159 DEFAULT CHARSET=utf8mb4 COLLATE=utf8mb4_unicode_ci;

--
-- Dumping data for table `ec_products`
--

INSERT INTO `ec_products` VALUES (1,'Dual Camera 20MP','<ul><li> Unrestrained and portable active stereo speaker</li>\n            <li> Free from the confines of wires and chords</li>\n            <li> 20 hours of portable capabilities</li>\n            <li> Double-ended Coil Cord with 3.5mm Stereo Plugs Included</li>\n            <li> 3/4″ Dome Tweeters: 2X and 4″ Woofer: 1X</li></ul>','<p>Short Hooded Coat features a straight body, large pockets with button flaps, ventilation air holes, and a string detail along the hemline. The style is completed with a drawstring hood, featuring Rains’ signature built-in cap. Made from waterproof, matte PU, this lightweight unisex rain jacket is an ode to nostalgia through its classic silhouette and utilitarian design details.</p>\n                                <p>- Casual unisex fit</p>\n\n                                <p>- 64% polyester, 36% polyurethane</p>\n\n                                <p>- Water column pressure: 4000 mm</p>\n\n                                <p>- Model is 187cm tall and wearing a size S / M</p>\n\n                                <p>- Unisex fit</p>\n\n                                <p>- Drawstring hood with built-in cap</p>\n\n                                <p>- Front placket with snap buttons</p>\n\n                                <p>- Ventilation under armpit</p>\n\n                                <p>- Adjustable cuffs</p>\n\n                                <p>- Double welted front pockets</p>\n\n                                <p>- Adjustable elastic string at hempen</p>\n\n                                <p>- Ultrasonically welded seams</p>\n\n                                <p>This is a unisex item, please check our clothing &amp; footwear sizing guide for specific Rains jacket sizing information. RAINS comes from the rainy nation of Denmark at the edge of the European continent, close to the ocean and with prevailing westerly winds; all factors that contribute to an average of 121 rain days each year. Arising from these rainy weather conditions comes the attitude that a quick rain shower may be beautiful, as well as moody- but first and foremost requires the right outfit. Rains focus on the whole experience of going outside on rainy days, issuing an invitation to explore even in the most mercurial weather.</p>','published','[\"products\\/1.jpg\"]',NULL,'Y1-191-A1',0,10,0,1,1,4,0,0,80.25,NULL,NULL,NULL,19.00,20.00,10.00,520.00,NULL,12551,'2024-11-11 01:20:43','2024-11-11 01:20:48','in_stock',0,'Botble\\ACL\\Models\\User',NULL,'physical',NULL,NULL,0,0,0,0,1,7,0),(2,'Smart Watches','<ul><li> Unrestrained and portable active stereo speaker</li>\n            <li> Free from the confines of wires and chords</li>\n            <li> 20 hours of portable capabilities</li>\n            <li> Double-ended Coil Cord with 3.5mm Stereo Plugs Included</li>\n            <li> 3/4″ Dome Tweeters: 2X and 4″ Woofer: 1X</li></ul>','<p>Short Hooded Coat features a straight body, large pockets with button flaps, ventilation air holes, and a string detail along the hemline. The style is completed with a drawstring hood, featuring Rains’ signature built-in cap. Made from waterproof, matte PU, this lightweight unisex rain jacket is an ode to nostalgia through its classic silhouette and utilitarian design details.</p>\n                                <p>- Casual unisex fit</p>\n\n                                <p>- 64% polyester, 36% polyurethane</p>\n\n                                <p>- Water column pressure: 4000 mm</p>\n\n                                <p>- Model is 187cm tall and wearing a size S / M</p>\n\n                                <p>- Unisex fit</p>\n\n                                <p>- Drawstring hood with built-in cap</p>\n\n                                <p>- Front placket with snap buttons</p>\n\n                                <p>- Ventilation under armpit</p>\n\n                                <p>- Adjustable cuffs</p>\n\n                                <p>- Double welted front pockets</p>\n\n                                <p>- Adjustable elastic string at hempen</p>\n\n                                <p>- Ultrasonically welded seams</p>\n\n                                <p>This is a unisex item, please check our clothing &amp; footwear sizing guide for specific Rains jacket sizing information. RAINS comes from the rainy nation of Denmark at the edge of the European continent, close to the ocean and with prevailing westerly winds; all factors that contribute to an average of 121 rain days each year. Arising from these rainy weather conditions comes the attitude that a quick rain shower may be beautiful, as well as moody- but first and foremost requires the right outfit. Rains focus on the whole experience of going outside on rainy days, issuing an invitation to explore even in the most mercurial weather.</p>','published','[\"products\\/2.jpg\",\"products\\/2-1.jpg\",\"products\\/2-2.jpg\",\"products\\/2-3.jpg\"]',NULL,'J5-170',0,12,0,1,1,3,0,0,40.5,35,NULL,NULL,17.00,10.00,13.00,724.00,NULL,118128,'2024-11-11 01:20:43','2024-11-11 01:20:48','in_stock',0,'Botble\\ACL\\Models\\User',NULL,'physical',NULL,NULL,0,0,0,0,1,5,0),(3,'Beat Headphone','<ul><li> Unrestrained and portable active stereo speaker</li>\n            <li> Free from the confines of wires and chords</li>\n            <li> 20 hours of portable capabilities</li>\n            <li> Double-ended Coil Cord with 3.5mm Stereo Plugs Included</li>\n            <li> 3/4″ Dome Tweeters: 2X and 4″ Woofer: 1X</li></ul>','<p>Short Hooded Coat features a straight body, large pockets with button flaps, ventilation air holes, and a string detail along the hemline. The style is completed with a drawstring hood, featuring Rains’ signature built-in cap. Made from waterproof, matte PU, this lightweight unisex rain jacket is an ode to nostalgia through its classic silhouette and utilitarian design details.</p>\n                                <p>- Casual unisex fit</p>\n\n                                <p>- 64% polyester, 36% polyurethane</p>\n\n                                <p>- Water column pressure: 4000 mm</p>\n\n                                <p>- Model is 187cm tall and wearing a size S / M</p>\n\n                                <p>- Unisex fit</p>\n\n                                <p>- Drawstring hood with built-in cap</p>\n\n                                <p>- Front placket with snap buttons</p>\n\n                                <p>- Ventilation under armpit</p>\n\n                                <p>- Adjustable cuffs</p>\n\n                                <p>- Double welted front pockets</p>\n\n                                <p>- Adjustable elastic string at hempen</p>\n\n                                <p>- Ultrasonically welded seams</p>\n\n                                <p>This is a unisex item, please check our clothing &amp; footwear sizing guide for specific Rains jacket sizing information. RAINS comes from the rainy nation of Denmark at the edge of the European continent, close to the ocean and with prevailing westerly winds; all factors that contribute to an average of 121 rain days each year. Arising from these rainy weather conditions comes the attitude that a quick rain shower may be beautiful, as well as moody- but first and foremost requires the right outfit. Rains focus on the whole experience of going outside on rainy days, issuing an invitation to explore even in the most mercurial weather.</p>','published','[\"products\\/3.jpg\"]',NULL,'5H-103',0,20,0,1,1,1,0,0,20,5,NULL,NULL,11.00,20.00,14.00,573.00,NULL,29572,'2024-11-11 01:20:43','2024-11-11 01:20:48','in_stock',0,'Botble\\ACL\\Models\\User',NULL,'physical',NULL,NULL,0,0,0,0,2,8,0),(4,'Red &amp; Black Headphone (Digital)','<ul><li> Unrestrained and portable active stereo speaker</li>\n            <li> Free from the confines of wires and chords</li>\n            <li> 20 hours of portable capabilities</li>\n            <li> Double-ended Coil Cord with 3.5mm Stereo Plugs Included</li>\n            <li> 3/4″ Dome Tweeters: 2X and 4″ Woofer: 1X</li></ul>','<p>Short Hooded Coat features a straight body, large pockets with button flaps, ventilation air holes, and a string detail along the hemline. The style is completed with a drawstring hood, featuring Rains’ signature built-in cap. Made from waterproof, matte PU, this lightweight unisex rain jacket is an ode to nostalgia through its classic silhouette and utilitarian design details.</p>\n                                <p>- Casual unisex fit</p>\n\n                                <p>- 64% polyester, 36% polyurethane</p>\n\n                                <p>- Water column pressure: 4000 mm</p>\n\n                                <p>- Model is 187cm tall and wearing a size S / M</p>\n\n                                <p>- Unisex fit</p>\n\n                                <p>- Drawstring hood with built-in cap</p>\n\n                                <p>- Front placket with snap buttons</p>\n\n                                <p>- Ventilation under armpit</p>\n\n                                <p>- Adjustable cuffs</p>\n\n                                <p>- Double welted front pockets</p>\n\n                                <p>- Adjustable elastic string at hempen</p>\n\n                                <p>- Ultrasonically welded seams</p>\n\n                                <p>This is a unisex item, please check our clothing &amp; footwear sizing guide for specific Rains jacket sizing information. RAINS comes from the rainy nation of Denmark at the edge of the European continent, close to the ocean and with prevailing westerly winds; all factors that contribute to an average of 121 rain days each year. Arising from these rainy weather conditions comes the attitude that a quick rain shower may be beautiful, as well as moody- but first and foremost requires the right outfit. Rains focus on the whole experience of going outside on rainy days, issuing an invitation to explore even in the most mercurial weather.</p>','published','[\"products\\/4.jpg\",\"products\\/4-1.jpg\",\"products\\/4-2.jpg\",\"products\\/4-3.jpg\"]',NULL,'PD-132',0,10,0,1,1,2,0,0,587,308,NULL,NULL,10.00,11.00,17.00,696.00,NULL,164196,'2024-11-11 01:20:43','2024-11-11 01:20:48','in_stock',0,'Botble\\ACL\\Models\\User',NULL,'digital',NULL,NULL,0,0,0,0,2,5,0),(5,'Smart Watch External','<ul><li> Unrestrained and portable active stereo speaker</li>\n            <li> Free from the confines of wires and chords</li>\n            <li> 20 hours of portable capabilities</li>\n            <li> Double-ended Coil Cord with 3.5mm Stereo Plugs Included</li>\n            <li> 3/4″ Dome Tweeters: 2X and 4″ Woofer: 1X</li></ul>','<p>Short Hooded Coat features a straight body, large pockets with button flaps, ventilation air holes, and a string detail along the hemline. The style is completed with a drawstring hood, featuring Rains’ signature built-in cap. Made from waterproof, matte PU, this lightweight unisex rain jacket is an ode to nostalgia through its classic silhouette and utilitarian design details.</p>\n                                <p>- Casual unisex fit</p>\n\n                                <p>- 64% polyester, 36% polyurethane</p>\n\n                                <p>- Water column pressure: 4000 mm</p>\n\n                                <p>- Model is 187cm tall and wearing a size S / M</p>\n\n                                <p>- Unisex fit</p>\n\n                                <p>- Drawstring hood with built-in cap</p>\n\n                                <p>- Front placket with snap buttons</p>\n\n                                <p>- Ventilation under armpit</p>\n\n                                <p>- Adjustable cuffs</p>\n\n                                <p>- Double welted front pockets</p>\n\n                                <p>- Adjustable elastic string at hempen</p>\n\n                                <p>- Ultrasonically welded seams</p>\n\n                                <p>This is a unisex item, please check our clothing &amp; footwear sizing guide for specific Rains jacket sizing information. RAINS comes from the rainy nation of Denmark at the edge of the European continent, close to the ocean and with prevailing westerly winds; all factors that contribute to an average of 121 rain days each year. Arising from these rainy weather conditions comes the attitude that a quick rain shower may be beautiful, as well as moody- but first and foremost requires the right outfit. Rains focus on the whole experience of going outside on rainy days, issuing an invitation to explore even in the most mercurial weather.</p>','published','[\"products\\/5.jpg\",\"products\\/5-1.jpg\",\"products\\/5-2.jpg\",\"products\\/5-3.jpg\"]',NULL,'QK-111-A1',0,16,0,1,1,1,0,0,860,NULL,NULL,NULL,11.00,17.00,14.00,884.00,NULL,115265,'2024-11-11 01:20:43','2024-11-11 01:20:48','in_stock',0,'Botble\\ACL\\Models\\User',NULL,'physical',NULL,NULL,0,0,0,0,2,7,0),(6,'Nikon HD camera','<ul><li> Unrestrained and portable active stereo speaker</li>\n            <li> Free from the confines of wires and chords</li>\n            <li> 20 hours of portable capabilities</li>\n            <li> Double-ended Coil Cord with 3.5mm Stereo Plugs Included</li>\n            <li> 3/4″ Dome Tweeters: 2X and 4″ Woofer: 1X</li></ul>','<p>Short Hooded Coat features a straight body, large pockets with button flaps, ventilation air holes, and a string detail along the hemline. The style is completed with a drawstring hood, featuring Rains’ signature built-in cap. Made from waterproof, matte PU, this lightweight unisex rain jacket is an ode to nostalgia through its classic silhouette and utilitarian design details.</p>\n                                <p>- Casual unisex fit</p>\n\n                                <p>- 64% polyester, 36% polyurethane</p>\n\n                                <p>- Water column pressure: 4000 mm</p>\n\n                                <p>- Model is 187cm tall and wearing a size S / M</p>\n\n                                <p>- Unisex fit</p>\n\n                                <p>- Drawstring hood with built-in cap</p>\n\n                                <p>- Front placket with snap buttons</p>\n\n                                <p>- Ventilation under armpit</p>\n\n                                <p>- Adjustable cuffs</p>\n\n                                <p>- Double welted front pockets</p>\n\n                                <p>- Adjustable elastic string at hempen</p>\n\n                                <p>- Ultrasonically welded seams</p>\n\n                                <p>This is a unisex item, please check our clothing &amp; footwear sizing guide for specific Rains jacket sizing information. RAINS comes from the rainy nation of Denmark at the edge of the European continent, close to the ocean and with prevailing westerly winds; all factors that contribute to an average of 121 rain days each year. Arising from these rainy weather conditions comes the attitude that a quick rain shower may be beautiful, as well as moody- but first and foremost requires the right outfit. Rains focus on the whole experience of going outside on rainy days, issuing an invitation to explore even in the most mercurial weather.</p>','published','[\"products\\/6.jpg\"]',NULL,'SM-103-A1',0,11,0,1,1,3,0,0,498,NULL,NULL,NULL,11.00,17.00,17.00,732.00,NULL,130745,'2024-11-11 01:20:43','2024-11-11 01:20:48','in_stock',0,'Botble\\ACL\\Models\\User',NULL,'physical',NULL,NULL,0,0,0,0,2,3,0),(7,'Audio Equipment','<ul><li> Unrestrained and portable active stereo speaker</li>\n            <li> Free from the confines of wires and chords</li>\n            <li> 20 hours of portable capabilities</li>\n            <li> Double-ended Coil Cord with 3.5mm Stereo Plugs Included</li>\n            <li> 3/4″ Dome Tweeters: 2X and 4″ Woofer: 1X</li></ul>','<p>Short Hooded Coat features a straight body, large pockets with button flaps, ventilation air holes, and a string detail along the hemline. The style is completed with a drawstring hood, featuring Rains’ signature built-in cap. Made from waterproof, matte PU, this lightweight unisex rain jacket is an ode to nostalgia through its classic silhouette and utilitarian design details.</p>\n                                <p>- Casual unisex fit</p>\n\n                                <p>- 64% polyester, 36% polyurethane</p>\n\n                                <p>- Water column pressure: 4000 mm</p>\n\n                                <p>- Model is 187cm tall and wearing a size S / M</p>\n\n                                <p>- Unisex fit</p>\n\n                                <p>- Drawstring hood with built-in cap</p>\n\n                                <p>- Front placket with snap buttons</p>\n\n                                <p>- Ventilation under armpit</p>\n\n                                <p>- Adjustable cuffs</p>\n\n                                <p>- Double welted front pockets</p>\n\n                                <p>- Adjustable elastic string at hempen</p>\n\n                                <p>- Ultrasonically welded seams</p>\n\n                                <p>This is a unisex item, please check our clothing &amp; footwear sizing guide for specific Rains jacket sizing information. RAINS comes from the rainy nation of Denmark at the edge of the European continent, close to the ocean and with prevailing westerly winds; all factors that contribute to an average of 121 rain days each year. Arising from these rainy weather conditions comes the attitude that a quick rain shower may be beautiful, as well as moody- but first and foremost requires the right outfit. Rains focus on the whole experience of going outside on rainy days, issuing an invitation to explore even in the most mercurial weather.</p>','published','[\"products\\/7.jpg\"]',NULL,'UQ-128',0,18,0,1,1,3,0,0,512,193,NULL,NULL,15.00,13.00,10.00,760.00,NULL,90963,'2024-11-11 01:20:43','2024-11-11 01:20:48','in_stock',0,'Botble\\ACL\\Models\\User',NULL,'physical',NULL,NULL,0,0,0,0,2,1,0),(8,'Smart Televisions (Digital)','<ul><li> Unrestrained and portable active stereo speaker</li>\n            <li> Free from the confines of wires and chords</li>\n            <li> 20 hours of portable capabilities</li>\n            <li> Double-ended Coil Cord with 3.5mm Stereo Plugs Included</li>\n            <li> 3/4″ Dome Tweeters: 2X and 4″ Woofer: 1X</li></ul>','<p>Short Hooded Coat features a straight body, large pockets with button flaps, ventilation air holes, and a string detail along the hemline. The style is completed with a drawstring hood, featuring Rains’ signature built-in cap. Made from waterproof, matte PU, this lightweight unisex rain jacket is an ode to nostalgia through its classic silhouette and utilitarian design details.</p>\n                                <p>- Casual unisex fit</p>\n\n                                <p>- 64% polyester, 36% polyurethane</p>\n\n                                <p>- Water column pressure: 4000 mm</p>\n\n                                <p>- Model is 187cm tall and wearing a size S / M</p>\n\n                                <p>- Unisex fit</p>\n\n                                <p>- Drawstring hood with built-in cap</p>\n\n                                <p>- Front placket with snap buttons</p>\n\n                                <p>- Ventilation under armpit</p>\n\n                                <p>- Adjustable cuffs</p>\n\n                                <p>- Double welted front pockets</p>\n\n                                <p>- Adjustable elastic string at hempen</p>\n\n                                <p>- Ultrasonically welded seams</p>\n\n                                <p>This is a unisex item, please check our clothing &amp; footwear sizing guide for specific Rains jacket sizing information. RAINS comes from the rainy nation of Denmark at the edge of the European continent, close to the ocean and with prevailing westerly winds; all factors that contribute to an average of 121 rain days each year. Arising from these rainy weather conditions comes the attitude that a quick rain shower may be beautiful, as well as moody- but first and foremost requires the right outfit. Rains focus on the whole experience of going outside on rainy days, issuing an invitation to explore even in the most mercurial weather.</p>','published','[\"products\\/8.jpg\",\"products\\/8-1.jpg\",\"products\\/8-2.jpg\",\"products\\/8-3.jpg\"]',NULL,'VB-114-A1',0,18,0,1,1,2,0,0,1102,804.46,NULL,NULL,15.00,20.00,15.00,838.00,NULL,177858,'2024-11-11 01:20:43','2024-11-11 01:20:48','in_stock',0,'Botble\\ACL\\Models\\User',NULL,'digital',NULL,NULL,0,0,0,0,2,1,0),(9,'Samsung Smart Phone','<ul><li> Unrestrained and portable active stereo speaker</li>\n            <li> Free from the confines of wires and chords</li>\n            <li> 20 hours of portable capabilities</li>\n            <li> Double-ended Coil Cord with 3.5mm Stereo Plugs Included</li>\n            <li> 3/4″ Dome Tweeters: 2X and 4″ Woofer: 1X</li></ul>','<p>Short Hooded Coat features a straight body, large pockets with button flaps, ventilation air holes, and a string detail along the hemline. The style is completed with a drawstring hood, featuring Rains’ signature built-in cap. Made from waterproof, matte PU, this lightweight unisex rain jacket is an ode to nostalgia through its classic silhouette and utilitarian design details.</p>\n                                <p>- Casual unisex fit</p>\n\n                                <p>- 64% polyester, 36% polyurethane</p>\n\n                                <p>- Water column pressure: 4000 mm</p>\n\n                                <p>- Model is 187cm tall and wearing a size S / M</p>\n\n                                <p>- Unisex fit</p>\n\n                                <p>- Drawstring hood with built-in cap</p>\n\n                                <p>- Front placket with snap buttons</p>\n\n                                <p>- Ventilation under armpit</p>\n\n                                <p>- Adjustable cuffs</p>\n\n                                <p>- Double welted front pockets</p>\n\n                                <p>- Adjustable elastic string at hempen</p>\n\n                                <p>- Ultrasonically welded seams</p>\n\n                                <p>This is a unisex item, please check our clothing &amp; footwear sizing guide for specific Rains jacket sizing information. RAINS comes from the rainy nation of Denmark at the edge of the European continent, close to the ocean and with prevailing westerly winds; all factors that contribute to an average of 121 rain days each year. Arising from these rainy weather conditions comes the attitude that a quick rain shower may be beautiful, as well as moody- but first and foremost requires the right outfit. Rains focus on the whole experience of going outside on rainy days, issuing an invitation to explore even in the most mercurial weather.</p>','published','[\"products\\/9.jpg\",\"products\\/9-1.jpg\",\"products\\/9-2.jpg\"]',NULL,'6I-172-A1',0,15,0,1,1,3,0,0,572,NULL,NULL,NULL,18.00,10.00,14.00,645.00,NULL,164437,'2024-11-11 01:20:43','2024-11-11 01:20:48','in_stock',0,'Botble\\ACL\\Models\\User',NULL,'physical',NULL,NULL,0,0,0,0,2,4,0),(10,'Herschel Leather Duffle Bag In Brown Color','<ul><li> Unrestrained and portable active stereo speaker</li>\n            <li> Free from the confines of wires and chords</li>\n            <li> 20 hours of portable capabilities</li>\n            <li> Double-ended Coil Cord with 3.5mm Stereo Plugs Included</li>\n            <li> 3/4″ Dome Tweeters: 2X and 4″ Woofer: 1X</li></ul>','<p>Short Hooded Coat features a straight body, large pockets with button flaps, ventilation air holes, and a string detail along the hemline. The style is completed with a drawstring hood, featuring Rains’ signature built-in cap. Made from waterproof, matte PU, this lightweight unisex rain jacket is an ode to nostalgia through its classic silhouette and utilitarian design details.</p>\n                                <p>- Casual unisex fit</p>\n\n                                <p>- 64% polyester, 36% polyurethane</p>\n\n                                <p>- Water column pressure: 4000 mm</p>\n\n                                <p>- Model is 187cm tall and wearing a size S / M</p>\n\n                                <p>- Unisex fit</p>\n\n                                <p>- Drawstring hood with built-in cap</p>\n\n                                <p>- Front placket with snap buttons</p>\n\n                                <p>- Ventilation under armpit</p>\n\n                                <p>- Adjustable cuffs</p>\n\n                                <p>- Double welted front pockets</p>\n\n                                <p>- Adjustable elastic string at hempen</p>\n\n                                <p>- Ultrasonically welded seams</p>\n\n                                <p>This is a unisex item, please check our clothing &amp; footwear sizing guide for specific Rains jacket sizing information. RAINS comes from the rainy nation of Denmark at the edge of the European continent, close to the ocean and with prevailing westerly winds; all factors that contribute to an average of 121 rain days each year. Arising from these rainy weather conditions comes the attitude that a quick rain shower may be beautiful, as well as moody- but first and foremost requires the right outfit. Rains focus on the whole experience of going outside on rainy days, issuing an invitation to explore even in the most mercurial weather.</p>','published','[\"products\\/10.jpg\",\"products\\/10-1.jpg\",\"products\\/10-2.jpg\"]',NULL,'6R-157-A1',0,12,0,1,0,5,0,0,1109,NULL,NULL,NULL,17.00,16.00,10.00,562.00,NULL,154854,'2024-11-11 01:20:43','2024-11-11 01:20:48','in_stock',0,'Botble\\ACL\\Models\\User',NULL,'physical',NULL,NULL,0,0,0,0,2,4,0),(11,'Xbox One Wireless Controller Black Color','<ul><li> Unrestrained and portable active stereo speaker</li>\n            <li> Free from the confines of wires and chords</li>\n            <li> 20 hours of portable capabilities</li>\n            <li> Double-ended Coil Cord with 3.5mm Stereo Plugs Included</li>\n            <li> 3/4″ Dome Tweeters: 2X and 4″ Woofer: 1X</li></ul>','<p>Short Hooded Coat features a straight body, large pockets with button flaps, ventilation air holes, and a string detail along the hemline. The style is completed with a drawstring hood, featuring Rains’ signature built-in cap. Made from waterproof, matte PU, this lightweight unisex rain jacket is an ode to nostalgia through its classic silhouette and utilitarian design details.</p>\n                                <p>- Casual unisex fit</p>\n\n                                <p>- 64% polyester, 36% polyurethane</p>\n\n                                <p>- Water column pressure: 4000 mm</p>\n\n                                <p>- Model is 187cm tall and wearing a size S / M</p>\n\n                                <p>- Unisex fit</p>\n\n                                <p>- Drawstring hood with built-in cap</p>\n\n                                <p>- Front placket with snap buttons</p>\n\n                                <p>- Ventilation under armpit</p>\n\n                                <p>- Adjustable cuffs</p>\n\n                                <p>- Double welted front pockets</p>\n\n                                <p>- Adjustable elastic string at hempen</p>\n\n                                <p>- Ultrasonically welded seams</p>\n\n                                <p>This is a unisex item, please check our clothing &amp; footwear sizing guide for specific Rains jacket sizing information. RAINS comes from the rainy nation of Denmark at the edge of the European continent, close to the ocean and with prevailing westerly winds; all factors that contribute to an average of 121 rain days each year. Arising from these rainy weather conditions comes the attitude that a quick rain shower may be beautiful, as well as moody- but first and foremost requires the right outfit. Rains focus on the whole experience of going outside on rainy days, issuing an invitation to explore even in the most mercurial weather.</p>','published','[\"products\\/11.jpg\",\"products\\/11-1.jpg\",\"products\\/11-2.jpg\",\"products\\/11-3.jpg\"]',NULL,'MU-195',0,13,0,1,1,3,0,0,1123,517,NULL,NULL,13.00,10.00,19.00,583.00,NULL,64493,'2024-11-11 01:20:43','2024-11-11 01:20:48','in_stock',0,'Botble\\ACL\\Models\\User',NULL,'physical',NULL,NULL,0,0,0,0,2,1,0),(12,'EPSION Plaster Printer (Digital)','<ul><li> Unrestrained and portable active stereo speaker</li>\n            <li> Free from the confines of wires and chords</li>\n            <li> 20 hours of portable capabilities</li>\n            <li> Double-ended Coil Cord with 3.5mm Stereo Plugs Included</li>\n            <li> 3/4″ Dome Tweeters: 2X and 4″ Woofer: 1X</li></ul>','<p>Short Hooded Coat features a straight body, large pockets with button flaps, ventilation air holes, and a string detail along the hemline. The style is completed with a drawstring hood, featuring Rains’ signature built-in cap. Made from waterproof, matte PU, this lightweight unisex rain jacket is an ode to nostalgia through its classic silhouette and utilitarian design details.</p>\n                                <p>- Casual unisex fit</p>\n\n                                <p>- 64% polyester, 36% polyurethane</p>\n\n                                <p>- Water column pressure: 4000 mm</p>\n\n                                <p>- Model is 187cm tall and wearing a size S / M</p>\n\n                                <p>- Unisex fit</p>\n\n                                <p>- Drawstring hood with built-in cap</p>\n\n                                <p>- Front placket with snap buttons</p>\n\n                                <p>- Ventilation under armpit</p>\n\n                                <p>- Adjustable cuffs</p>\n\n                                <p>- Double welted front pockets</p>\n\n                                <p>- Adjustable elastic string at hempen</p>\n\n                                <p>- Ultrasonically welded seams</p>\n\n                                <p>This is a unisex item, please check our clothing &amp; footwear sizing guide for specific Rains jacket sizing information. RAINS comes from the rainy nation of Denmark at the edge of the European continent, close to the ocean and with prevailing westerly winds; all factors that contribute to an average of 121 rain days each year. Arising from these rainy weather conditions comes the attitude that a quick rain shower may be beautiful, as well as moody- but first and foremost requires the right outfit. Rains focus on the whole experience of going outside on rainy days, issuing an invitation to explore even in the most mercurial weather.</p>','published','[\"products\\/12.jpg\",\"products\\/12-1.jpg\",\"products\\/12-2.jpg\",\"products\\/12-3.jpg\"]',NULL,'DG-151',0,13,0,1,1,3,0,0,591,578,NULL,NULL,16.00,12.00,20.00,663.00,NULL,103903,'2024-11-11 01:20:43','2024-11-11 01:20:48','in_stock',0,'Botble\\ACL\\Models\\User',NULL,'digital',NULL,NULL,0,0,0,0,1,4,0),(13,'Sound Intone I65 Earphone White Version','<ul><li> Unrestrained and portable active stereo speaker</li>\n            <li> Free from the confines of wires and chords</li>\n            <li> 20 hours of portable capabilities</li>\n            <li> Double-ended Coil Cord with 3.5mm Stereo Plugs Included</li>\n            <li> 3/4″ Dome Tweeters: 2X and 4″ Woofer: 1X</li></ul>','<p>Short Hooded Coat features a straight body, large pockets with button flaps, ventilation air holes, and a string detail along the hemline. The style is completed with a drawstring hood, featuring Rains’ signature built-in cap. Made from waterproof, matte PU, this lightweight unisex rain jacket is an ode to nostalgia through its classic silhouette and utilitarian design details.</p>\n                                <p>- Casual unisex fit</p>\n\n                                <p>- 64% polyester, 36% polyurethane</p>\n\n                                <p>- Water column pressure: 4000 mm</p>\n\n                                <p>- Model is 187cm tall and wearing a size S / M</p>\n\n                                <p>- Unisex fit</p>\n\n                                <p>- Drawstring hood with built-in cap</p>\n\n                                <p>- Front placket with snap buttons</p>\n\n                                <p>- Ventilation under armpit</p>\n\n                                <p>- Adjustable cuffs</p>\n\n                                <p>- Double welted front pockets</p>\n\n                                <p>- Adjustable elastic string at hempen</p>\n\n                                <p>- Ultrasonically welded seams</p>\n\n                                <p>This is a unisex item, please check our clothing &amp; footwear sizing guide for specific Rains jacket sizing information. RAINS comes from the rainy nation of Denmark at the edge of the European continent, close to the ocean and with prevailing westerly winds; all factors that contribute to an average of 121 rain days each year. Arising from these rainy weather conditions comes the attitude that a quick rain shower may be beautiful, as well as moody- but first and foremost requires the right outfit. Rains focus on the whole experience of going outside on rainy days, issuing an invitation to explore even in the most mercurial weather.</p>','published','[\"products\\/13.jpg\",\"products\\/13-1.jpg\"]',NULL,'U8-181',0,20,0,1,1,1,0,0,591,171,NULL,NULL,18.00,15.00,20.00,566.00,NULL,67918,'2024-11-11 01:20:43','2024-11-11 01:20:48','in_stock',0,'Botble\\ACL\\Models\\User',NULL,'physical',NULL,NULL,0,0,0,0,2,6,0),(14,'B&amp;O Play Mini Bluetooth Speaker','<ul><li> Unrestrained and portable active stereo speaker</li>\n            <li> Free from the confines of wires and chords</li>\n            <li> 20 hours of portable capabilities</li>\n            <li> Double-ended Coil Cord with 3.5mm Stereo Plugs Included</li>\n            <li> 3/4″ Dome Tweeters: 2X and 4″ Woofer: 1X</li></ul>','<p>Short Hooded Coat features a straight body, large pockets with button flaps, ventilation air holes, and a string detail along the hemline. The style is completed with a drawstring hood, featuring Rains’ signature built-in cap. Made from waterproof, matte PU, this lightweight unisex rain jacket is an ode to nostalgia through its classic silhouette and utilitarian design details.</p>\n                                <p>- Casual unisex fit</p>\n\n                                <p>- 64% polyester, 36% polyurethane</p>\n\n                                <p>- Water column pressure: 4000 mm</p>\n\n                                <p>- Model is 187cm tall and wearing a size S / M</p>\n\n                                <p>- Unisex fit</p>\n\n                                <p>- Drawstring hood with built-in cap</p>\n\n                                <p>- Front placket with snap buttons</p>\n\n                                <p>- Ventilation under armpit</p>\n\n                                <p>- Adjustable cuffs</p>\n\n                                <p>- Double welted front pockets</p>\n\n                                <p>- Adjustable elastic string at hempen</p>\n\n                                <p>- Ultrasonically welded seams</p>\n\n                                <p>This is a unisex item, please check our clothing &amp; footwear sizing guide for specific Rains jacket sizing information. RAINS comes from the rainy nation of Denmark at the edge of the European continent, close to the ocean and with prevailing westerly winds; all factors that contribute to an average of 121 rain days each year. Arising from these rainy weather conditions comes the attitude that a quick rain shower may be beautiful, as well as moody- but first and foremost requires the right outfit. Rains focus on the whole experience of going outside on rainy days, issuing an invitation to explore even in the most mercurial weather.</p>','published','[\"products\\/14.jpg\"]',NULL,'JH-110-A1',0,15,0,1,1,4,0,0,576,NULL,NULL,NULL,20.00,12.00,13.00,581.00,NULL,152309,'2024-11-11 01:20:43','2024-11-11 01:20:48','in_stock',0,'Botble\\ACL\\Models\\User',NULL,'physical',NULL,NULL,0,0,0,0,1,7,0),(15,'Apple MacBook Air Retina 13.3-Inch Laptop','<ul><li> Unrestrained and portable active stereo speaker</li>\n            <li> Free from the confines of wires and chords</li>\n            <li> 20 hours of portable capabilities</li>\n            <li> Double-ended Coil Cord with 3.5mm Stereo Plugs Included</li>\n            <li> 3/4″ Dome Tweeters: 2X and 4″ Woofer: 1X</li></ul>','<p>Short Hooded Coat features a straight body, large pockets with button flaps, ventilation air holes, and a string detail along the hemline. The style is completed with a drawstring hood, featuring Rains’ signature built-in cap. Made from waterproof, matte PU, this lightweight unisex rain jacket is an ode to nostalgia through its classic silhouette and utilitarian design details.</p>\n                                <p>- Casual unisex fit</p>\n\n                                <p>- 64% polyester, 36% polyurethane</p>\n\n                                <p>- Water column pressure: 4000 mm</p>\n\n                                <p>- Model is 187cm tall and wearing a size S / M</p>\n\n                                <p>- Unisex fit</p>\n\n                                <p>- Drawstring hood with built-in cap</p>\n\n                                <p>- Front placket with snap buttons</p>\n\n                                <p>- Ventilation under armpit</p>\n\n                                <p>- Adjustable cuffs</p>\n\n                                <p>- Double welted front pockets</p>\n\n                                <p>- Adjustable elastic string at hempen</p>\n\n                                <p>- Ultrasonically welded seams</p>\n\n                                <p>This is a unisex item, please check our clothing &amp; footwear sizing guide for specific Rains jacket sizing information. RAINS comes from the rainy nation of Denmark at the edge of the European continent, close to the ocean and with prevailing westerly winds; all factors that contribute to an average of 121 rain days each year. Arising from these rainy weather conditions comes the attitude that a quick rain shower may be beautiful, as well as moody- but first and foremost requires the right outfit. Rains focus on the whole experience of going outside on rainy days, issuing an invitation to explore even in the most mercurial weather.</p>','published','[\"products\\/15.jpg\",\"products\\/15-1.jpg\"]',NULL,'QR-149-A1',0,10,0,1,0,5,0,0,572,NULL,NULL,NULL,13.00,19.00,10.00,623.00,NULL,55543,'2024-11-11 01:20:43','2024-11-11 01:20:48','in_stock',0,'Botble\\ACL\\Models\\User',NULL,'physical',NULL,NULL,0,0,0,0,1,5,0),(16,'Apple MacBook Air Retina 12-Inch Laptop (Digital)','<ul><li> Unrestrained and portable active stereo speaker</li>\n            <li> Free from the confines of wires and chords</li>\n            <li> 20 hours of portable capabilities</li>\n            <li> Double-ended Coil Cord with 3.5mm Stereo Plugs Included</li>\n            <li> 3/4″ Dome Tweeters: 2X and 4″ Woofer: 1X</li></ul>','<p>Short Hooded Coat features a straight body, large pockets with button flaps, ventilation air holes, and a string detail along the hemline. The style is completed with a drawstring hood, featuring Rains’ signature built-in cap. Made from waterproof, matte PU, this lightweight unisex rain jacket is an ode to nostalgia through its classic silhouette and utilitarian design details.</p>\n                                <p>- Casual unisex fit</p>\n\n                                <p>- 64% polyester, 36% polyurethane</p>\n\n                                <p>- Water column pressure: 4000 mm</p>\n\n                                <p>- Model is 187cm tall and wearing a size S / M</p>\n\n                                <p>- Unisex fit</p>\n\n                                <p>- Drawstring hood with built-in cap</p>\n\n                                <p>- Front placket with snap buttons</p>\n\n                                <p>- Ventilation under armpit</p>\n\n                                <p>- Adjustable cuffs</p>\n\n                                <p>- Double welted front pockets</p>\n\n                                <p>- Adjustable elastic string at hempen</p>\n\n                                <p>- Ultrasonically welded seams</p>\n\n                                <p>This is a unisex item, please check our clothing &amp; footwear sizing guide for specific Rains jacket sizing information. RAINS comes from the rainy nation of Denmark at the edge of the European continent, close to the ocean and with prevailing westerly winds; all factors that contribute to an average of 121 rain days each year. Arising from these rainy weather conditions comes the attitude that a quick rain shower may be beautiful, as well as moody- but first and foremost requires the right outfit. Rains focus on the whole experience of going outside on rainy days, issuing an invitation to explore even in the most mercurial weather.</p>','published','[\"products\\/16.jpg\"]',NULL,'KU-190-A1',0,20,0,1,1,5,0,0,577,478.91,NULL,NULL,13.00,13.00,11.00,849.00,NULL,160331,'2024-11-11 01:20:43','2024-11-11 01:20:48','in_stock',0,'Botble\\ACL\\Models\\User',NULL,'digital',NULL,NULL,0,0,0,0,1,1,0),(17,'Samsung Gear VR Virtual Reality Headset','<ul><li> Unrestrained and portable active stereo speaker</li>\n            <li> Free from the confines of wires and chords</li>\n            <li> 20 hours of portable capabilities</li>\n            <li> Double-ended Coil Cord with 3.5mm Stereo Plugs Included</li>\n            <li> 3/4″ Dome Tweeters: 2X and 4″ Woofer: 1X</li></ul>','<p>Short Hooded Coat features a straight body, large pockets with button flaps, ventilation air holes, and a string detail along the hemline. The style is completed with a drawstring hood, featuring Rains’ signature built-in cap. Made from waterproof, matte PU, this lightweight unisex rain jacket is an ode to nostalgia through its classic silhouette and utilitarian design details.</p>\n                                <p>- Casual unisex fit</p>\n\n                                <p>- 64% polyester, 36% polyurethane</p>\n\n                                <p>- Water column pressure: 4000 mm</p>\n\n                                <p>- Model is 187cm tall and wearing a size S / M</p>\n\n                                <p>- Unisex fit</p>\n\n                                <p>- Drawstring hood with built-in cap</p>\n\n                                <p>- Front placket with snap buttons</p>\n\n                                <p>- Ventilation under armpit</p>\n\n                                <p>- Adjustable cuffs</p>\n\n                                <p>- Double welted front pockets</p>\n\n                                <p>- Adjustable elastic string at hempen</p>\n\n                                <p>- Ultrasonically welded seams</p>\n\n                                <p>This is a unisex item, please check our clothing &amp; footwear sizing guide for specific Rains jacket sizing information. RAINS comes from the rainy nation of Denmark at the edge of the European continent, close to the ocean and with prevailing westerly winds; all factors that contribute to an average of 121 rain days each year. Arising from these rainy weather conditions comes the attitude that a quick rain shower may be beautiful, as well as moody- but first and foremost requires the right outfit. Rains focus on the whole experience of going outside on rainy days, issuing an invitation to explore even in the most mercurial weather.</p>','published','[\"products\\/17.jpg\",\"products\\/17-1.jpg\",\"products\\/17-2.jpg\",\"products\\/17-3.jpg\"]',NULL,'DB-157',0,12,0,1,1,3,0,0,587,410,NULL,NULL,18.00,12.00,10.00,777.00,NULL,89772,'2024-11-11 01:20:43','2024-11-11 01:20:48','in_stock',0,'Botble\\ACL\\Models\\User',NULL,'physical',NULL,NULL,0,0,0,0,1,2,0),(18,'Aveeno Moisturizing Body Shower 450ml','<ul><li> Unrestrained and portable active stereo speaker</li>\n            <li> Free from the confines of wires and chords</li>\n            <li> 20 hours of portable capabilities</li>\n            <li> Double-ended Coil Cord with 3.5mm Stereo Plugs Included</li>\n            <li> 3/4″ Dome Tweeters: 2X and 4″ Woofer: 1X</li></ul>','<p>Short Hooded Coat features a straight body, large pockets with button flaps, ventilation air holes, and a string detail along the hemline. The style is completed with a drawstring hood, featuring Rains’ signature built-in cap. Made from waterproof, matte PU, this lightweight unisex rain jacket is an ode to nostalgia through its classic silhouette and utilitarian design details.</p>\n                                <p>- Casual unisex fit</p>\n\n                                <p>- 64% polyester, 36% polyurethane</p>\n\n                                <p>- Water column pressure: 4000 mm</p>\n\n                                <p>- Model is 187cm tall and wearing a size S / M</p>\n\n                                <p>- Unisex fit</p>\n\n                                <p>- Drawstring hood with built-in cap</p>\n\n                                <p>- Front placket with snap buttons</p>\n\n                                <p>- Ventilation under armpit</p>\n\n                                <p>- Adjustable cuffs</p>\n\n                                <p>- Double welted front pockets</p>\n\n                                <p>- Adjustable elastic string at hempen</p>\n\n                                <p>- Ultrasonically welded seams</p>\n\n                                <p>This is a unisex item, please check our clothing &amp; footwear sizing guide for specific Rains jacket sizing information. RAINS comes from the rainy nation of Denmark at the edge of the European continent, close to the ocean and with prevailing westerly winds; all factors that contribute to an average of 121 rain days each year. Arising from these rainy weather conditions comes the attitude that a quick rain shower may be beautiful, as well as moody- but first and foremost requires the right outfit. Rains focus on the whole experience of going outside on rainy days, issuing an invitation to explore even in the most mercurial weather.</p>','published','[\"products\\/18.jpg\",\"products\\/18-1.jpg\",\"products\\/18-2.jpg\",\"products\\/18-3.jpg\"]',NULL,'HO-185-A1',0,10,0,1,1,2,0,0,1158,NULL,NULL,NULL,15.00,10.00,18.00,728.00,NULL,85697,'2024-11-11 01:20:43','2024-11-11 01:20:48','in_stock',0,'Botble\\ACL\\Models\\User',NULL,'physical',NULL,NULL,0,0,0,0,1,1,0),(19,'NYX Beauty Couton Pallete Makeup 12','<ul><li> Unrestrained and portable active stereo speaker</li>\n            <li> Free from the confines of wires and chords</li>\n            <li> 20 hours of portable capabilities</li>\n            <li> Double-ended Coil Cord with 3.5mm Stereo Plugs Included</li>\n            <li> 3/4″ Dome Tweeters: 2X and 4″ Woofer: 1X</li></ul>','<p>Short Hooded Coat features a straight body, large pockets with button flaps, ventilation air holes, and a string detail along the hemline. The style is completed with a drawstring hood, featuring Rains’ signature built-in cap. Made from waterproof, matte PU, this lightweight unisex rain jacket is an ode to nostalgia through its classic silhouette and utilitarian design details.</p>\n                                <p>- Casual unisex fit</p>\n\n                                <p>- 64% polyester, 36% polyurethane</p>\n\n                                <p>- Water column pressure: 4000 mm</p>\n\n                                <p>- Model is 187cm tall and wearing a size S / M</p>\n\n                                <p>- Unisex fit</p>\n\n                                <p>- Drawstring hood with built-in cap</p>\n\n                                <p>- Front placket with snap buttons</p>\n\n                                <p>- Ventilation under armpit</p>\n\n                                <p>- Adjustable cuffs</p>\n\n                                <p>- Double welted front pockets</p>\n\n                                <p>- Adjustable elastic string at hempen</p>\n\n                                <p>- Ultrasonically welded seams</p>\n\n                                <p>This is a unisex item, please check our clothing &amp; footwear sizing guide for specific Rains jacket sizing information. RAINS comes from the rainy nation of Denmark at the edge of the European continent, close to the ocean and with prevailing westerly winds; all factors that contribute to an average of 121 rain days each year. Arising from these rainy weather conditions comes the attitude that a quick rain shower may be beautiful, as well as moody- but first and foremost requires the right outfit. Rains focus on the whole experience of going outside on rainy days, issuing an invitation to explore even in the most mercurial weather.</p>','published','[\"products\\/19.jpg\",\"products\\/19-1.jpg\",\"products\\/19-2.jpg\",\"products\\/19-3.jpg\"]',NULL,'FL-136-A1',0,10,0,1,1,4,0,0,980,NULL,NULL,NULL,17.00,20.00,19.00,536.00,NULL,146687,'2024-11-11 01:20:43','2024-11-11 01:20:48','in_stock',0,'Botble\\ACL\\Models\\User',NULL,'physical',NULL,NULL,0,0,0,0,2,5,0),(20,'NYX Beauty Couton Pallete Makeup 12 (Digital)','<ul><li> Unrestrained and portable active stereo speaker</li>\n            <li> Free from the confines of wires and chords</li>\n            <li> 20 hours of portable capabilities</li>\n            <li> Double-ended Coil Cord with 3.5mm Stereo Plugs Included</li>\n            <li> 3/4″ Dome Tweeters: 2X and 4″ Woofer: 1X</li></ul>','<p>Short Hooded Coat features a straight body, large pockets with button flaps, ventilation air holes, and a string detail along the hemline. The style is completed with a drawstring hood, featuring Rains’ signature built-in cap. Made from waterproof, matte PU, this lightweight unisex rain jacket is an ode to nostalgia through its classic silhouette and utilitarian design details.</p>\n                                <p>- Casual unisex fit</p>\n\n                                <p>- 64% polyester, 36% polyurethane</p>\n\n                                <p>- Water column pressure: 4000 mm</p>\n\n                                <p>- Model is 187cm tall and wearing a size S / M</p>\n\n                                <p>- Unisex fit</p>\n\n                                <p>- Drawstring hood with built-in cap</p>\n\n                                <p>- Front placket with snap buttons</p>\n\n                                <p>- Ventilation under armpit</p>\n\n                                <p>- Adjustable cuffs</p>\n\n                                <p>- Double welted front pockets</p>\n\n                                <p>- Adjustable elastic string at hempen</p>\n\n                                <p>- Ultrasonically welded seams</p>\n\n                                <p>This is a unisex item, please check our clothing &amp; footwear sizing guide for specific Rains jacket sizing information. RAINS comes from the rainy nation of Denmark at the edge of the European continent, close to the ocean and with prevailing westerly winds; all factors that contribute to an average of 121 rain days each year. Arising from these rainy weather conditions comes the attitude that a quick rain shower may be beautiful, as well as moody- but first and foremost requires the right outfit. Rains focus on the whole experience of going outside on rainy days, issuing an invitation to explore even in the most mercurial weather.</p>','published','[\"products\\/20.jpg\",\"products\\/20-1.jpg\",\"products\\/20-2.jpg\",\"products\\/20-3.jpg\"]',NULL,'C5-199-A1',0,19,0,1,0,4,0,0,801,624.78,NULL,NULL,20.00,18.00,15.00,573.00,NULL,73425,'2024-11-11 01:20:43','2024-11-11 01:20:48','in_stock',0,'Botble\\ACL\\Models\\User',NULL,'digital',NULL,NULL,0,0,0,0,2,8,0),(21,'MVMTH Classical Leather Watch In Black','<ul><li> Unrestrained and portable active stereo speaker</li>\n            <li> Free from the confines of wires and chords</li>\n            <li> 20 hours of portable capabilities</li>\n            <li> Double-ended Coil Cord with 3.5mm Stereo Plugs Included</li>\n            <li> 3/4″ Dome Tweeters: 2X and 4″ Woofer: 1X</li></ul>','<p>Short Hooded Coat features a straight body, large pockets with button flaps, ventilation air holes, and a string detail along the hemline. The style is completed with a drawstring hood, featuring Rains’ signature built-in cap. Made from waterproof, matte PU, this lightweight unisex rain jacket is an ode to nostalgia through its classic silhouette and utilitarian design details.</p>\n                                <p>- Casual unisex fit</p>\n\n                                <p>- 64% polyester, 36% polyurethane</p>\n\n                                <p>- Water column pressure: 4000 mm</p>\n\n                                <p>- Model is 187cm tall and wearing a size S / M</p>\n\n                                <p>- Unisex fit</p>\n\n                                <p>- Drawstring hood with built-in cap</p>\n\n                                <p>- Front placket with snap buttons</p>\n\n                                <p>- Ventilation under armpit</p>\n\n                                <p>- Adjustable cuffs</p>\n\n                                <p>- Double welted front pockets</p>\n\n                                <p>- Adjustable elastic string at hempen</p>\n\n                                <p>- Ultrasonically welded seams</p>\n\n                                <p>This is a unisex item, please check our clothing &amp; footwear sizing guide for specific Rains jacket sizing information. RAINS comes from the rainy nation of Denmark at the edge of the European continent, close to the ocean and with prevailing westerly winds; all factors that contribute to an average of 121 rain days each year. Arising from these rainy weather conditions comes the attitude that a quick rain shower may be beautiful, as well as moody- but first and foremost requires the right outfit. Rains focus on the whole experience of going outside on rainy days, issuing an invitation to explore even in the most mercurial weather.</p>','published','[\"products\\/21.jpg\",\"products\\/21-1.jpg\",\"products\\/21-2.jpg\"]',NULL,'BF-164',0,19,0,1,0,1,0,0,889,224,NULL,NULL,17.00,13.00,14.00,779.00,NULL,23120,'2024-11-11 01:20:43','2024-11-11 01:20:48','in_stock',0,'Botble\\ACL\\Models\\User',NULL,'physical',NULL,NULL,0,0,0,0,2,8,0),(22,'Baxter Care Hair Kit For Bearded Mens','<ul><li> Unrestrained and portable active stereo speaker</li>\n            <li> Free from the confines of wires and chords</li>\n            <li> 20 hours of portable capabilities</li>\n            <li> Double-ended Coil Cord with 3.5mm Stereo Plugs Included</li>\n            <li> 3/4″ Dome Tweeters: 2X and 4″ Woofer: 1X</li></ul>','<p>Short Hooded Coat features a straight body, large pockets with button flaps, ventilation air holes, and a string detail along the hemline. The style is completed with a drawstring hood, featuring Rains’ signature built-in cap. Made from waterproof, matte PU, this lightweight unisex rain jacket is an ode to nostalgia through its classic silhouette and utilitarian design details.</p>\n                                <p>- Casual unisex fit</p>\n\n                                <p>- 64% polyester, 36% polyurethane</p>\n\n                                <p>- Water column pressure: 4000 mm</p>\n\n                                <p>- Model is 187cm tall and wearing a size S / M</p>\n\n                                <p>- Unisex fit</p>\n\n                                <p>- Drawstring hood with built-in cap</p>\n\n                                <p>- Front placket with snap buttons</p>\n\n                                <p>- Ventilation under armpit</p>\n\n                                <p>- Adjustable cuffs</p>\n\n                                <p>- Double welted front pockets</p>\n\n                                <p>- Adjustable elastic string at hempen</p>\n\n                                <p>- Ultrasonically welded seams</p>\n\n                                <p>This is a unisex item, please check our clothing &amp; footwear sizing guide for specific Rains jacket sizing information. RAINS comes from the rainy nation of Denmark at the edge of the European continent, close to the ocean and with prevailing westerly winds; all factors that contribute to an average of 121 rain days each year. Arising from these rainy weather conditions comes the attitude that a quick rain shower may be beautiful, as well as moody- but first and foremost requires the right outfit. Rains focus on the whole experience of going outside on rainy days, issuing an invitation to explore even in the most mercurial weather.</p>','published','[\"products\\/22.jpg\",\"products\\/22-1.jpg\",\"products\\/22-2.jpg\",\"products\\/22-3.jpg\"]',NULL,'2O-188-A1',0,13,0,1,0,1,0,0,597,NULL,NULL,NULL,17.00,17.00,18.00,742.00,NULL,94959,'2024-11-11 01:20:43','2024-11-11 01:20:48','in_stock',0,'Botble\\ACL\\Models\\User',NULL,'physical',NULL,NULL,0,0,0,0,2,5,0),(23,'Ciate Palemore Lipstick Bold Red Color','<ul><li> Unrestrained and portable active stereo speaker</li>\n            <li> Free from the confines of wires and chords</li>\n            <li> 20 hours of portable capabilities</li>\n            <li> Double-ended Coil Cord with 3.5mm Stereo Plugs Included</li>\n            <li> 3/4″ Dome Tweeters: 2X and 4″ Woofer: 1X</li></ul>','<p>Short Hooded Coat features a straight body, large pockets with button flaps, ventilation air holes, and a string detail along the hemline. The style is completed with a drawstring hood, featuring Rains’ signature built-in cap. Made from waterproof, matte PU, this lightweight unisex rain jacket is an ode to nostalgia through its classic silhouette and utilitarian design details.</p>\n                                <p>- Casual unisex fit</p>\n\n                                <p>- 64% polyester, 36% polyurethane</p>\n\n                                <p>- Water column pressure: 4000 mm</p>\n\n                                <p>- Model is 187cm tall and wearing a size S / M</p>\n\n                                <p>- Unisex fit</p>\n\n                                <p>- Drawstring hood with built-in cap</p>\n\n                                <p>- Front placket with snap buttons</p>\n\n                                <p>- Ventilation under armpit</p>\n\n                                <p>- Adjustable cuffs</p>\n\n                                <p>- Double welted front pockets</p>\n\n                                <p>- Adjustable elastic string at hempen</p>\n\n                                <p>- Ultrasonically welded seams</p>\n\n                                <p>This is a unisex item, please check our clothing &amp; footwear sizing guide for specific Rains jacket sizing information. RAINS comes from the rainy nation of Denmark at the edge of the European continent, close to the ocean and with prevailing westerly winds; all factors that contribute to an average of 121 rain days each year. Arising from these rainy weather conditions comes the attitude that a quick rain shower may be beautiful, as well as moody- but first and foremost requires the right outfit. Rains focus on the whole experience of going outside on rainy days, issuing an invitation to explore even in the most mercurial weather.</p>','published','[\"products\\/23.jpg\",\"products\\/23-1.jpg\",\"products\\/23-2.jpg\",\"products\\/23-3.jpg\"]',NULL,'C9-172-A1',0,14,0,1,1,3,0,0,646,NULL,NULL,NULL,16.00,14.00,14.00,657.00,NULL,154807,'2024-11-11 01:20:43','2024-11-11 01:20:48','in_stock',0,'Botble\\ACL\\Models\\User',NULL,'physical',NULL,NULL,0,0,0,0,1,2,0),(24,'Vimto Squash Remix Apple 1.5 Litres (Digital)','<ul><li> Unrestrained and portable active stereo speaker</li>\n            <li> Free from the confines of wires and chords</li>\n            <li> 20 hours of portable capabilities</li>\n            <li> Double-ended Coil Cord with 3.5mm Stereo Plugs Included</li>\n            <li> 3/4″ Dome Tweeters: 2X and 4″ Woofer: 1X</li></ul>','<p>Short Hooded Coat features a straight body, large pockets with button flaps, ventilation air holes, and a string detail along the hemline. The style is completed with a drawstring hood, featuring Rains’ signature built-in cap. Made from waterproof, matte PU, this lightweight unisex rain jacket is an ode to nostalgia through its classic silhouette and utilitarian design details.</p>\n                                <p>- Casual unisex fit</p>\n\n                                <p>- 64% polyester, 36% polyurethane</p>\n\n                                <p>- Water column pressure: 4000 mm</p>\n\n                                <p>- Model is 187cm tall and wearing a size S / M</p>\n\n                                <p>- Unisex fit</p>\n\n                                <p>- Drawstring hood with built-in cap</p>\n\n                                <p>- Front placket with snap buttons</p>\n\n                                <p>- Ventilation under armpit</p>\n\n                                <p>- Adjustable cuffs</p>\n\n                                <p>- Double welted front pockets</p>\n\n                                <p>- Adjustable elastic string at hempen</p>\n\n                                <p>- Ultrasonically welded seams</p>\n\n                                <p>This is a unisex item, please check our clothing &amp; footwear sizing guide for specific Rains jacket sizing information. RAINS comes from the rainy nation of Denmark at the edge of the European continent, close to the ocean and with prevailing westerly winds; all factors that contribute to an average of 121 rain days each year. Arising from these rainy weather conditions comes the attitude that a quick rain shower may be beautiful, as well as moody- but first and foremost requires the right outfit. Rains focus on the whole experience of going outside on rainy days, issuing an invitation to explore even in the most mercurial weather.</p>','published','[\"products\\/24.jpg\",\"products\\/24-1.jpg\",\"products\\/24-2.jpg\"]',NULL,'FJ-184',0,17,0,1,1,1,0,0,505,86,NULL,NULL,20.00,18.00,15.00,590.00,NULL,26345,'2024-11-11 01:20:43','2024-11-11 01:20:48','in_stock',0,'Botble\\ACL\\Models\\User',NULL,'digital',NULL,NULL,0,0,0,0,2,3,0),(25,'Crock Pot Slow Cooker','<ul><li> Unrestrained and portable active stereo speaker</li>\n            <li> Free from the confines of wires and chords</li>\n            <li> 20 hours of portable capabilities</li>\n            <li> Double-ended Coil Cord with 3.5mm Stereo Plugs Included</li>\n            <li> 3/4″ Dome Tweeters: 2X and 4″ Woofer: 1X</li></ul>','<p>Short Hooded Coat features a straight body, large pockets with button flaps, ventilation air holes, and a string detail along the hemline. The style is completed with a drawstring hood, featuring Rains’ signature built-in cap. Made from waterproof, matte PU, this lightweight unisex rain jacket is an ode to nostalgia through its classic silhouette and utilitarian design details.</p>\n                                <p>- Casual unisex fit</p>\n\n                                <p>- 64% polyester, 36% polyurethane</p>\n\n                                <p>- Water column pressure: 4000 mm</p>\n\n                                <p>- Model is 187cm tall and wearing a size S / M</p>\n\n                                <p>- Unisex fit</p>\n\n                                <p>- Drawstring hood with built-in cap</p>\n\n                                <p>- Front placket with snap buttons</p>\n\n                                <p>- Ventilation under armpit</p>\n\n                                <p>- Adjustable cuffs</p>\n\n                                <p>- Double welted front pockets</p>\n\n                                <p>- Adjustable elastic string at hempen</p>\n\n                                <p>- Ultrasonically welded seams</p>\n\n                                <p>This is a unisex item, please check our clothing &amp; footwear sizing guide for specific Rains jacket sizing information. RAINS comes from the rainy nation of Denmark at the edge of the European continent, close to the ocean and with prevailing westerly winds; all factors that contribute to an average of 121 rain days each year. Arising from these rainy weather conditions comes the attitude that a quick rain shower may be beautiful, as well as moody- but first and foremost requires the right outfit. Rains focus on the whole experience of going outside on rainy days, issuing an invitation to explore even in the most mercurial weather.</p>','published','[\"products\\/25.jpg\",\"products\\/25-1.jpg\",\"products\\/25-2.jpg\"]',NULL,'AK-141',0,20,0,1,0,4,0,0,570,482,NULL,NULL,15.00,15.00,14.00,513.00,NULL,48532,'2024-11-11 01:20:43','2024-11-11 01:20:48','in_stock',0,'Botble\\ACL\\Models\\User',NULL,'physical',NULL,NULL,0,0,0,0,2,5,0),(26,'Taylors of Harrogate Yorkshire Coffee','<ul><li> Unrestrained and portable active stereo speaker</li>\n            <li> Free from the confines of wires and chords</li>\n            <li> 20 hours of portable capabilities</li>\n            <li> Double-ended Coil Cord with 3.5mm Stereo Plugs Included</li>\n            <li> 3/4″ Dome Tweeters: 2X and 4″ Woofer: 1X</li></ul>','<p>Short Hooded Coat features a straight body, large pockets with button flaps, ventilation air holes, and a string detail along the hemline. The style is completed with a drawstring hood, featuring Rains’ signature built-in cap. Made from waterproof, matte PU, this lightweight unisex rain jacket is an ode to nostalgia through its classic silhouette and utilitarian design details.</p>\n                                <p>- Casual unisex fit</p>\n\n                                <p>- 64% polyester, 36% polyurethane</p>\n\n                                <p>- Water column pressure: 4000 mm</p>\n\n                                <p>- Model is 187cm tall and wearing a size S / M</p>\n\n                                <p>- Unisex fit</p>\n\n                                <p>- Drawstring hood with built-in cap</p>\n\n                                <p>- Front placket with snap buttons</p>\n\n                                <p>- Ventilation under armpit</p>\n\n                                <p>- Adjustable cuffs</p>\n\n                                <p>- Double welted front pockets</p>\n\n                                <p>- Adjustable elastic string at hempen</p>\n\n                                <p>- Ultrasonically welded seams</p>\n\n                                <p>This is a unisex item, please check our clothing &amp; footwear sizing guide for specific Rains jacket sizing information. RAINS comes from the rainy nation of Denmark at the edge of the European continent, close to the ocean and with prevailing westerly winds; all factors that contribute to an average of 121 rain days each year. Arising from these rainy weather conditions comes the attitude that a quick rain shower may be beautiful, as well as moody- but first and foremost requires the right outfit. Rains focus on the whole experience of going outside on rainy days, issuing an invitation to explore even in the most mercurial weather.</p>','published','[\"products\\/26.jpg\",\"products\\/26-1.jpg\"]',NULL,'IB-190-A1',0,19,0,1,1,2,0,0,1011,NULL,NULL,NULL,11.00,16.00,10.00,753.00,NULL,185308,'2024-11-11 01:20:43','2024-11-11 01:20:48','in_stock',0,'Botble\\ACL\\Models\\User',NULL,'physical',NULL,NULL,0,0,0,0,1,2,0),(27,'Soft Mochi &amp; Galeto Ice Cream','<ul><li> Unrestrained and portable active stereo speaker</li>\n            <li> Free from the confines of wires and chords</li>\n            <li> 20 hours of portable capabilities</li>\n            <li> Double-ended Coil Cord with 3.5mm Stereo Plugs Included</li>\n            <li> 3/4″ Dome Tweeters: 2X and 4″ Woofer: 1X</li></ul>','<p>Short Hooded Coat features a straight body, large pockets with button flaps, ventilation air holes, and a string detail along the hemline. The style is completed with a drawstring hood, featuring Rains’ signature built-in cap. Made from waterproof, matte PU, this lightweight unisex rain jacket is an ode to nostalgia through its classic silhouette and utilitarian design details.</p>\n                                <p>- Casual unisex fit</p>\n\n                                <p>- 64% polyester, 36% polyurethane</p>\n\n                                <p>- Water column pressure: 4000 mm</p>\n\n                                <p>- Model is 187cm tall and wearing a size S / M</p>\n\n                                <p>- Unisex fit</p>\n\n                                <p>- Drawstring hood with built-in cap</p>\n\n                                <p>- Front placket with snap buttons</p>\n\n                                <p>- Ventilation under armpit</p>\n\n                                <p>- Adjustable cuffs</p>\n\n                                <p>- Double welted front pockets</p>\n\n                                <p>- Adjustable elastic string at hempen</p>\n\n                                <p>- Ultrasonically welded seams</p>\n\n                                <p>This is a unisex item, please check our clothing &amp; footwear sizing guide for specific Rains jacket sizing information. RAINS comes from the rainy nation of Denmark at the edge of the European continent, close to the ocean and with prevailing westerly winds; all factors that contribute to an average of 121 rain days each year. Arising from these rainy weather conditions comes the attitude that a quick rain shower may be beautiful, as well as moody- but first and foremost requires the right outfit. Rains focus on the whole experience of going outside on rainy days, issuing an invitation to explore even in the most mercurial weather.</p>','published','[\"products\\/27.jpg\",\"products\\/27-1.jpg\"]',NULL,'FR-139-A1',0,15,0,1,1,4,0,0,685,NULL,NULL,NULL,18.00,15.00,16.00,845.00,NULL,172699,'2024-11-11 01:20:43','2024-11-11 01:20:48','in_stock',0,'Botble\\ACL\\Models\\User',NULL,'physical',NULL,NULL,0,0,0,0,2,5,0),(28,'Naked Noodle Egg Noodles Singapore (Digital)','<ul><li> Unrestrained and portable active stereo speaker</li>\n            <li> Free from the confines of wires and chords</li>\n            <li> 20 hours of portable capabilities</li>\n            <li> Double-ended Coil Cord with 3.5mm Stereo Plugs Included</li>\n            <li> 3/4″ Dome Tweeters: 2X and 4″ Woofer: 1X</li></ul>','<p>Short Hooded Coat features a straight body, large pockets with button flaps, ventilation air holes, and a string detail along the hemline. The style is completed with a drawstring hood, featuring Rains’ signature built-in cap. Made from waterproof, matte PU, this lightweight unisex rain jacket is an ode to nostalgia through its classic silhouette and utilitarian design details.</p>\n                                <p>- Casual unisex fit</p>\n\n                                <p>- 64% polyester, 36% polyurethane</p>\n\n                                <p>- Water column pressure: 4000 mm</p>\n\n                                <p>- Model is 187cm tall and wearing a size S / M</p>\n\n                                <p>- Unisex fit</p>\n\n                                <p>- Drawstring hood with built-in cap</p>\n\n                                <p>- Front placket with snap buttons</p>\n\n                                <p>- Ventilation under armpit</p>\n\n                                <p>- Adjustable cuffs</p>\n\n                                <p>- Double welted front pockets</p>\n\n                                <p>- Adjustable elastic string at hempen</p>\n\n                                <p>- Ultrasonically welded seams</p>\n\n                                <p>This is a unisex item, please check our clothing &amp; footwear sizing guide for specific Rains jacket sizing information. RAINS comes from the rainy nation of Denmark at the edge of the European continent, close to the ocean and with prevailing westerly winds; all factors that contribute to an average of 121 rain days each year. Arising from these rainy weather conditions comes the attitude that a quick rain shower may be beautiful, as well as moody- but first and foremost requires the right outfit. Rains focus on the whole experience of going outside on rainy days, issuing an invitation to explore even in the most mercurial weather.</p>','published','[\"products\\/28.jpg\",\"products\\/28-1.jpg\",\"products\\/28-2.jpg\"]',NULL,'MC-195-A1',0,12,0,1,0,1,0,0,813,707.31,NULL,NULL,19.00,16.00,20.00,510.00,NULL,10156,'2024-11-11 01:20:43','2024-11-11 01:20:48','in_stock',0,'Botble\\ACL\\Models\\User',NULL,'digital',NULL,NULL,0,0,0,0,1,3,0),(29,'Saute Pan Silver','<ul><li> Unrestrained and portable active stereo speaker</li>\n            <li> Free from the confines of wires and chords</li>\n            <li> 20 hours of portable capabilities</li>\n            <li> Double-ended Coil Cord with 3.5mm Stereo Plugs Included</li>\n            <li> 3/4″ Dome Tweeters: 2X and 4″ Woofer: 1X</li></ul>','<p>Short Hooded Coat features a straight body, large pockets with button flaps, ventilation air holes, and a string detail along the hemline. The style is completed with a drawstring hood, featuring Rains’ signature built-in cap. Made from waterproof, matte PU, this lightweight unisex rain jacket is an ode to nostalgia through its classic silhouette and utilitarian design details.</p>\n                                <p>- Casual unisex fit</p>\n\n                                <p>- 64% polyester, 36% polyurethane</p>\n\n                                <p>- Water column pressure: 4000 mm</p>\n\n                                <p>- Model is 187cm tall and wearing a size S / M</p>\n\n                                <p>- Unisex fit</p>\n\n                                <p>- Drawstring hood with built-in cap</p>\n\n                                <p>- Front placket with snap buttons</p>\n\n                                <p>- Ventilation under armpit</p>\n\n                                <p>- Adjustable cuffs</p>\n\n                                <p>- Double welted front pockets</p>\n\n                                <p>- Adjustable elastic string at hempen</p>\n\n                                <p>- Ultrasonically welded seams</p>\n\n                                <p>This is a unisex item, please check our clothing &amp; footwear sizing guide for specific Rains jacket sizing information. RAINS comes from the rainy nation of Denmark at the edge of the European continent, close to the ocean and with prevailing westerly winds; all factors that contribute to an average of 121 rain days each year. Arising from these rainy weather conditions comes the attitude that a quick rain shower may be beautiful, as well as moody- but first and foremost requires the right outfit. Rains focus on the whole experience of going outside on rainy days, issuing an invitation to explore even in the most mercurial weather.</p>','published','[\"products\\/29.jpg\",\"products\\/29-1.jpg\",\"products\\/29-2.jpg\"]',NULL,'0B-195',0,11,0,1,0,5,0,0,649,241,NULL,NULL,16.00,18.00,13.00,532.00,NULL,64414,'2024-11-11 01:20:43','2024-11-11 01:20:48','in_stock',0,'Botble\\ACL\\Models\\User',NULL,'physical',NULL,NULL,0,0,0,0,2,4,0),(30,'Bar S – Classic Bun Length Franks','<ul><li> Unrestrained and portable active stereo speaker</li>\n            <li> Free from the confines of wires and chords</li>\n            <li> 20 hours of portable capabilities</li>\n            <li> Double-ended Coil Cord with 3.5mm Stereo Plugs Included</li>\n            <li> 3/4″ Dome Tweeters: 2X and 4″ Woofer: 1X</li></ul>','<p>Short Hooded Coat features a straight body, large pockets with button flaps, ventilation air holes, and a string detail along the hemline. The style is completed with a drawstring hood, featuring Rains’ signature built-in cap. Made from waterproof, matte PU, this lightweight unisex rain jacket is an ode to nostalgia through its classic silhouette and utilitarian design details.</p>\n                                <p>- Casual unisex fit</p>\n\n                                <p>- 64% polyester, 36% polyurethane</p>\n\n                                <p>- Water column pressure: 4000 mm</p>\n\n                                <p>- Model is 187cm tall and wearing a size S / M</p>\n\n                                <p>- Unisex fit</p>\n\n                                <p>- Drawstring hood with built-in cap</p>\n\n                                <p>- Front placket with snap buttons</p>\n\n                                <p>- Ventilation under armpit</p>\n\n                                <p>- Adjustable cuffs</p>\n\n                                <p>- Double welted front pockets</p>\n\n                                <p>- Adjustable elastic string at hempen</p>\n\n                                <p>- Ultrasonically welded seams</p>\n\n                                <p>This is a unisex item, please check our clothing &amp; footwear sizing guide for specific Rains jacket sizing information. RAINS comes from the rainy nation of Denmark at the edge of the European continent, close to the ocean and with prevailing westerly winds; all factors that contribute to an average of 121 rain days each year. Arising from these rainy weather conditions comes the attitude that a quick rain shower may be beautiful, as well as moody- but first and foremost requires the right outfit. Rains focus on the whole experience of going outside on rainy days, issuing an invitation to explore even in the most mercurial weather.</p>','published','[\"products\\/30.jpg\",\"products\\/30-1.jpg\",\"products\\/30-2.jpg\"]',NULL,'0G-121-A1',0,15,0,1,0,2,0,0,811,NULL,NULL,NULL,19.00,12.00,11.00,581.00,NULL,10677,'2024-11-11 01:20:43','2024-11-11 01:20:48','in_stock',0,'Botble\\ACL\\Models\\User',NULL,'physical',NULL,NULL,0,0,0,0,2,5,0),(31,'Broccoli Crowns','<ul><li> Unrestrained and portable active stereo speaker</li>\n            <li> Free from the confines of wires and chords</li>\n            <li> 20 hours of portable capabilities</li>\n            <li> Double-ended Coil Cord with 3.5mm Stereo Plugs Included</li>\n            <li> 3/4″ Dome Tweeters: 2X and 4″ Woofer: 1X</li></ul>','<p>Short Hooded Coat features a straight body, large pockets with button flaps, ventilation air holes, and a string detail along the hemline. The style is completed with a drawstring hood, featuring Rains’ signature built-in cap. Made from waterproof, matte PU, this lightweight unisex rain jacket is an ode to nostalgia through its classic silhouette and utilitarian design details.</p>\n                                <p>- Casual unisex fit</p>\n\n                                <p>- 64% polyester, 36% polyurethane</p>\n\n                                <p>- Water column pressure: 4000 mm</p>\n\n                                <p>- Model is 187cm tall and wearing a size S / M</p>\n\n                                <p>- Unisex fit</p>\n\n                                <p>- Drawstring hood with built-in cap</p>\n\n                                <p>- Front placket with snap buttons</p>\n\n                                <p>- Ventilation under armpit</p>\n\n                                <p>- Adjustable cuffs</p>\n\n                                <p>- Double welted front pockets</p>\n\n                                <p>- Adjustable elastic string at hempen</p>\n\n                                <p>- Ultrasonically welded seams</p>\n\n                                <p>This is a unisex item, please check our clothing &amp; footwear sizing guide for specific Rains jacket sizing information. RAINS comes from the rainy nation of Denmark at the edge of the European continent, close to the ocean and with prevailing westerly winds; all factors that contribute to an average of 121 rain days each year. Arising from these rainy weather conditions comes the attitude that a quick rain shower may be beautiful, as well as moody- but first and foremost requires the right outfit. Rains focus on the whole experience of going outside on rainy days, issuing an invitation to explore even in the most mercurial weather.</p>','published','[\"products\\/31.jpg\",\"products\\/31-1.jpg\"]',NULL,'MR-126',0,16,0,1,0,5,0,0,1091,1039,NULL,NULL,19.00,14.00,16.00,519.00,NULL,27919,'2024-11-11 01:20:43','2024-11-11 01:20:48','in_stock',0,'Botble\\ACL\\Models\\User',NULL,'physical',NULL,NULL,0,0,0,0,1,2,0),(32,'Slimming World Vegan Mac Greens (Digital)','<ul><li> Unrestrained and portable active stereo speaker</li>\n            <li> Free from the confines of wires and chords</li>\n            <li> 20 hours of portable capabilities</li>\n            <li> Double-ended Coil Cord with 3.5mm Stereo Plugs Included</li>\n            <li> 3/4″ Dome Tweeters: 2X and 4″ Woofer: 1X</li></ul>','<p>Short Hooded Coat features a straight body, large pockets with button flaps, ventilation air holes, and a string detail along the hemline. The style is completed with a drawstring hood, featuring Rains’ signature built-in cap. Made from waterproof, matte PU, this lightweight unisex rain jacket is an ode to nostalgia through its classic silhouette and utilitarian design details.</p>\n                                <p>- Casual unisex fit</p>\n\n                                <p>- 64% polyester, 36% polyurethane</p>\n\n                                <p>- Water column pressure: 4000 mm</p>\n\n                                <p>- Model is 187cm tall and wearing a size S / M</p>\n\n                                <p>- Unisex fit</p>\n\n                                <p>- Drawstring hood with built-in cap</p>\n\n                                <p>- Front placket with snap buttons</p>\n\n                                <p>- Ventilation under armpit</p>\n\n                                <p>- Adjustable cuffs</p>\n\n                                <p>- Double welted front pockets</p>\n\n                                <p>- Adjustable elastic string at hempen</p>\n\n                                <p>- Ultrasonically welded seams</p>\n\n                                <p>This is a unisex item, please check our clothing &amp; footwear sizing guide for specific Rains jacket sizing information. RAINS comes from the rainy nation of Denmark at the edge of the European continent, close to the ocean and with prevailing westerly winds; all factors that contribute to an average of 121 rain days each year. Arising from these rainy weather conditions comes the attitude that a quick rain shower may be beautiful, as well as moody- but first and foremost requires the right outfit. Rains focus on the whole experience of going outside on rainy days, issuing an invitation to explore even in the most mercurial weather.</p>','published','[\"products\\/32.jpg\",\"products\\/32-1.jpg\",\"products\\/32-2.jpg\"]',NULL,'YD-127-A1',0,17,0,1,1,3,0,0,607,534.16,NULL,NULL,12.00,12.00,19.00,516.00,NULL,198664,'2024-11-11 01:20:43','2024-11-11 01:20:48','in_stock',0,'Botble\\ACL\\Models\\User',NULL,'digital',NULL,NULL,0,0,0,0,2,5,0),(33,'Häagen-Dazs Salted Caramel','<ul><li> Unrestrained and portable active stereo speaker</li>\n            <li> Free from the confines of wires and chords</li>\n            <li> 20 hours of portable capabilities</li>\n            <li> Double-ended Coil Cord with 3.5mm Stereo Plugs Included</li>\n            <li> 3/4″ Dome Tweeters: 2X and 4″ Woofer: 1X</li></ul>','<p>Short Hooded Coat features a straight body, large pockets with button flaps, ventilation air holes, and a string detail along the hemline. The style is completed with a drawstring hood, featuring Rains’ signature built-in cap. Made from waterproof, matte PU, this lightweight unisex rain jacket is an ode to nostalgia through its classic silhouette and utilitarian design details.</p>\n                                <p>- Casual unisex fit</p>\n\n                                <p>- 64% polyester, 36% polyurethane</p>\n\n                                <p>- Water column pressure: 4000 mm</p>\n\n                                <p>- Model is 187cm tall and wearing a size S / M</p>\n\n                                <p>- Unisex fit</p>\n\n                                <p>- Drawstring hood with built-in cap</p>\n\n                                <p>- Front placket with snap buttons</p>\n\n                                <p>- Ventilation under armpit</p>\n\n                                <p>- Adjustable cuffs</p>\n\n                                <p>- Double welted front pockets</p>\n\n                                <p>- Adjustable elastic string at hempen</p>\n\n                                <p>- Ultrasonically welded seams</p>\n\n                                <p>This is a unisex item, please check our clothing &amp; footwear sizing guide for specific Rains jacket sizing information. RAINS comes from the rainy nation of Denmark at the edge of the European continent, close to the ocean and with prevailing westerly winds; all factors that contribute to an average of 121 rain days each year. Arising from these rainy weather conditions comes the attitude that a quick rain shower may be beautiful, as well as moody- but first and foremost requires the right outfit. Rains focus on the whole experience of going outside on rainy days, issuing an invitation to explore even in the most mercurial weather.</p>','published','[\"products\\/33.jpg\",\"products\\/33-1.jpg\",\"products\\/33-2.jpg\"]',NULL,'SH-155-A1',0,16,0,1,1,3,0,0,994,NULL,NULL,NULL,11.00,11.00,14.00,889.00,NULL,24317,'2024-11-11 01:20:43','2024-11-11 01:20:48','in_stock',0,'Botble\\ACL\\Models\\User',NULL,'physical',NULL,NULL,0,0,0,0,1,2,0),(34,'Iceland 3 Solo Exotic Burst','<ul><li> Unrestrained and portable active stereo speaker</li>\n            <li> Free from the confines of wires and chords</li>\n            <li> 20 hours of portable capabilities</li>\n            <li> Double-ended Coil Cord with 3.5mm Stereo Plugs Included</li>\n            <li> 3/4″ Dome Tweeters: 2X and 4″ Woofer: 1X</li></ul>','<p>Short Hooded Coat features a straight body, large pockets with button flaps, ventilation air holes, and a string detail along the hemline. The style is completed with a drawstring hood, featuring Rains’ signature built-in cap. Made from waterproof, matte PU, this lightweight unisex rain jacket is an ode to nostalgia through its classic silhouette and utilitarian design details.</p>\n                                <p>- Casual unisex fit</p>\n\n                                <p>- 64% polyester, 36% polyurethane</p>\n\n                                <p>- Water column pressure: 4000 mm</p>\n\n                                <p>- Model is 187cm tall and wearing a size S / M</p>\n\n                                <p>- Unisex fit</p>\n\n                                <p>- Drawstring hood with built-in cap</p>\n\n                                <p>- Front placket with snap buttons</p>\n\n                                <p>- Ventilation under armpit</p>\n\n                                <p>- Adjustable cuffs</p>\n\n                                <p>- Double welted front pockets</p>\n\n                                <p>- Adjustable elastic string at hempen</p>\n\n                                <p>- Ultrasonically welded seams</p>\n\n                                <p>This is a unisex item, please check our clothing &amp; footwear sizing guide for specific Rains jacket sizing information. RAINS comes from the rainy nation of Denmark at the edge of the European continent, close to the ocean and with prevailing westerly winds; all factors that contribute to an average of 121 rain days each year. Arising from these rainy weather conditions comes the attitude that a quick rain shower may be beautiful, as well as moody- but first and foremost requires the right outfit. Rains focus on the whole experience of going outside on rainy days, issuing an invitation to explore even in the most mercurial weather.</p>','published','[\"products\\/34.jpg\",\"products\\/34-1.jpg\"]',NULL,'YR-182-A1',0,14,0,1,0,4,0,0,1189,NULL,NULL,NULL,11.00,20.00,11.00,568.00,NULL,58597,'2024-11-11 01:20:43','2024-11-11 01:20:48','in_stock',0,'Botble\\ACL\\Models\\User',NULL,'physical',NULL,NULL,0,0,0,0,2,2,0),(35,'Extreme Budweiser Light Can','<ul><li> Unrestrained and portable active stereo speaker</li>\n            <li> Free from the confines of wires and chords</li>\n            <li> 20 hours of portable capabilities</li>\n            <li> Double-ended Coil Cord with 3.5mm Stereo Plugs Included</li>\n            <li> 3/4″ Dome Tweeters: 2X and 4″ Woofer: 1X</li></ul>','<p>Short Hooded Coat features a straight body, large pockets with button flaps, ventilation air holes, and a string detail along the hemline. The style is completed with a drawstring hood, featuring Rains’ signature built-in cap. Made from waterproof, matte PU, this lightweight unisex rain jacket is an ode to nostalgia through its classic silhouette and utilitarian design details.</p>\n                                <p>- Casual unisex fit</p>\n\n                                <p>- 64% polyester, 36% polyurethane</p>\n\n                                <p>- Water column pressure: 4000 mm</p>\n\n                                <p>- Model is 187cm tall and wearing a size S / M</p>\n\n                                <p>- Unisex fit</p>\n\n                                <p>- Drawstring hood with built-in cap</p>\n\n                                <p>- Front placket with snap buttons</p>\n\n                                <p>- Ventilation under armpit</p>\n\n                                <p>- Adjustable cuffs</p>\n\n                                <p>- Double welted front pockets</p>\n\n                                <p>- Adjustable elastic string at hempen</p>\n\n                                <p>- Ultrasonically welded seams</p>\n\n                                <p>This is a unisex item, please check our clothing &amp; footwear sizing guide for specific Rains jacket sizing information. RAINS comes from the rainy nation of Denmark at the edge of the European continent, close to the ocean and with prevailing westerly winds; all factors that contribute to an average of 121 rain days each year. Arising from these rainy weather conditions comes the attitude that a quick rain shower may be beautiful, as well as moody- but first and foremost requires the right outfit. Rains focus on the whole experience of going outside on rainy days, issuing an invitation to explore even in the most mercurial weather.</p>','published','[\"products\\/35.jpg\",\"products\\/35-1.jpg\"]',NULL,'GM-120-A1',0,19,0,1,1,2,0,0,652,NULL,NULL,NULL,15.00,17.00,20.00,535.00,NULL,84606,'2024-11-11 01:20:43','2024-11-11 01:20:48','in_stock',0,'Botble\\ACL\\Models\\User',NULL,'physical',NULL,NULL,0,0,0,0,1,5,0),(36,'Iceland Macaroni Cheese Traybake (Digital)','<ul><li> Unrestrained and portable active stereo speaker</li>\n            <li> Free from the confines of wires and chords</li>\n            <li> 20 hours of portable capabilities</li>\n            <li> Double-ended Coil Cord with 3.5mm Stereo Plugs Included</li>\n            <li> 3/4″ Dome Tweeters: 2X and 4″ Woofer: 1X</li></ul>','<p>Short Hooded Coat features a straight body, large pockets with button flaps, ventilation air holes, and a string detail along the hemline. The style is completed with a drawstring hood, featuring Rains’ signature built-in cap. Made from waterproof, matte PU, this lightweight unisex rain jacket is an ode to nostalgia through its classic silhouette and utilitarian design details.</p>\n                                <p>- Casual unisex fit</p>\n\n                                <p>- 64% polyester, 36% polyurethane</p>\n\n                                <p>- Water column pressure: 4000 mm</p>\n\n                                <p>- Model is 187cm tall and wearing a size S / M</p>\n\n                                <p>- Unisex fit</p>\n\n                                <p>- Drawstring hood with built-in cap</p>\n\n                                <p>- Front placket with snap buttons</p>\n\n                                <p>- Ventilation under armpit</p>\n\n                                <p>- Adjustable cuffs</p>\n\n                                <p>- Double welted front pockets</p>\n\n                                <p>- Adjustable elastic string at hempen</p>\n\n                                <p>- Ultrasonically welded seams</p>\n\n                                <p>This is a unisex item, please check our clothing &amp; footwear sizing guide for specific Rains jacket sizing information. RAINS comes from the rainy nation of Denmark at the edge of the European continent, close to the ocean and with prevailing westerly winds; all factors that contribute to an average of 121 rain days each year. Arising from these rainy weather conditions comes the attitude that a quick rain shower may be beautiful, as well as moody- but first and foremost requires the right outfit. Rains focus on the whole experience of going outside on rainy days, issuing an invitation to explore even in the most mercurial weather.</p>','published','[\"products\\/36.jpg\",\"products\\/36-1.jpg\",\"products\\/36-2.jpg\"]',NULL,'U7-122',0,15,0,1,1,1,0,0,730,594,NULL,NULL,12.00,18.00,11.00,514.00,NULL,9018,'2024-11-11 01:20:43','2024-11-11 01:20:48','in_stock',0,'Botble\\ACL\\Models\\User',NULL,'digital',NULL,NULL,0,0,0,0,1,2,0),(37,'Dolmio Bolognese Pasta Sauce','<ul><li> Unrestrained and portable active stereo speaker</li>\n            <li> Free from the confines of wires and chords</li>\n            <li> 20 hours of portable capabilities</li>\n            <li> Double-ended Coil Cord with 3.5mm Stereo Plugs Included</li>\n            <li> 3/4″ Dome Tweeters: 2X and 4″ Woofer: 1X</li></ul>','<p>Short Hooded Coat features a straight body, large pockets with button flaps, ventilation air holes, and a string detail along the hemline. The style is completed with a drawstring hood, featuring Rains’ signature built-in cap. Made from waterproof, matte PU, this lightweight unisex rain jacket is an ode to nostalgia through its classic silhouette and utilitarian design details.</p>\n                                <p>- Casual unisex fit</p>\n\n                                <p>- 64% polyester, 36% polyurethane</p>\n\n                                <p>- Water column pressure: 4000 mm</p>\n\n                                <p>- Model is 187cm tall and wearing a size S / M</p>\n\n                                <p>- Unisex fit</p>\n\n                                <p>- Drawstring hood with built-in cap</p>\n\n                                <p>- Front placket with snap buttons</p>\n\n                                <p>- Ventilation under armpit</p>\n\n                                <p>- Adjustable cuffs</p>\n\n                                <p>- Double welted front pockets</p>\n\n                                <p>- Adjustable elastic string at hempen</p>\n\n                                <p>- Ultrasonically welded seams</p>\n\n                                <p>This is a unisex item, please check our clothing &amp; footwear sizing guide for specific Rains jacket sizing information. RAINS comes from the rainy nation of Denmark at the edge of the European continent, close to the ocean and with prevailing westerly winds; all factors that contribute to an average of 121 rain days each year. Arising from these rainy weather conditions comes the attitude that a quick rain shower may be beautiful, as well as moody- but first and foremost requires the right outfit. Rains focus on the whole experience of going outside on rainy days, issuing an invitation to explore even in the most mercurial weather.</p>','published','[\"products\\/37.jpg\",\"products\\/37-1.jpg\",\"products\\/37-2.jpg\"]',NULL,'D0-198',0,15,0,1,1,2,0,0,729,288,NULL,NULL,12.00,20.00,18.00,741.00,NULL,74888,'2024-11-11 01:20:43','2024-11-11 01:20:48','in_stock',0,'Botble\\ACL\\Models\\User',NULL,'physical',NULL,NULL,0,0,0,0,2,2,0),(38,'Sitema BakeIT Plastic Box','<ul><li> Unrestrained and portable active stereo speaker</li>\n            <li> Free from the confines of wires and chords</li>\n            <li> 20 hours of portable capabilities</li>\n            <li> Double-ended Coil Cord with 3.5mm Stereo Plugs Included</li>\n            <li> 3/4″ Dome Tweeters: 2X and 4″ Woofer: 1X</li></ul>','<p>Short Hooded Coat features a straight body, large pockets with button flaps, ventilation air holes, and a string detail along the hemline. The style is completed with a drawstring hood, featuring Rains’ signature built-in cap. Made from waterproof, matte PU, this lightweight unisex rain jacket is an ode to nostalgia through its classic silhouette and utilitarian design details.</p>\n                                <p>- Casual unisex fit</p>\n\n                                <p>- 64% polyester, 36% polyurethane</p>\n\n                                <p>- Water column pressure: 4000 mm</p>\n\n                                <p>- Model is 187cm tall and wearing a size S / M</p>\n\n                                <p>- Unisex fit</p>\n\n                                <p>- Drawstring hood with built-in cap</p>\n\n                                <p>- Front placket with snap buttons</p>\n\n                                <p>- Ventilation under armpit</p>\n\n                                <p>- Adjustable cuffs</p>\n\n                                <p>- Double welted front pockets</p>\n\n                                <p>- Adjustable elastic string at hempen</p>\n\n                                <p>- Ultrasonically welded seams</p>\n\n                                <p>This is a unisex item, please check our clothing &amp; footwear sizing guide for specific Rains jacket sizing information. RAINS comes from the rainy nation of Denmark at the edge of the European continent, close to the ocean and with prevailing westerly winds; all factors that contribute to an average of 121 rain days each year. Arising from these rainy weather conditions comes the attitude that a quick rain shower may be beautiful, as well as moody- but first and foremost requires the right outfit. Rains focus on the whole experience of going outside on rainy days, issuing an invitation to explore even in the most mercurial weather.</p>','published','[\"products\\/38.jpg\",\"products\\/38-1.jpg\",\"products\\/38-2.jpg\",\"products\\/38-3.jpg\"]',NULL,'JE-150',0,11,0,1,0,5,0,0,1169,827,NULL,NULL,10.00,11.00,20.00,806.00,NULL,19071,'2024-11-11 01:20:43','2024-11-11 01:20:48','in_stock',0,'Botble\\ACL\\Models\\User',NULL,'physical',NULL,NULL,0,0,0,0,1,5,0),(39,'Wayfair Basics Dinner Plate Storage','<ul><li> Unrestrained and portable active stereo speaker</li>\n            <li> Free from the confines of wires and chords</li>\n            <li> 20 hours of portable capabilities</li>\n            <li> Double-ended Coil Cord with 3.5mm Stereo Plugs Included</li>\n            <li> 3/4″ Dome Tweeters: 2X and 4″ Woofer: 1X</li></ul>','<p>Short Hooded Coat features a straight body, large pockets with button flaps, ventilation air holes, and a string detail along the hemline. The style is completed with a drawstring hood, featuring Rains’ signature built-in cap. Made from waterproof, matte PU, this lightweight unisex rain jacket is an ode to nostalgia through its classic silhouette and utilitarian design details.</p>\n                                <p>- Casual unisex fit</p>\n\n                                <p>- 64% polyester, 36% polyurethane</p>\n\n                                <p>- Water column pressure: 4000 mm</p>\n\n                                <p>- Model is 187cm tall and wearing a size S / M</p>\n\n                                <p>- Unisex fit</p>\n\n                                <p>- Drawstring hood with built-in cap</p>\n\n                                <p>- Front placket with snap buttons</p>\n\n                                <p>- Ventilation under armpit</p>\n\n                                <p>- Adjustable cuffs</p>\n\n                                <p>- Double welted front pockets</p>\n\n                                <p>- Adjustable elastic string at hempen</p>\n\n                                <p>- Ultrasonically welded seams</p>\n\n                                <p>This is a unisex item, please check our clothing &amp; footwear sizing guide for specific Rains jacket sizing information. RAINS comes from the rainy nation of Denmark at the edge of the European continent, close to the ocean and with prevailing westerly winds; all factors that contribute to an average of 121 rain days each year. Arising from these rainy weather conditions comes the attitude that a quick rain shower may be beautiful, as well as moody- but first and foremost requires the right outfit. Rains focus on the whole experience of going outside on rainy days, issuing an invitation to explore even in the most mercurial weather.</p>','published','[\"products\\/39.jpg\",\"products\\/39-1.jpg\",\"products\\/39-2.jpg\"]',NULL,'DY-170',0,19,0,1,1,1,0,0,500,494,NULL,NULL,13.00,18.00,16.00,538.00,NULL,61890,'2024-11-11 01:20:43','2024-11-11 01:20:48','in_stock',0,'Botble\\ACL\\Models\\User',NULL,'physical',NULL,NULL,0,0,0,0,1,3,0),(40,'Miko The Panda Water Bottle (Digital)','<ul><li> Unrestrained and portable active stereo speaker</li>\n            <li> Free from the confines of wires and chords</li>\n            <li> 20 hours of portable capabilities</li>\n            <li> Double-ended Coil Cord with 3.5mm Stereo Plugs Included</li>\n            <li> 3/4″ Dome Tweeters: 2X and 4″ Woofer: 1X</li></ul>','<p>Short Hooded Coat features a straight body, large pockets with button flaps, ventilation air holes, and a string detail along the hemline. The style is completed with a drawstring hood, featuring Rains’ signature built-in cap. Made from waterproof, matte PU, this lightweight unisex rain jacket is an ode to nostalgia through its classic silhouette and utilitarian design details.</p>\n                                <p>- Casual unisex fit</p>\n\n                                <p>- 64% polyester, 36% polyurethane</p>\n\n                                <p>- Water column pressure: 4000 mm</p>\n\n                                <p>- Model is 187cm tall and wearing a size S / M</p>\n\n                                <p>- Unisex fit</p>\n\n                                <p>- Drawstring hood with built-in cap</p>\n\n                                <p>- Front placket with snap buttons</p>\n\n                                <p>- Ventilation under armpit</p>\n\n                                <p>- Adjustable cuffs</p>\n\n                                <p>- Double welted front pockets</p>\n\n                                <p>- Adjustable elastic string at hempen</p>\n\n                                <p>- Ultrasonically welded seams</p>\n\n                                <p>This is a unisex item, please check our clothing &amp; footwear sizing guide for specific Rains jacket sizing information. RAINS comes from the rainy nation of Denmark at the edge of the European continent, close to the ocean and with prevailing westerly winds; all factors that contribute to an average of 121 rain days each year. Arising from these rainy weather conditions comes the attitude that a quick rain shower may be beautiful, as well as moody- but first and foremost requires the right outfit. Rains focus on the whole experience of going outside on rainy days, issuing an invitation to explore even in the most mercurial weather.</p>','published','[\"products\\/40.jpg\",\"products\\/40-1.jpg\"]',NULL,'77-155-A1',0,19,0,1,0,5,0,0,1054,864.28,NULL,NULL,16.00,10.00,11.00,890.00,NULL,47696,'2024-11-11 01:20:43','2024-11-11 01:20:48','in_stock',0,'Botble\\ACL\\Models\\User',NULL,'digital',NULL,NULL,0,0,0,0,2,4,0),(41,'Sesame Seed Bread','<ul><li> Unrestrained and portable active stereo speaker</li>\n            <li> Free from the confines of wires and chords</li>\n            <li> 20 hours of portable capabilities</li>\n            <li> Double-ended Coil Cord with 3.5mm Stereo Plugs Included</li>\n            <li> 3/4″ Dome Tweeters: 2X and 4″ Woofer: 1X</li></ul>','<p>Short Hooded Coat features a straight body, large pockets with button flaps, ventilation air holes, and a string detail along the hemline. The style is completed with a drawstring hood, featuring Rains’ signature built-in cap. Made from waterproof, matte PU, this lightweight unisex rain jacket is an ode to nostalgia through its classic silhouette and utilitarian design details.</p>\n                                <p>- Casual unisex fit</p>\n\n                                <p>- 64% polyester, 36% polyurethane</p>\n\n                                <p>- Water column pressure: 4000 mm</p>\n\n                                <p>- Model is 187cm tall and wearing a size S / M</p>\n\n                                <p>- Unisex fit</p>\n\n                                <p>- Drawstring hood with built-in cap</p>\n\n                                <p>- Front placket with snap buttons</p>\n\n                                <p>- Ventilation under armpit</p>\n\n                                <p>- Adjustable cuffs</p>\n\n                                <p>- Double welted front pockets</p>\n\n                                <p>- Adjustable elastic string at hempen</p>\n\n                                <p>- Ultrasonically welded seams</p>\n\n                                <p>This is a unisex item, please check our clothing &amp; footwear sizing guide for specific Rains jacket sizing information. RAINS comes from the rainy nation of Denmark at the edge of the European continent, close to the ocean and with prevailing westerly winds; all factors that contribute to an average of 121 rain days each year. Arising from these rainy weather conditions comes the attitude that a quick rain shower may be beautiful, as well as moody- but first and foremost requires the right outfit. Rains focus on the whole experience of going outside on rainy days, issuing an invitation to explore even in the most mercurial weather.</p>','published','[\"products\\/41.jpg\",\"products\\/41-1.jpg\",\"products\\/41-2.jpg\"]',NULL,'1T-188-A1',0,17,0,1,1,4,0,0,789,NULL,NULL,NULL,12.00,12.00,17.00,807.00,NULL,22637,'2024-11-11 01:20:43','2024-11-11 01:20:48','in_stock',0,'Botble\\ACL\\Models\\User',NULL,'physical',NULL,NULL,0,0,0,0,1,7,0),(42,'Morrisons The Best Beef','<ul><li> Unrestrained and portable active stereo speaker</li>\n            <li> Free from the confines of wires and chords</li>\n            <li> 20 hours of portable capabilities</li>\n            <li> Double-ended Coil Cord with 3.5mm Stereo Plugs Included</li>\n            <li> 3/4″ Dome Tweeters: 2X and 4″ Woofer: 1X</li></ul>','<p>Short Hooded Coat features a straight body, large pockets with button flaps, ventilation air holes, and a string detail along the hemline. The style is completed with a drawstring hood, featuring Rains’ signature built-in cap. Made from waterproof, matte PU, this lightweight unisex rain jacket is an ode to nostalgia through its classic silhouette and utilitarian design details.</p>\n                                <p>- Casual unisex fit</p>\n\n                                <p>- 64% polyester, 36% polyurethane</p>\n\n                                <p>- Water column pressure: 4000 mm</p>\n\n                                <p>- Model is 187cm tall and wearing a size S / M</p>\n\n                                <p>- Unisex fit</p>\n\n                                <p>- Drawstring hood with built-in cap</p>\n\n                                <p>- Front placket with snap buttons</p>\n\n                                <p>- Ventilation under armpit</p>\n\n                                <p>- Adjustable cuffs</p>\n\n                                <p>- Double welted front pockets</p>\n\n                                <p>- Adjustable elastic string at hempen</p>\n\n                                <p>- Ultrasonically welded seams</p>\n\n                                <p>This is a unisex item, please check our clothing &amp; footwear sizing guide for specific Rains jacket sizing information. RAINS comes from the rainy nation of Denmark at the edge of the European continent, close to the ocean and with prevailing westerly winds; all factors that contribute to an average of 121 rain days each year. Arising from these rainy weather conditions comes the attitude that a quick rain shower may be beautiful, as well as moody- but first and foremost requires the right outfit. Rains focus on the whole experience of going outside on rainy days, issuing an invitation to explore even in the most mercurial weather.</p>','published','[\"products\\/42.jpg\",\"products\\/42-1.jpg\",\"products\\/42-2.jpg\"]',NULL,'0I-105-A1',0,15,0,1,1,1,0,0,1250,NULL,NULL,NULL,10.00,17.00,13.00,806.00,NULL,161717,'2024-11-11 01:20:43','2024-11-11 01:20:48','in_stock',0,'Botble\\ACL\\Models\\User',NULL,'physical',NULL,NULL,0,0,0,0,1,3,0),(43,'Avocado, Hass Large','<ul><li> Unrestrained and portable active stereo speaker</li>\n            <li> Free from the confines of wires and chords</li>\n            <li> 20 hours of portable capabilities</li>\n            <li> Double-ended Coil Cord with 3.5mm Stereo Plugs Included</li>\n            <li> 3/4″ Dome Tweeters: 2X and 4″ Woofer: 1X</li></ul>','<p>Short Hooded Coat features a straight body, large pockets with button flaps, ventilation air holes, and a string detail along the hemline. The style is completed with a drawstring hood, featuring Rains’ signature built-in cap. Made from waterproof, matte PU, this lightweight unisex rain jacket is an ode to nostalgia through its classic silhouette and utilitarian design details.</p>\n                                <p>- Casual unisex fit</p>\n\n                                <p>- 64% polyester, 36% polyurethane</p>\n\n                                <p>- Water column pressure: 4000 mm</p>\n\n                                <p>- Model is 187cm tall and wearing a size S / M</p>\n\n                                <p>- Unisex fit</p>\n\n                                <p>- Drawstring hood with built-in cap</p>\n\n                                <p>- Front placket with snap buttons</p>\n\n                                <p>- Ventilation under armpit</p>\n\n                                <p>- Adjustable cuffs</p>\n\n                                <p>- Double welted front pockets</p>\n\n                                <p>- Adjustable elastic string at hempen</p>\n\n                                <p>- Ultrasonically welded seams</p>\n\n                                <p>This is a unisex item, please check our clothing &amp; footwear sizing guide for specific Rains jacket sizing information. RAINS comes from the rainy nation of Denmark at the edge of the European continent, close to the ocean and with prevailing westerly winds; all factors that contribute to an average of 121 rain days each year. Arising from these rainy weather conditions comes the attitude that a quick rain shower may be beautiful, as well as moody- but first and foremost requires the right outfit. Rains focus on the whole experience of going outside on rainy days, issuing an invitation to explore even in the most mercurial weather.</p>','published','[\"products\\/43.jpg\",\"products\\/43-1.jpg\",\"products\\/43-2.jpg\"]',NULL,'BC-182-A1',0,16,0,1,1,5,0,0,510,NULL,NULL,NULL,10.00,16.00,18.00,570.00,NULL,119717,'2024-11-11 01:20:43','2024-11-11 01:20:48','in_stock',0,'Botble\\ACL\\Models\\User',NULL,'physical',NULL,NULL,0,0,0,0,2,7,0),(44,'Italia Beef Lasagne (Digital)','<ul><li> Unrestrained and portable active stereo speaker</li>\n            <li> Free from the confines of wires and chords</li>\n            <li> 20 hours of portable capabilities</li>\n            <li> Double-ended Coil Cord with 3.5mm Stereo Plugs Included</li>\n            <li> 3/4″ Dome Tweeters: 2X and 4″ Woofer: 1X</li></ul>','<p>Short Hooded Coat features a straight body, large pockets with button flaps, ventilation air holes, and a string detail along the hemline. The style is completed with a drawstring hood, featuring Rains’ signature built-in cap. Made from waterproof, matte PU, this lightweight unisex rain jacket is an ode to nostalgia through its classic silhouette and utilitarian design details.</p>\n                                <p>- Casual unisex fit</p>\n\n                                <p>- 64% polyester, 36% polyurethane</p>\n\n                                <p>- Water column pressure: 4000 mm</p>\n\n                                <p>- Model is 187cm tall and wearing a size S / M</p>\n\n                                <p>- Unisex fit</p>\n\n                                <p>- Drawstring hood with built-in cap</p>\n\n                                <p>- Front placket with snap buttons</p>\n\n                                <p>- Ventilation under armpit</p>\n\n                                <p>- Adjustable cuffs</p>\n\n                                <p>- Double welted front pockets</p>\n\n                                <p>- Adjustable elastic string at hempen</p>\n\n                                <p>- Ultrasonically welded seams</p>\n\n                                <p>This is a unisex item, please check our clothing &amp; footwear sizing guide for specific Rains jacket sizing information. RAINS comes from the rainy nation of Denmark at the edge of the European continent, close to the ocean and with prevailing westerly winds; all factors that contribute to an average of 121 rain days each year. Arising from these rainy weather conditions comes the attitude that a quick rain shower may be beautiful, as well as moody- but first and foremost requires the right outfit. Rains focus on the whole experience of going outside on rainy days, issuing an invitation to explore even in the most mercurial weather.</p>','published','[\"products\\/44.jpg\",\"products\\/44-1.jpg\",\"products\\/44-2.jpg\"]',NULL,'VA-198',0,16,0,1,0,3,0,0,1117,453,NULL,NULL,11.00,16.00,19.00,643.00,NULL,31974,'2024-11-11 01:20:43','2024-11-11 01:20:48','in_stock',0,'Botble\\ACL\\Models\\User',NULL,'digital',NULL,NULL,0,0,0,0,1,4,0),(45,'Maxwell House Classic Roast Mocha','<ul><li> Unrestrained and portable active stereo speaker</li>\n            <li> Free from the confines of wires and chords</li>\n            <li> 20 hours of portable capabilities</li>\n            <li> Double-ended Coil Cord with 3.5mm Stereo Plugs Included</li>\n            <li> 3/4″ Dome Tweeters: 2X and 4″ Woofer: 1X</li></ul>','<p>Short Hooded Coat features a straight body, large pockets with button flaps, ventilation air holes, and a string detail along the hemline. The style is completed with a drawstring hood, featuring Rains’ signature built-in cap. Made from waterproof, matte PU, this lightweight unisex rain jacket is an ode to nostalgia through its classic silhouette and utilitarian design details.</p>\n                                <p>- Casual unisex fit</p>\n\n                                <p>- 64% polyester, 36% polyurethane</p>\n\n                                <p>- Water column pressure: 4000 mm</p>\n\n                                <p>- Model is 187cm tall and wearing a size S / M</p>\n\n                                <p>- Unisex fit</p>\n\n                                <p>- Drawstring hood with built-in cap</p>\n\n                                <p>- Front placket with snap buttons</p>\n\n                                <p>- Ventilation under armpit</p>\n\n                                <p>- Adjustable cuffs</p>\n\n                                <p>- Double welted front pockets</p>\n\n                                <p>- Adjustable elastic string at hempen</p>\n\n                                <p>- Ultrasonically welded seams</p>\n\n                                <p>This is a unisex item, please check our clothing &amp; footwear sizing guide for specific Rains jacket sizing information. RAINS comes from the rainy nation of Denmark at the edge of the European continent, close to the ocean and with prevailing westerly winds; all factors that contribute to an average of 121 rain days each year. Arising from these rainy weather conditions comes the attitude that a quick rain shower may be beautiful, as well as moody- but first and foremost requires the right outfit. Rains focus on the whole experience of going outside on rainy days, issuing an invitation to explore even in the most mercurial weather.</p>','published','[\"products\\/45.jpg\",\"products\\/45-1.jpg\"]',NULL,'40-197',0,12,0,1,0,1,0,0,874,865,NULL,NULL,15.00,17.00,10.00,504.00,NULL,121507,'2024-11-11 01:20:43','2024-11-11 01:20:48','in_stock',0,'Botble\\ACL\\Models\\User',NULL,'physical',NULL,NULL,0,0,0,0,2,8,0),(46,'Bottled Pure Water 500ml','<ul><li> Unrestrained and portable active stereo speaker</li>\n            <li> Free from the confines of wires and chords</li>\n            <li> 20 hours of portable capabilities</li>\n            <li> Double-ended Coil Cord with 3.5mm Stereo Plugs Included</li>\n            <li> 3/4″ Dome Tweeters: 2X and 4″ Woofer: 1X</li></ul>','<p>Short Hooded Coat features a straight body, large pockets with button flaps, ventilation air holes, and a string detail along the hemline. The style is completed with a drawstring hood, featuring Rains’ signature built-in cap. Made from waterproof, matte PU, this lightweight unisex rain jacket is an ode to nostalgia through its classic silhouette and utilitarian design details.</p>\n                                <p>- Casual unisex fit</p>\n\n                                <p>- 64% polyester, 36% polyurethane</p>\n\n                                <p>- Water column pressure: 4000 mm</p>\n\n                                <p>- Model is 187cm tall and wearing a size S / M</p>\n\n                                <p>- Unisex fit</p>\n\n                                <p>- Drawstring hood with built-in cap</p>\n\n                                <p>- Front placket with snap buttons</p>\n\n                                <p>- Ventilation under armpit</p>\n\n                                <p>- Adjustable cuffs</p>\n\n                                <p>- Double welted front pockets</p>\n\n                                <p>- Adjustable elastic string at hempen</p>\n\n                                <p>- Ultrasonically welded seams</p>\n\n                                <p>This is a unisex item, please check our clothing &amp; footwear sizing guide for specific Rains jacket sizing information. RAINS comes from the rainy nation of Denmark at the edge of the European continent, close to the ocean and with prevailing westerly winds; all factors that contribute to an average of 121 rain days each year. Arising from these rainy weather conditions comes the attitude that a quick rain shower may be beautiful, as well as moody- but first and foremost requires the right outfit. Rains focus on the whole experience of going outside on rainy days, issuing an invitation to explore even in the most mercurial weather.</p>','published','[\"products\\/46.jpg\",\"products\\/46-1.jpg\"]',NULL,'GG-194',0,12,0,1,0,2,0,0,1207,439,NULL,NULL,20.00,15.00,11.00,553.00,NULL,84762,'2024-11-11 01:20:43','2024-11-11 01:20:48','in_stock',0,'Botble\\ACL\\Models\\User',NULL,'physical',NULL,NULL,0,0,0,0,2,2,0),(47,'Famart Farmhouse Soft White','<ul><li> Unrestrained and portable active stereo speaker</li>\n            <li> Free from the confines of wires and chords</li>\n            <li> 20 hours of portable capabilities</li>\n            <li> Double-ended Coil Cord with 3.5mm Stereo Plugs Included</li>\n            <li> 3/4″ Dome Tweeters: 2X and 4″ Woofer: 1X</li></ul>','<p>Short Hooded Coat features a straight body, large pockets with button flaps, ventilation air holes, and a string detail along the hemline. The style is completed with a drawstring hood, featuring Rains’ signature built-in cap. Made from waterproof, matte PU, this lightweight unisex rain jacket is an ode to nostalgia through its classic silhouette and utilitarian design details.</p>\n                                <p>- Casual unisex fit</p>\n\n                                <p>- 64% polyester, 36% polyurethane</p>\n\n                                <p>- Water column pressure: 4000 mm</p>\n\n                                <p>- Model is 187cm tall and wearing a size S / M</p>\n\n                                <p>- Unisex fit</p>\n\n                                <p>- Drawstring hood with built-in cap</p>\n\n                                <p>- Front placket with snap buttons</p>\n\n                                <p>- Ventilation under armpit</p>\n\n                                <p>- Adjustable cuffs</p>\n\n                                <p>- Double welted front pockets</p>\n\n                                <p>- Adjustable elastic string at hempen</p>\n\n                                <p>- Ultrasonically welded seams</p>\n\n                                <p>This is a unisex item, please check our clothing &amp; footwear sizing guide for specific Rains jacket sizing information. RAINS comes from the rainy nation of Denmark at the edge of the European continent, close to the ocean and with prevailing westerly winds; all factors that contribute to an average of 121 rain days each year. Arising from these rainy weather conditions comes the attitude that a quick rain shower may be beautiful, as well as moody- but first and foremost requires the right outfit. Rains focus on the whole experience of going outside on rainy days, issuing an invitation to explore even in the most mercurial weather.</p>','published','[\"products\\/47.jpg\",\"products\\/47-1.jpg\"]',NULL,'TL-175-A1',0,15,0,1,0,1,0,0,502,NULL,NULL,NULL,15.00,12.00,11.00,865.00,NULL,105461,'2024-11-11 01:20:43','2024-11-11 01:20:48','in_stock',0,'Botble\\ACL\\Models\\User',NULL,'physical',NULL,NULL,0,0,0,0,2,1,0),(48,'Coca-Cola Original Taste (Digital)','<ul><li> Unrestrained and portable active stereo speaker</li>\n            <li> Free from the confines of wires and chords</li>\n            <li> 20 hours of portable capabilities</li>\n            <li> Double-ended Coil Cord with 3.5mm Stereo Plugs Included</li>\n            <li> 3/4″ Dome Tweeters: 2X and 4″ Woofer: 1X</li></ul>','<p>Short Hooded Coat features a straight body, large pockets with button flaps, ventilation air holes, and a string detail along the hemline. The style is completed with a drawstring hood, featuring Rains’ signature built-in cap. Made from waterproof, matte PU, this lightweight unisex rain jacket is an ode to nostalgia through its classic silhouette and utilitarian design details.</p>\n                                <p>- Casual unisex fit</p>\n\n                                <p>- 64% polyester, 36% polyurethane</p>\n\n                                <p>- Water column pressure: 4000 mm</p>\n\n                                <p>- Model is 187cm tall and wearing a size S / M</p>\n\n                                <p>- Unisex fit</p>\n\n                                <p>- Drawstring hood with built-in cap</p>\n\n                                <p>- Front placket with snap buttons</p>\n\n                                <p>- Ventilation under armpit</p>\n\n                                <p>- Adjustable cuffs</p>\n\n                                <p>- Double welted front pockets</p>\n\n                                <p>- Adjustable elastic string at hempen</p>\n\n                                <p>- Ultrasonically welded seams</p>\n\n                                <p>This is a unisex item, please check our clothing &amp; footwear sizing guide for specific Rains jacket sizing information. RAINS comes from the rainy nation of Denmark at the edge of the European continent, close to the ocean and with prevailing westerly winds; all factors that contribute to an average of 121 rain days each year. Arising from these rainy weather conditions comes the attitude that a quick rain shower may be beautiful, as well as moody- but first and foremost requires the right outfit. Rains focus on the whole experience of going outside on rainy days, issuing an invitation to explore even in the most mercurial weather.</p>','published','[\"products\\/48.jpg\",\"products\\/48-1.jpg\",\"products\\/48-2.jpg\"]',NULL,'GA-182',0,11,0,1,0,2,0,0,1089,313,NULL,NULL,14.00,12.00,11.00,695.00,NULL,102872,'2024-11-11 01:20:43','2024-11-11 01:20:48','in_stock',0,'Botble\\ACL\\Models\\User',NULL,'digital',NULL,NULL,0,0,0,0,1,7,0),(49,'Casillero Diablo Cabernet Sauvignon','<ul><li> Unrestrained and portable active stereo speaker</li>\n            <li> Free from the confines of wires and chords</li>\n            <li> 20 hours of portable capabilities</li>\n            <li> Double-ended Coil Cord with 3.5mm Stereo Plugs Included</li>\n            <li> 3/4″ Dome Tweeters: 2X and 4″ Woofer: 1X</li></ul>','<p>Short Hooded Coat features a straight body, large pockets with button flaps, ventilation air holes, and a string detail along the hemline. The style is completed with a drawstring hood, featuring Rains’ signature built-in cap. Made from waterproof, matte PU, this lightweight unisex rain jacket is an ode to nostalgia through its classic silhouette and utilitarian design details.</p>\n                                <p>- Casual unisex fit</p>\n\n                                <p>- 64% polyester, 36% polyurethane</p>\n\n                                <p>- Water column pressure: 4000 mm</p>\n\n                                <p>- Model is 187cm tall and wearing a size S / M</p>\n\n                                <p>- Unisex fit</p>\n\n                                <p>- Drawstring hood with built-in cap</p>\n\n                                <p>- Front placket with snap buttons</p>\n\n                                <p>- Ventilation under armpit</p>\n\n                                <p>- Adjustable cuffs</p>\n\n                                <p>- Double welted front pockets</p>\n\n                                <p>- Adjustable elastic string at hempen</p>\n\n                                <p>- Ultrasonically welded seams</p>\n\n                                <p>This is a unisex item, please check our clothing &amp; footwear sizing guide for specific Rains jacket sizing information. RAINS comes from the rainy nation of Denmark at the edge of the European continent, close to the ocean and with prevailing westerly winds; all factors that contribute to an average of 121 rain days each year. Arising from these rainy weather conditions comes the attitude that a quick rain shower may be beautiful, as well as moody- but first and foremost requires the right outfit. Rains focus on the whole experience of going outside on rainy days, issuing an invitation to explore even in the most mercurial weather.</p>','published','[\"products\\/49.jpg\",\"products\\/49-1.jpg\",\"products\\/49-2.jpg\"]',NULL,'1D-142-A1',0,14,0,1,1,3,0,0,1265,NULL,NULL,NULL,18.00,19.00,19.00,677.00,NULL,32544,'2024-11-11 01:20:43','2024-11-11 01:20:48','in_stock',0,'Botble\\ACL\\Models\\User',NULL,'physical',NULL,NULL,0,0,0,0,1,5,0),(50,'Arla Organic Free Range Milk','<ul><li> Unrestrained and portable active stereo speaker</li>\n            <li> Free from the confines of wires and chords</li>\n            <li> 20 hours of portable capabilities</li>\n            <li> Double-ended Coil Cord with 3.5mm Stereo Plugs Included</li>\n            <li> 3/4″ Dome Tweeters: 2X and 4″ Woofer: 1X</li></ul>','<p>Short Hooded Coat features a straight body, large pockets with button flaps, ventilation air holes, and a string detail along the hemline. The style is completed with a drawstring hood, featuring Rains’ signature built-in cap. Made from waterproof, matte PU, this lightweight unisex rain jacket is an ode to nostalgia through its classic silhouette and utilitarian design details.</p>\n                                <p>- Casual unisex fit</p>\n\n                                <p>- 64% polyester, 36% polyurethane</p>\n\n                                <p>- Water column pressure: 4000 mm</p>\n\n                                <p>- Model is 187cm tall and wearing a size S / M</p>\n\n                                <p>- Unisex fit</p>\n\n                                <p>- Drawstring hood with built-in cap</p>\n\n                                <p>- Front placket with snap buttons</p>\n\n                                <p>- Ventilation under armpit</p>\n\n                                <p>- Adjustable cuffs</p>\n\n                                <p>- Double welted front pockets</p>\n\n                                <p>- Adjustable elastic string at hempen</p>\n\n                                <p>- Ultrasonically welded seams</p>\n\n                                <p>This is a unisex item, please check our clothing &amp; footwear sizing guide for specific Rains jacket sizing information. RAINS comes from the rainy nation of Denmark at the edge of the European continent, close to the ocean and with prevailing westerly winds; all factors that contribute to an average of 121 rain days each year. Arising from these rainy weather conditions comes the attitude that a quick rain shower may be beautiful, as well as moody- but first and foremost requires the right outfit. Rains focus on the whole experience of going outside on rainy days, issuing an invitation to explore even in the most mercurial weather.</p>','published','[\"products\\/50.jpg\",\"products\\/50-1.jpg\"]',NULL,'WP-128-A1',0,18,0,1,0,3,0,0,958,NULL,NULL,NULL,13.00,12.00,19.00,757.00,NULL,140173,'2024-11-11 01:20:43','2024-11-11 01:20:48','in_stock',0,'Botble\\ACL\\Models\\User',NULL,'physical',NULL,NULL,0,0,0,0,2,5,0),(51,'Aptamil Follow On Baby Milk','<ul><li> Unrestrained and portable active stereo speaker</li>\n            <li> Free from the confines of wires and chords</li>\n            <li> 20 hours of portable capabilities</li>\n            <li> Double-ended Coil Cord with 3.5mm Stereo Plugs Included</li>\n            <li> 3/4″ Dome Tweeters: 2X and 4″ Woofer: 1X</li></ul>','<p>Short Hooded Coat features a straight body, large pockets with button flaps, ventilation air holes, and a string detail along the hemline. The style is completed with a drawstring hood, featuring Rains’ signature built-in cap. Made from waterproof, matte PU, this lightweight unisex rain jacket is an ode to nostalgia through its classic silhouette and utilitarian design details.</p>\n                                <p>- Casual unisex fit</p>\n\n                                <p>- 64% polyester, 36% polyurethane</p>\n\n                                <p>- Water column pressure: 4000 mm</p>\n\n                                <p>- Model is 187cm tall and wearing a size S / M</p>\n\n                                <p>- Unisex fit</p>\n\n                                <p>- Drawstring hood with built-in cap</p>\n\n                                <p>- Front placket with snap buttons</p>\n\n                                <p>- Ventilation under armpit</p>\n\n                                <p>- Adjustable cuffs</p>\n\n                                <p>- Double welted front pockets</p>\n\n                                <p>- Adjustable elastic string at hempen</p>\n\n                                <p>- Ultrasonically welded seams</p>\n\n                                <p>This is a unisex item, please check our clothing &amp; footwear sizing guide for specific Rains jacket sizing information. RAINS comes from the rainy nation of Denmark at the edge of the European continent, close to the ocean and with prevailing westerly winds; all factors that contribute to an average of 121 rain days each year. Arising from these rainy weather conditions comes the attitude that a quick rain shower may be beautiful, as well as moody- but first and foremost requires the right outfit. Rains focus on the whole experience of going outside on rainy days, issuing an invitation to explore even in the most mercurial weather.</p>','published','[\"products\\/51.jpg\"]',NULL,'GT-142',0,17,0,1,0,3,0,0,657,67,NULL,NULL,18.00,12.00,20.00,544.00,NULL,64934,'2024-11-11 01:20:43','2024-11-11 01:20:48','in_stock',0,'Botble\\ACL\\Models\\User',NULL,'physical',NULL,NULL,0,0,0,0,1,6,0),(52,'Cuisinart Chef’S Classic Hard-Anodized (Digital)','<ul><li> Unrestrained and portable active stereo speaker</li>\n            <li> Free from the confines of wires and chords</li>\n            <li> 20 hours of portable capabilities</li>\n            <li> Double-ended Coil Cord with 3.5mm Stereo Plugs Included</li>\n            <li> 3/4″ Dome Tweeters: 2X and 4″ Woofer: 1X</li></ul>','<p>Short Hooded Coat features a straight body, large pockets with button flaps, ventilation air holes, and a string detail along the hemline. The style is completed with a drawstring hood, featuring Rains’ signature built-in cap. Made from waterproof, matte PU, this lightweight unisex rain jacket is an ode to nostalgia through its classic silhouette and utilitarian design details.</p>\n                                <p>- Casual unisex fit</p>\n\n                                <p>- 64% polyester, 36% polyurethane</p>\n\n                                <p>- Water column pressure: 4000 mm</p>\n\n                                <p>- Model is 187cm tall and wearing a size S / M</p>\n\n                                <p>- Unisex fit</p>\n\n                                <p>- Drawstring hood with built-in cap</p>\n\n                                <p>- Front placket with snap buttons</p>\n\n                                <p>- Ventilation under armpit</p>\n\n                                <p>- Adjustable cuffs</p>\n\n                                <p>- Double welted front pockets</p>\n\n                                <p>- Adjustable elastic string at hempen</p>\n\n                                <p>- Ultrasonically welded seams</p>\n\n                                <p>This is a unisex item, please check our clothing &amp; footwear sizing guide for specific Rains jacket sizing information. RAINS comes from the rainy nation of Denmark at the edge of the European continent, close to the ocean and with prevailing westerly winds; all factors that contribute to an average of 121 rain days each year. Arising from these rainy weather conditions comes the attitude that a quick rain shower may be beautiful, as well as moody- but first and foremost requires the right outfit. Rains focus on the whole experience of going outside on rainy days, issuing an invitation to explore even in the most mercurial weather.</p>','published','[\"products\\/52.jpg\",\"products\\/52-1.jpg\",\"products\\/52-2.jpg\"]',NULL,'Z4-132',0,20,0,1,0,1,0,0,890,518,NULL,NULL,12.00,11.00,18.00,655.00,NULL,187097,'2024-11-11 01:20:43','2024-11-11 01:20:48','in_stock',0,'Botble\\ACL\\Models\\User',NULL,'digital',NULL,NULL,0,0,0,0,1,2,0),(53,'Corn, Yellow Sweet','<ul><li> Unrestrained and portable active stereo speaker</li>\n            <li> Free from the confines of wires and chords</li>\n            <li> 20 hours of portable capabilities</li>\n            <li> Double-ended Coil Cord with 3.5mm Stereo Plugs Included</li>\n            <li> 3/4″ Dome Tweeters: 2X and 4″ Woofer: 1X</li></ul>','<p>Short Hooded Coat features a straight body, large pockets with button flaps, ventilation air holes, and a string detail along the hemline. The style is completed with a drawstring hood, featuring Rains’ signature built-in cap. Made from waterproof, matte PU, this lightweight unisex rain jacket is an ode to nostalgia through its classic silhouette and utilitarian design details.</p>\n                                <p>- Casual unisex fit</p>\n\n                                <p>- 64% polyester, 36% polyurethane</p>\n\n                                <p>- Water column pressure: 4000 mm</p>\n\n                                <p>- Model is 187cm tall and wearing a size S / M</p>\n\n                                <p>- Unisex fit</p>\n\n                                <p>- Drawstring hood with built-in cap</p>\n\n                                <p>- Front placket with snap buttons</p>\n\n                                <p>- Ventilation under armpit</p>\n\n                                <p>- Adjustable cuffs</p>\n\n                                <p>- Double welted front pockets</p>\n\n                                <p>- Adjustable elastic string at hempen</p>\n\n                                <p>- Ultrasonically welded seams</p>\n\n                                <p>This is a unisex item, please check our clothing &amp; footwear sizing guide for specific Rains jacket sizing information. RAINS comes from the rainy nation of Denmark at the edge of the European continent, close to the ocean and with prevailing westerly winds; all factors that contribute to an average of 121 rain days each year. Arising from these rainy weather conditions comes the attitude that a quick rain shower may be beautiful, as well as moody- but first and foremost requires the right outfit. Rains focus on the whole experience of going outside on rainy days, issuing an invitation to explore even in the most mercurial weather.</p>','published','[\"products\\/53.jpg\",\"products\\/53-1.jpg\"]',NULL,'NO-159',0,15,0,1,1,3,0,0,633,24,NULL,NULL,17.00,13.00,19.00,677.00,NULL,165602,'2024-11-11 01:20:43','2024-11-11 01:20:48','in_stock',0,'Botble\\ACL\\Models\\User',NULL,'physical',NULL,NULL,0,0,0,0,2,7,0),(54,'Hobnobs The Nobbly Biscuit','<ul><li> Unrestrained and portable active stereo speaker</li>\n            <li> Free from the confines of wires and chords</li>\n            <li> 20 hours of portable capabilities</li>\n            <li> Double-ended Coil Cord with 3.5mm Stereo Plugs Included</li>\n            <li> 3/4″ Dome Tweeters: 2X and 4″ Woofer: 1X</li></ul>','<p>Short Hooded Coat features a straight body, large pockets with button flaps, ventilation air holes, and a string detail along the hemline. The style is completed with a drawstring hood, featuring Rains’ signature built-in cap. Made from waterproof, matte PU, this lightweight unisex rain jacket is an ode to nostalgia through its classic silhouette and utilitarian design details.</p>\n                                <p>- Casual unisex fit</p>\n\n                                <p>- 64% polyester, 36% polyurethane</p>\n\n                                <p>- Water column pressure: 4000 mm</p>\n\n                                <p>- Model is 187cm tall and wearing a size S / M</p>\n\n                                <p>- Unisex fit</p>\n\n                                <p>- Drawstring hood with built-in cap</p>\n\n                                <p>- Front placket with snap buttons</p>\n\n                                <p>- Ventilation under armpit</p>\n\n                                <p>- Adjustable cuffs</p>\n\n                                <p>- Double welted front pockets</p>\n\n                                <p>- Adjustable elastic string at hempen</p>\n\n                                <p>- Ultrasonically welded seams</p>\n\n                                <p>This is a unisex item, please check our clothing &amp; footwear sizing guide for specific Rains jacket sizing information. RAINS comes from the rainy nation of Denmark at the edge of the European continent, close to the ocean and with prevailing westerly winds; all factors that contribute to an average of 121 rain days each year. Arising from these rainy weather conditions comes the attitude that a quick rain shower may be beautiful, as well as moody- but first and foremost requires the right outfit. Rains focus on the whole experience of going outside on rainy days, issuing an invitation to explore even in the most mercurial weather.</p>','published','[\"products\\/54.jpg\",\"products\\/54-1.jpg\"]',NULL,'RB-143-A1',0,20,0,1,1,4,0,0,1130,NULL,NULL,NULL,15.00,11.00,16.00,715.00,NULL,84090,'2024-11-11 01:20:43','2024-11-11 01:20:48','in_stock',0,'Botble\\ACL\\Models\\User',NULL,'physical',NULL,NULL,0,0,0,0,2,2,0),(55,'Honest Organic Still Lemonade','<ul><li> Unrestrained and portable active stereo speaker</li>\n            <li> Free from the confines of wires and chords</li>\n            <li> 20 hours of portable capabilities</li>\n            <li> Double-ended Coil Cord with 3.5mm Stereo Plugs Included</li>\n            <li> 3/4″ Dome Tweeters: 2X and 4″ Woofer: 1X</li></ul>','<p>Short Hooded Coat features a straight body, large pockets with button flaps, ventilation air holes, and a string detail along the hemline. The style is completed with a drawstring hood, featuring Rains’ signature built-in cap. Made from waterproof, matte PU, this lightweight unisex rain jacket is an ode to nostalgia through its classic silhouette and utilitarian design details.</p>\n                                <p>- Casual unisex fit</p>\n\n                                <p>- 64% polyester, 36% polyurethane</p>\n\n                                <p>- Water column pressure: 4000 mm</p>\n\n                                <p>- Model is 187cm tall and wearing a size S / M</p>\n\n                                <p>- Unisex fit</p>\n\n                                <p>- Drawstring hood with built-in cap</p>\n\n                                <p>- Front placket with snap buttons</p>\n\n                                <p>- Ventilation under armpit</p>\n\n                                <p>- Adjustable cuffs</p>\n\n                                <p>- Double welted front pockets</p>\n\n                                <p>- Adjustable elastic string at hempen</p>\n\n                                <p>- Ultrasonically welded seams</p>\n\n                                <p>This is a unisex item, please check our clothing &amp; footwear sizing guide for specific Rains jacket sizing information. RAINS comes from the rainy nation of Denmark at the edge of the European continent, close to the ocean and with prevailing westerly winds; all factors that contribute to an average of 121 rain days each year. Arising from these rainy weather conditions comes the attitude that a quick rain shower may be beautiful, as well as moody- but first and foremost requires the right outfit. Rains focus on the whole experience of going outside on rainy days, issuing an invitation to explore even in the most mercurial weather.</p>','published','[\"products\\/55.jpg\",\"products\\/55-1.jpg\",\"products\\/55-2.jpg\"]',NULL,'1J-193',0,11,0,1,1,2,0,0,539,18,NULL,NULL,18.00,13.00,20.00,768.00,NULL,91946,'2024-11-11 01:20:43','2024-11-11 01:20:48','in_stock',0,'Botble\\ACL\\Models\\User',NULL,'physical',NULL,NULL,0,0,0,0,1,8,0),(56,'Ice Beck’s Beer 350ml x 24 Pieces (Digital)','<ul><li> Unrestrained and portable active stereo speaker</li>\n            <li> Free from the confines of wires and chords</li>\n            <li> 20 hours of portable capabilities</li>\n            <li> Double-ended Coil Cord with 3.5mm Stereo Plugs Included</li>\n            <li> 3/4″ Dome Tweeters: 2X and 4″ Woofer: 1X</li></ul>','<p>Short Hooded Coat features a straight body, large pockets with button flaps, ventilation air holes, and a string detail along the hemline. The style is completed with a drawstring hood, featuring Rains’ signature built-in cap. Made from waterproof, matte PU, this lightweight unisex rain jacket is an ode to nostalgia through its classic silhouette and utilitarian design details.</p>\n                                <p>- Casual unisex fit</p>\n\n                                <p>- 64% polyester, 36% polyurethane</p>\n\n                                <p>- Water column pressure: 4000 mm</p>\n\n                                <p>- Model is 187cm tall and wearing a size S / M</p>\n\n                                <p>- Unisex fit</p>\n\n                                <p>- Drawstring hood with built-in cap</p>\n\n                                <p>- Front placket with snap buttons</p>\n\n                                <p>- Ventilation under armpit</p>\n\n                                <p>- Adjustable cuffs</p>\n\n                                <p>- Double welted front pockets</p>\n\n                                <p>- Adjustable elastic string at hempen</p>\n\n                                <p>- Ultrasonically welded seams</p>\n\n                                <p>This is a unisex item, please check our clothing &amp; footwear sizing guide for specific Rains jacket sizing information. RAINS comes from the rainy nation of Denmark at the edge of the European continent, close to the ocean and with prevailing westerly winds; all factors that contribute to an average of 121 rain days each year. Arising from these rainy weather conditions comes the attitude that a quick rain shower may be beautiful, as well as moody- but first and foremost requires the right outfit. Rains focus on the whole experience of going outside on rainy days, issuing an invitation to explore even in the most mercurial weather.</p>','published','[\"products\\/56.jpg\",\"products\\/56-1.jpg\",\"products\\/56-2.jpg\"]',NULL,'JK-130-A1',0,14,0,1,1,4,0,0,659,487.66,NULL,NULL,12.00,17.00,14.00,691.00,NULL,100738,'2024-11-11 01:20:43','2024-11-11 01:20:48','in_stock',0,'Botble\\ACL\\Models\\User',NULL,'digital',NULL,NULL,0,0,0,0,1,3,0),(57,'Iceland 6 Hot Cross Buns','<ul><li> Unrestrained and portable active stereo speaker</li>\n            <li> Free from the confines of wires and chords</li>\n            <li> 20 hours of portable capabilities</li>\n            <li> Double-ended Coil Cord with 3.5mm Stereo Plugs Included</li>\n            <li> 3/4″ Dome Tweeters: 2X and 4″ Woofer: 1X</li></ul>','<p>Short Hooded Coat features a straight body, large pockets with button flaps, ventilation air holes, and a string detail along the hemline. The style is completed with a drawstring hood, featuring Rains’ signature built-in cap. Made from waterproof, matte PU, this lightweight unisex rain jacket is an ode to nostalgia through its classic silhouette and utilitarian design details.</p>\n                                <p>- Casual unisex fit</p>\n\n                                <p>- 64% polyester, 36% polyurethane</p>\n\n                                <p>- Water column pressure: 4000 mm</p>\n\n                                <p>- Model is 187cm tall and wearing a size S / M</p>\n\n                                <p>- Unisex fit</p>\n\n                                <p>- Drawstring hood with built-in cap</p>\n\n                                <p>- Front placket with snap buttons</p>\n\n                                <p>- Ventilation under armpit</p>\n\n                                <p>- Adjustable cuffs</p>\n\n                                <p>- Double welted front pockets</p>\n\n                                <p>- Adjustable elastic string at hempen</p>\n\n                                <p>- Ultrasonically welded seams</p>\n\n                                <p>This is a unisex item, please check our clothing &amp; footwear sizing guide for specific Rains jacket sizing information. RAINS comes from the rainy nation of Denmark at the edge of the European continent, close to the ocean and with prevailing westerly winds; all factors that contribute to an average of 121 rain days each year. Arising from these rainy weather conditions comes the attitude that a quick rain shower may be beautiful, as well as moody- but first and foremost requires the right outfit. Rains focus on the whole experience of going outside on rainy days, issuing an invitation to explore even in the most mercurial weather.</p>','published','[\"products\\/57.jpg\",\"products\\/57-1.jpg\"]',NULL,'7J-167-A1',0,14,0,1,0,2,0,0,772,NULL,NULL,NULL,14.00,12.00,19.00,719.00,NULL,16136,'2024-11-11 01:20:43','2024-11-11 01:20:48','in_stock',0,'Botble\\ACL\\Models\\User',NULL,'physical',NULL,NULL,0,0,0,0,1,8,0),(58,'Iceland Luxury 4 Panini Rolls','<ul><li> Unrestrained and portable active stereo speaker</li>\n            <li> Free from the confines of wires and chords</li>\n            <li> 20 hours of portable capabilities</li>\n            <li> Double-ended Coil Cord with 3.5mm Stereo Plugs Included</li>\n            <li> 3/4″ Dome Tweeters: 2X and 4″ Woofer: 1X</li></ul>','<p>Short Hooded Coat features a straight body, large pockets with button flaps, ventilation air holes, and a string detail along the hemline. The style is completed with a drawstring hood, featuring Rains’ signature built-in cap. Made from waterproof, matte PU, this lightweight unisex rain jacket is an ode to nostalgia through its classic silhouette and utilitarian design details.</p>\n                                <p>- Casual unisex fit</p>\n\n                                <p>- 64% polyester, 36% polyurethane</p>\n\n                                <p>- Water column pressure: 4000 mm</p>\n\n                                <p>- Model is 187cm tall and wearing a size S / M</p>\n\n                                <p>- Unisex fit</p>\n\n                                <p>- Drawstring hood with built-in cap</p>\n\n                                <p>- Front placket with snap buttons</p>\n\n                                <p>- Ventilation under armpit</p>\n\n                                <p>- Adjustable cuffs</p>\n\n                                <p>- Double welted front pockets</p>\n\n                                <p>- Adjustable elastic string at hempen</p>\n\n                                <p>- Ultrasonically welded seams</p>\n\n                                <p>This is a unisex item, please check our clothing &amp; footwear sizing guide for specific Rains jacket sizing information. RAINS comes from the rainy nation of Denmark at the edge of the European continent, close to the ocean and with prevailing westerly winds; all factors that contribute to an average of 121 rain days each year. Arising from these rainy weather conditions comes the attitude that a quick rain shower may be beautiful, as well as moody- but first and foremost requires the right outfit. Rains focus on the whole experience of going outside on rainy days, issuing an invitation to explore even in the most mercurial weather.</p>','published','[\"products\\/58.jpg\",\"products\\/58-1.jpg\",\"products\\/58-2.jpg\"]',NULL,'QG-186-A1',0,19,0,1,1,5,0,0,880,NULL,NULL,NULL,18.00,20.00,10.00,539.00,NULL,27585,'2024-11-11 01:20:43','2024-11-11 01:20:48','in_stock',0,'Botble\\ACL\\Models\\User',NULL,'physical',NULL,NULL,0,0,0,0,1,5,0),(59,'Iceland Soft Scoop Vanilla','<ul><li> Unrestrained and portable active stereo speaker</li>\n            <li> Free from the confines of wires and chords</li>\n            <li> 20 hours of portable capabilities</li>\n            <li> Double-ended Coil Cord with 3.5mm Stereo Plugs Included</li>\n            <li> 3/4″ Dome Tweeters: 2X and 4″ Woofer: 1X</li></ul>','<p>Short Hooded Coat features a straight body, large pockets with button flaps, ventilation air holes, and a string detail along the hemline. The style is completed with a drawstring hood, featuring Rains’ signature built-in cap. Made from waterproof, matte PU, this lightweight unisex rain jacket is an ode to nostalgia through its classic silhouette and utilitarian design details.</p>\n                                <p>- Casual unisex fit</p>\n\n                                <p>- 64% polyester, 36% polyurethane</p>\n\n                                <p>- Water column pressure: 4000 mm</p>\n\n                                <p>- Model is 187cm tall and wearing a size S / M</p>\n\n                                <p>- Unisex fit</p>\n\n                                <p>- Drawstring hood with built-in cap</p>\n\n                                <p>- Front placket with snap buttons</p>\n\n                                <p>- Ventilation under armpit</p>\n\n                                <p>- Adjustable cuffs</p>\n\n                                <p>- Double welted front pockets</p>\n\n                                <p>- Adjustable elastic string at hempen</p>\n\n                                <p>- Ultrasonically welded seams</p>\n\n                                <p>This is a unisex item, please check our clothing &amp; footwear sizing guide for specific Rains jacket sizing information. RAINS comes from the rainy nation of Denmark at the edge of the European continent, close to the ocean and with prevailing westerly winds; all factors that contribute to an average of 121 rain days each year. Arising from these rainy weather conditions comes the attitude that a quick rain shower may be beautiful, as well as moody- but first and foremost requires the right outfit. Rains focus on the whole experience of going outside on rainy days, issuing an invitation to explore even in the most mercurial weather.</p>','published','[\"products\\/59.jpg\",\"products\\/59-1.jpg\",\"products\\/59-2.jpg\",\"products\\/59-3.jpg\"]',NULL,'5G-101-A1',0,11,0,1,1,3,0,0,966,NULL,NULL,NULL,17.00,13.00,12.00,800.00,NULL,185061,'2024-11-11 01:20:43','2024-11-11 01:20:48','in_stock',0,'Botble\\ACL\\Models\\User',NULL,'physical',NULL,NULL,0,0,0,0,1,4,0),(60,'Iceland Spaghetti Bolognese (Digital)','<ul><li> Unrestrained and portable active stereo speaker</li>\n            <li> Free from the confines of wires and chords</li>\n            <li> 20 hours of portable capabilities</li>\n            <li> Double-ended Coil Cord with 3.5mm Stereo Plugs Included</li>\n            <li> 3/4″ Dome Tweeters: 2X and 4″ Woofer: 1X</li></ul>','<p>Short Hooded Coat features a straight body, large pockets with button flaps, ventilation air holes, and a string detail along the hemline. The style is completed with a drawstring hood, featuring Rains’ signature built-in cap. Made from waterproof, matte PU, this lightweight unisex rain jacket is an ode to nostalgia through its classic silhouette and utilitarian design details.</p>\n                                <p>- Casual unisex fit</p>\n\n                                <p>- 64% polyester, 36% polyurethane</p>\n\n                                <p>- Water column pressure: 4000 mm</p>\n\n                                <p>- Model is 187cm tall and wearing a size S / M</p>\n\n                                <p>- Unisex fit</p>\n\n                                <p>- Drawstring hood with built-in cap</p>\n\n                                <p>- Front placket with snap buttons</p>\n\n                                <p>- Ventilation under armpit</p>\n\n                                <p>- Adjustable cuffs</p>\n\n                                <p>- Double welted front pockets</p>\n\n                                <p>- Adjustable elastic string at hempen</p>\n\n                                <p>- Ultrasonically welded seams</p>\n\n                                <p>This is a unisex item, please check our clothing &amp; footwear sizing guide for specific Rains jacket sizing information. RAINS comes from the rainy nation of Denmark at the edge of the European continent, close to the ocean and with prevailing westerly winds; all factors that contribute to an average of 121 rain days each year. Arising from these rainy weather conditions comes the attitude that a quick rain shower may be beautiful, as well as moody- but first and foremost requires the right outfit. Rains focus on the whole experience of going outside on rainy days, issuing an invitation to explore even in the most mercurial weather.</p>','published','[\"products\\/60.jpg\",\"products\\/60-1.jpg\",\"products\\/60-2.jpg\"]',NULL,'WE-169',0,10,0,1,1,4,0,0,608,144,NULL,NULL,19.00,13.00,16.00,615.00,NULL,78820,'2024-11-11 01:20:43','2024-11-11 01:20:48','in_stock',0,'Botble\\ACL\\Models\\User',NULL,'digital',NULL,NULL,0,0,0,0,1,1,0),(61,'Kellogg’s Coco Pops Cereal','<ul><li> Unrestrained and portable active stereo speaker</li>\n            <li> Free from the confines of wires and chords</li>\n            <li> 20 hours of portable capabilities</li>\n            <li> Double-ended Coil Cord with 3.5mm Stereo Plugs Included</li>\n            <li> 3/4″ Dome Tweeters: 2X and 4″ Woofer: 1X</li></ul>','<p>Short Hooded Coat features a straight body, large pockets with button flaps, ventilation air holes, and a string detail along the hemline. The style is completed with a drawstring hood, featuring Rains’ signature built-in cap. Made from waterproof, matte PU, this lightweight unisex rain jacket is an ode to nostalgia through its classic silhouette and utilitarian design details.</p>\n                                <p>- Casual unisex fit</p>\n\n                                <p>- 64% polyester, 36% polyurethane</p>\n\n                                <p>- Water column pressure: 4000 mm</p>\n\n                                <p>- Model is 187cm tall and wearing a size S / M</p>\n\n                                <p>- Unisex fit</p>\n\n                                <p>- Drawstring hood with built-in cap</p>\n\n                                <p>- Front placket with snap buttons</p>\n\n                                <p>- Ventilation under armpit</p>\n\n                                <p>- Adjustable cuffs</p>\n\n                                <p>- Double welted front pockets</p>\n\n                                <p>- Adjustable elastic string at hempen</p>\n\n                                <p>- Ultrasonically welded seams</p>\n\n                                <p>This is a unisex item, please check our clothing &amp; footwear sizing guide for specific Rains jacket sizing information. RAINS comes from the rainy nation of Denmark at the edge of the European continent, close to the ocean and with prevailing westerly winds; all factors that contribute to an average of 121 rain days each year. Arising from these rainy weather conditions comes the attitude that a quick rain shower may be beautiful, as well as moody- but first and foremost requires the right outfit. Rains focus on the whole experience of going outside on rainy days, issuing an invitation to explore even in the most mercurial weather.</p>','published','[\"products\\/61.jpg\",\"products\\/61-1.jpg\"]',NULL,'CO-120-A1',0,17,0,1,0,3,0,0,1199,NULL,NULL,NULL,10.00,11.00,13.00,876.00,NULL,150138,'2024-11-11 01:20:43','2024-11-11 01:20:48','in_stock',0,'Botble\\ACL\\Models\\User',NULL,'physical',NULL,NULL,0,0,0,0,1,4,0),(62,'Kit Kat Chunky Milk Chocolate','<ul><li> Unrestrained and portable active stereo speaker</li>\n            <li> Free from the confines of wires and chords</li>\n            <li> 20 hours of portable capabilities</li>\n            <li> Double-ended Coil Cord with 3.5mm Stereo Plugs Included</li>\n            <li> 3/4″ Dome Tweeters: 2X and 4″ Woofer: 1X</li></ul>','<p>Short Hooded Coat features a straight body, large pockets with button flaps, ventilation air holes, and a string detail along the hemline. The style is completed with a drawstring hood, featuring Rains’ signature built-in cap. Made from waterproof, matte PU, this lightweight unisex rain jacket is an ode to nostalgia through its classic silhouette and utilitarian design details.</p>\n                                <p>- Casual unisex fit</p>\n\n                                <p>- 64% polyester, 36% polyurethane</p>\n\n                                <p>- Water column pressure: 4000 mm</p>\n\n                                <p>- Model is 187cm tall and wearing a size S / M</p>\n\n                                <p>- Unisex fit</p>\n\n                                <p>- Drawstring hood with built-in cap</p>\n\n                                <p>- Front placket with snap buttons</p>\n\n                                <p>- Ventilation under armpit</p>\n\n                                <p>- Adjustable cuffs</p>\n\n                                <p>- Double welted front pockets</p>\n\n                                <p>- Adjustable elastic string at hempen</p>\n\n                                <p>- Ultrasonically welded seams</p>\n\n                                <p>This is a unisex item, please check our clothing &amp; footwear sizing guide for specific Rains jacket sizing information. RAINS comes from the rainy nation of Denmark at the edge of the European continent, close to the ocean and with prevailing westerly winds; all factors that contribute to an average of 121 rain days each year. Arising from these rainy weather conditions comes the attitude that a quick rain shower may be beautiful, as well as moody- but first and foremost requires the right outfit. Rains focus on the whole experience of going outside on rainy days, issuing an invitation to explore even in the most mercurial weather.</p>','published','[\"products\\/62.jpg\",\"products\\/62-1.jpg\"]',NULL,'3C-183',0,19,0,1,1,5,0,0,1107,140,NULL,NULL,19.00,16.00,20.00,815.00,NULL,130165,'2024-11-11 01:20:43','2024-11-11 01:20:48','in_stock',0,'Botble\\ACL\\Models\\User',NULL,'physical',NULL,NULL,0,0,0,0,2,1,0),(63,'Large Green Bell Pepper','<ul><li> Unrestrained and portable active stereo speaker</li>\n            <li> Free from the confines of wires and chords</li>\n            <li> 20 hours of portable capabilities</li>\n            <li> Double-ended Coil Cord with 3.5mm Stereo Plugs Included</li>\n            <li> 3/4″ Dome Tweeters: 2X and 4″ Woofer: 1X</li></ul>','<p>Short Hooded Coat features a straight body, large pockets with button flaps, ventilation air holes, and a string detail along the hemline. The style is completed with a drawstring hood, featuring Rains’ signature built-in cap. Made from waterproof, matte PU, this lightweight unisex rain jacket is an ode to nostalgia through its classic silhouette and utilitarian design details.</p>\n                                <p>- Casual unisex fit</p>\n\n                                <p>- 64% polyester, 36% polyurethane</p>\n\n                                <p>- Water column pressure: 4000 mm</p>\n\n                                <p>- Model is 187cm tall and wearing a size S / M</p>\n\n                                <p>- Unisex fit</p>\n\n                                <p>- Drawstring hood with built-in cap</p>\n\n                                <p>- Front placket with snap buttons</p>\n\n                                <p>- Ventilation under armpit</p>\n\n                                <p>- Adjustable cuffs</p>\n\n                                <p>- Double welted front pockets</p>\n\n                                <p>- Adjustable elastic string at hempen</p>\n\n                                <p>- Ultrasonically welded seams</p>\n\n                                <p>This is a unisex item, please check our clothing &amp; footwear sizing guide for specific Rains jacket sizing information. RAINS comes from the rainy nation of Denmark at the edge of the European continent, close to the ocean and with prevailing westerly winds; all factors that contribute to an average of 121 rain days each year. Arising from these rainy weather conditions comes the attitude that a quick rain shower may be beautiful, as well as moody- but first and foremost requires the right outfit. Rains focus on the whole experience of going outside on rainy days, issuing an invitation to explore even in the most mercurial weather.</p>','published','[\"products\\/63.jpg\",\"products\\/63-1.jpg\"]',NULL,'EI-120-A1',0,20,0,1,0,3,0,0,1077,NULL,NULL,NULL,13.00,14.00,20.00,795.00,NULL,146855,'2024-11-11 01:20:43','2024-11-11 01:20:48','in_stock',0,'Botble\\ACL\\Models\\User',NULL,'physical',NULL,NULL,0,0,0,0,2,1,0),(64,'Pice 94w Beasley Journal (Digital)','<ul><li> Unrestrained and portable active stereo speaker</li>\n            <li> Free from the confines of wires and chords</li>\n            <li> 20 hours of portable capabilities</li>\n            <li> Double-ended Coil Cord with 3.5mm Stereo Plugs Included</li>\n            <li> 3/4″ Dome Tweeters: 2X and 4″ Woofer: 1X</li></ul>','<p>Short Hooded Coat features a straight body, large pockets with button flaps, ventilation air holes, and a string detail along the hemline. The style is completed with a drawstring hood, featuring Rains’ signature built-in cap. Made from waterproof, matte PU, this lightweight unisex rain jacket is an ode to nostalgia through its classic silhouette and utilitarian design details.</p>\n                                <p>- Casual unisex fit</p>\n\n                                <p>- 64% polyester, 36% polyurethane</p>\n\n                                <p>- Water column pressure: 4000 mm</p>\n\n                                <p>- Model is 187cm tall and wearing a size S / M</p>\n\n                                <p>- Unisex fit</p>\n\n                                <p>- Drawstring hood with built-in cap</p>\n\n                                <p>- Front placket with snap buttons</p>\n\n                                <p>- Ventilation under armpit</p>\n\n                                <p>- Adjustable cuffs</p>\n\n                                <p>- Double welted front pockets</p>\n\n                                <p>- Adjustable elastic string at hempen</p>\n\n                                <p>- Ultrasonically welded seams</p>\n\n                                <p>This is a unisex item, please check our clothing &amp; footwear sizing guide for specific Rains jacket sizing information. RAINS comes from the rainy nation of Denmark at the edge of the European continent, close to the ocean and with prevailing westerly winds; all factors that contribute to an average of 121 rain days each year. Arising from these rainy weather conditions comes the attitude that a quick rain shower may be beautiful, as well as moody- but first and foremost requires the right outfit. Rains focus on the whole experience of going outside on rainy days, issuing an invitation to explore even in the most mercurial weather.</p>','published','[\"products\\/64.jpg\",\"products\\/64-1.jpg\"]',NULL,'NN-128',0,17,0,1,1,4,0,0,1213,502,NULL,NULL,16.00,17.00,16.00,844.00,NULL,192614,'2024-11-11 01:20:43','2024-11-11 01:20:48','in_stock',0,'Botble\\ACL\\Models\\User',NULL,'digital',NULL,NULL,0,0,0,0,1,6,0),(65,'Province Piece Glass Drinking Glass','<ul><li> Unrestrained and portable active stereo speaker</li>\n            <li> Free from the confines of wires and chords</li>\n            <li> 20 hours of portable capabilities</li>\n            <li> Double-ended Coil Cord with 3.5mm Stereo Plugs Included</li>\n            <li> 3/4″ Dome Tweeters: 2X and 4″ Woofer: 1X</li></ul>','<p>Short Hooded Coat features a straight body, large pockets with button flaps, ventilation air holes, and a string detail along the hemline. The style is completed with a drawstring hood, featuring Rains’ signature built-in cap. Made from waterproof, matte PU, this lightweight unisex rain jacket is an ode to nostalgia through its classic silhouette and utilitarian design details.</p>\n                                <p>- Casual unisex fit</p>\n\n                                <p>- 64% polyester, 36% polyurethane</p>\n\n                                <p>- Water column pressure: 4000 mm</p>\n\n                                <p>- Model is 187cm tall and wearing a size S / M</p>\n\n                                <p>- Unisex fit</p>\n\n                                <p>- Drawstring hood with built-in cap</p>\n\n                                <p>- Front placket with snap buttons</p>\n\n                                <p>- Ventilation under armpit</p>\n\n                                <p>- Adjustable cuffs</p>\n\n                                <p>- Double welted front pockets</p>\n\n                                <p>- Adjustable elastic string at hempen</p>\n\n                                <p>- Ultrasonically welded seams</p>\n\n                                <p>This is a unisex item, please check our clothing &amp; footwear sizing guide for specific Rains jacket sizing information. RAINS comes from the rainy nation of Denmark at the edge of the European continent, close to the ocean and with prevailing westerly winds; all factors that contribute to an average of 121 rain days each year. Arising from these rainy weather conditions comes the attitude that a quick rain shower may be beautiful, as well as moody- but first and foremost requires the right outfit. Rains focus on the whole experience of going outside on rainy days, issuing an invitation to explore even in the most mercurial weather.</p>','published','[\"products\\/65.jpg\",\"products\\/65-1.jpg\",\"products\\/65-2.jpg\"]',NULL,'DL-119',0,14,0,1,0,4,0,0,1198,971,NULL,NULL,16.00,15.00,12.00,722.00,NULL,131687,'2024-11-11 01:20:43','2024-11-11 01:20:48','in_stock',0,'Botble\\ACL\\Models\\User',NULL,'physical',NULL,NULL,0,0,0,0,2,5,0),(66,'Dual Camera 20MP',NULL,NULL,'published','[\"products\\/1.jpg\"]',NULL,'Y1-191-A1',0,10,0,1,0,4,1,0,80.25,NULL,NULL,NULL,19.00,20.00,10.00,520.00,NULL,0,'2024-11-11 01:20:43','2024-11-11 01:20:48','in_stock',0,'Botble\\ACL\\Models\\User',NULL,'physical',NULL,NULL,0,0,0,0,NULL,NULL,0),(67,'Dual Camera 20MP',NULL,NULL,'published','[\"products\\/1.jpg\"]',NULL,'Y1-191-A1-A2',0,10,0,1,0,4,1,0,80.25,NULL,NULL,NULL,19.00,20.00,10.00,520.00,NULL,0,'2024-11-11 01:20:43','2024-11-11 01:20:48','in_stock',0,'Botble\\ACL\\Models\\User',NULL,'physical',NULL,NULL,0,0,0,0,NULL,NULL,0),(68,'Smart Watch External',NULL,NULL,'published','[\"products\\/5-1.jpg\"]',NULL,'QK-111-A1',0,16,0,1,0,1,1,0,860,NULL,NULL,NULL,11.00,17.00,14.00,884.00,NULL,0,'2024-11-11 01:20:43','2024-11-11 01:20:48','in_stock',0,'Botble\\ACL\\Models\\User',NULL,'physical',NULL,NULL,0,0,0,0,NULL,NULL,0),(69,'Smart Watch External',NULL,NULL,'published','[\"products\\/5-2.jpg\"]',NULL,'QK-111-A1-A2',0,16,0,1,0,1,1,0,860,NULL,NULL,NULL,11.00,17.00,14.00,884.00,NULL,0,'2024-11-11 01:20:43','2024-11-11 01:20:48','in_stock',0,'Botble\\ACL\\Models\\User',NULL,'physical',NULL,NULL,0,0,0,0,NULL,NULL,0),(70,'Smart Watch External',NULL,NULL,'published','[\"products\\/5-3.jpg\"]',NULL,'QK-111-A1-A3',0,16,0,1,0,1,1,0,860,NULL,NULL,NULL,11.00,17.00,14.00,884.00,NULL,0,'2024-11-11 01:20:43','2024-11-11 01:20:48','in_stock',0,'Botble\\ACL\\Models\\User',NULL,'physical',NULL,NULL,0,0,0,0,NULL,NULL,0),(71,'Smart Watch External',NULL,NULL,'published','[\"products\\/5.jpg\"]',NULL,'QK-111-A1-A4',0,16,0,1,0,1,1,0,860,NULL,NULL,NULL,11.00,17.00,14.00,884.00,NULL,0,'2024-11-11 01:20:43','2024-11-11 01:20:48','in_stock',0,'Botble\\ACL\\Models\\User',NULL,'physical',NULL,NULL,0,0,0,0,NULL,NULL,0),(72,'Nikon HD camera',NULL,NULL,'published','[\"products\\/6.jpg\"]',NULL,'SM-103-A1',0,11,0,1,0,3,1,0,498,NULL,NULL,NULL,11.00,17.00,17.00,732.00,NULL,0,'2024-11-11 01:20:43','2024-11-11 01:20:48','in_stock',0,'Botble\\ACL\\Models\\User',NULL,'physical',NULL,NULL,0,0,0,0,NULL,NULL,0),(73,'Nikon HD camera',NULL,NULL,'published','[\"products\\/6.jpg\"]',NULL,'SM-103-A1-A2',0,11,0,1,0,3,1,0,498,NULL,NULL,NULL,11.00,17.00,17.00,732.00,NULL,0,'2024-11-11 01:20:43','2024-11-11 01:20:48','in_stock',0,'Botble\\ACL\\Models\\User',NULL,'physical',NULL,NULL,0,0,0,0,NULL,NULL,0),(74,'Smart Televisions (Digital)',NULL,NULL,'published','[\"products\\/8-1.jpg\"]',NULL,'VB-114-A1',0,18,0,1,0,2,1,0,1102,804.46,NULL,NULL,15.00,20.00,15.00,838.00,NULL,0,'2024-11-11 01:20:43','2024-11-11 01:20:48','in_stock',0,'Botble\\ACL\\Models\\User',NULL,'digital',NULL,NULL,0,0,0,0,NULL,NULL,0),(75,'Smart Televisions (Digital)',NULL,NULL,'published','[\"products\\/8-2.jpg\"]',NULL,'VB-114-A1-A2',0,18,0,1,0,2,1,0,1102,991.8,NULL,NULL,15.00,20.00,15.00,838.00,NULL,0,'2024-11-11 01:20:43','2024-11-11 01:20:48','in_stock',0,'Botble\\ACL\\Models\\User',NULL,'digital',NULL,NULL,0,0,0,0,NULL,NULL,0),(76,'Samsung Smart Phone',NULL,NULL,'published','[\"products\\/9-1.jpg\"]',NULL,'6I-172-A1',0,15,0,1,0,3,1,0,572,NULL,NULL,NULL,18.00,10.00,14.00,645.00,NULL,0,'2024-11-11 01:20:43','2024-11-11 01:20:48','in_stock',0,'Botble\\ACL\\Models\\User',NULL,'physical',NULL,NULL,0,0,0,0,NULL,NULL,0),(77,'Samsung Smart Phone',NULL,NULL,'published','[\"products\\/9-2.jpg\"]',NULL,'6I-172-A1-A2',0,15,0,1,0,3,1,0,572,NULL,NULL,NULL,18.00,10.00,14.00,645.00,NULL,0,'2024-11-11 01:20:43','2024-11-11 01:20:48','in_stock',0,'Botble\\ACL\\Models\\User',NULL,'physical',NULL,NULL,0,0,0,0,NULL,NULL,0),(78,'Samsung Smart Phone',NULL,NULL,'published','[\"products\\/9.jpg\"]',NULL,'6I-172-A1-A3',0,15,0,1,0,3,1,0,572,NULL,NULL,NULL,18.00,10.00,14.00,645.00,NULL,0,'2024-11-11 01:20:43','2024-11-11 01:20:48','in_stock',0,'Botble\\ACL\\Models\\User',NULL,'physical',NULL,NULL,0,0,0,0,NULL,NULL,0),(79,'Samsung Smart Phone',NULL,NULL,'published','[\"products\\/9.jpg\"]',NULL,'6I-172-A1-A4',0,15,0,1,0,3,1,0,572,NULL,NULL,NULL,18.00,10.00,14.00,645.00,NULL,0,'2024-11-11 01:20:43','2024-11-11 01:20:48','in_stock',0,'Botble\\ACL\\Models\\User',NULL,'physical',NULL,NULL,0,0,0,0,NULL,NULL,0),(80,'Samsung Smart Phone',NULL,NULL,'published','[\"products\\/9.jpg\"]',NULL,'6I-172-A1-A5',0,15,0,1,0,3,1,0,572,NULL,NULL,NULL,18.00,10.00,14.00,645.00,NULL,0,'2024-11-11 01:20:43','2024-11-11 01:20:48','in_stock',0,'Botble\\ACL\\Models\\User',NULL,'physical',NULL,NULL,0,0,0,0,NULL,NULL,0),(81,'Herschel Leather Duffle Bag In Brown Color',NULL,NULL,'published','[\"products\\/10-1.jpg\"]',NULL,'6R-157-A1',0,12,0,1,0,5,1,0,1109,NULL,NULL,NULL,17.00,16.00,10.00,562.00,NULL,0,'2024-11-11 01:20:43','2024-11-11 01:20:48','in_stock',0,'Botble\\ACL\\Models\\User',NULL,'physical',NULL,NULL,0,0,0,0,NULL,NULL,0),(82,'Herschel Leather Duffle Bag In Brown Color',NULL,NULL,'published','[\"products\\/10-2.jpg\"]',NULL,'6R-157-A1-A2',0,12,0,1,0,5,1,0,1109,NULL,NULL,NULL,17.00,16.00,10.00,562.00,NULL,0,'2024-11-11 01:20:43','2024-11-11 01:20:48','in_stock',0,'Botble\\ACL\\Models\\User',NULL,'physical',NULL,NULL,0,0,0,0,NULL,NULL,0),(83,'B&O Play Mini Bluetooth Speaker',NULL,NULL,'published','[\"products\\/14.jpg\"]',NULL,'JH-110-A1',0,15,0,1,0,4,1,0,576,NULL,NULL,NULL,20.00,12.00,13.00,581.00,NULL,0,'2024-11-11 01:20:43','2024-11-11 01:20:48','in_stock',0,'Botble\\ACL\\Models\\User',NULL,'physical',NULL,NULL,0,0,0,0,NULL,NULL,0),(84,'B&O Play Mini Bluetooth Speaker',NULL,NULL,'published','[\"products\\/14.jpg\"]',NULL,'JH-110-A1-A2',0,15,0,1,0,4,1,0,576,NULL,NULL,NULL,20.00,12.00,13.00,581.00,NULL,0,'2024-11-11 01:20:43','2024-11-11 01:20:48','in_stock',0,'Botble\\ACL\\Models\\User',NULL,'physical',NULL,NULL,0,0,0,0,NULL,NULL,0),(85,'B&O Play Mini Bluetooth Speaker',NULL,NULL,'published','[\"products\\/14.jpg\"]',NULL,'JH-110-A1-A3',0,15,0,1,0,4,1,0,576,NULL,NULL,NULL,20.00,12.00,13.00,581.00,NULL,0,'2024-11-11 01:20:43','2024-11-11 01:20:48','in_stock',0,'Botble\\ACL\\Models\\User',NULL,'physical',NULL,NULL,0,0,0,0,NULL,NULL,0),(86,'B&O Play Mini Bluetooth Speaker',NULL,NULL,'published','[\"products\\/14.jpg\"]',NULL,'JH-110-A1-A4',0,15,0,1,0,4,1,0,576,NULL,NULL,NULL,20.00,12.00,13.00,581.00,NULL,0,'2024-11-11 01:20:43','2024-11-11 01:20:48','in_stock',0,'Botble\\ACL\\Models\\User',NULL,'physical',NULL,NULL,0,0,0,0,NULL,NULL,0),(87,'Apple MacBook Air Retina 13.3-Inch Laptop',NULL,NULL,'published','[\"products\\/15-1.jpg\"]',NULL,'QR-149-A1',0,10,0,1,0,5,1,0,572,NULL,NULL,NULL,13.00,19.00,10.00,623.00,NULL,0,'2024-11-11 01:20:43','2024-11-11 01:20:48','in_stock',0,'Botble\\ACL\\Models\\User',NULL,'physical',NULL,NULL,0,0,0,0,NULL,NULL,0),(88,'Apple MacBook Air Retina 13.3-Inch Laptop',NULL,NULL,'published','[\"products\\/15.jpg\"]',NULL,'QR-149-A1-A2',0,10,0,1,0,5,1,0,572,NULL,NULL,NULL,13.00,19.00,10.00,623.00,NULL,0,'2024-11-11 01:20:43','2024-11-11 01:20:48','in_stock',0,'Botble\\ACL\\Models\\User',NULL,'physical',NULL,NULL,0,0,0,0,NULL,NULL,0),(89,'Apple MacBook Air Retina 12-Inch Laptop (Digital)',NULL,NULL,'published','[\"products\\/16.jpg\"]',NULL,'KU-190-A1',0,20,0,1,0,5,1,0,577,478.91,NULL,NULL,13.00,13.00,11.00,849.00,NULL,0,'2024-11-11 01:20:43','2024-11-11 01:20:48','in_stock',0,'Botble\\ACL\\Models\\User',NULL,'digital',NULL,NULL,0,0,0,0,NULL,NULL,0),(90,'Apple MacBook Air Retina 12-Inch Laptop (Digital)',NULL,NULL,'published','[\"products\\/16.jpg\"]',NULL,'KU-190-A1-A2',0,20,0,1,0,5,1,0,577,432.75,NULL,NULL,13.00,13.00,11.00,849.00,NULL,0,'2024-11-11 01:20:43','2024-11-11 01:20:48','in_stock',0,'Botble\\ACL\\Models\\User',NULL,'digital',NULL,NULL,0,0,0,0,NULL,NULL,0),(91,'Apple MacBook Air Retina 12-Inch Laptop (Digital)',NULL,NULL,'published','[\"products\\/16.jpg\"]',NULL,'KU-190-A1-A3',0,20,0,1,0,5,1,0,577,444.29,NULL,NULL,13.00,13.00,11.00,849.00,NULL,0,'2024-11-11 01:20:43','2024-11-11 01:20:48','in_stock',0,'Botble\\ACL\\Models\\User',NULL,'digital',NULL,NULL,0,0,0,0,NULL,NULL,0),(92,'Apple MacBook Air Retina 12-Inch Laptop (Digital)',NULL,NULL,'published','[\"products\\/16.jpg\"]',NULL,'KU-190-A1-A4',0,20,0,1,0,5,1,0,577,461.6,NULL,NULL,13.00,13.00,11.00,849.00,NULL,0,'2024-11-11 01:20:43','2024-11-11 01:20:48','in_stock',0,'Botble\\ACL\\Models\\User',NULL,'digital',NULL,NULL,0,0,0,0,NULL,NULL,0),(93,'Aveeno Moisturizing Body Shower 450ml',NULL,NULL,'published','[\"products\\/18-1.jpg\"]',NULL,'HO-185-A1',0,10,0,1,0,2,1,0,1158,NULL,NULL,NULL,15.00,10.00,18.00,728.00,NULL,0,'2024-11-11 01:20:44','2024-11-11 01:20:48','in_stock',0,'Botble\\ACL\\Models\\User',NULL,'physical',NULL,NULL,0,0,0,0,NULL,NULL,0),(94,'Aveeno Moisturizing Body Shower 450ml',NULL,NULL,'published','[\"products\\/18-2.jpg\"]',NULL,'HO-185-A1-A2',0,10,0,1,0,2,1,0,1158,NULL,NULL,NULL,15.00,10.00,18.00,728.00,NULL,0,'2024-11-11 01:20:44','2024-11-11 01:20:48','in_stock',0,'Botble\\ACL\\Models\\User',NULL,'physical',NULL,NULL,0,0,0,0,NULL,NULL,0),(95,'Aveeno Moisturizing Body Shower 450ml',NULL,NULL,'published','[\"products\\/18-3.jpg\"]',NULL,'HO-185-A1-A3',0,10,0,1,0,2,1,0,1158,NULL,NULL,NULL,15.00,10.00,18.00,728.00,NULL,0,'2024-11-11 01:20:44','2024-11-11 01:20:48','in_stock',0,'Botble\\ACL\\Models\\User',NULL,'physical',NULL,NULL,0,0,0,0,NULL,NULL,0),(96,'NYX Beauty Couton Pallete Makeup 12',NULL,NULL,'published','[\"products\\/19-1.jpg\"]',NULL,'FL-136-A1',0,10,0,1,0,4,1,0,980,NULL,NULL,NULL,17.00,20.00,19.00,536.00,NULL,0,'2024-11-11 01:20:44','2024-11-11 01:20:48','in_stock',0,'Botble\\ACL\\Models\\User',NULL,'physical',NULL,NULL,0,0,0,0,NULL,NULL,0),(97,'NYX Beauty Couton Pallete Makeup 12',NULL,NULL,'published','[\"products\\/19-2.jpg\"]',NULL,'FL-136-A1-A2',0,10,0,1,0,4,1,0,980,NULL,NULL,NULL,17.00,20.00,19.00,536.00,NULL,0,'2024-11-11 01:20:44','2024-11-11 01:20:48','in_stock',0,'Botble\\ACL\\Models\\User',NULL,'physical',NULL,NULL,0,0,0,0,NULL,NULL,0),(98,'NYX Beauty Couton Pallete Makeup 12 (Digital)',NULL,NULL,'published','[\"products\\/20-1.jpg\"]',NULL,'C5-199-A1',0,19,0,1,0,4,1,0,801,624.78,NULL,NULL,20.00,18.00,15.00,573.00,NULL,0,'2024-11-11 01:20:44','2024-11-11 01:20:48','in_stock',0,'Botble\\ACL\\Models\\User',NULL,'digital',NULL,NULL,0,0,0,0,NULL,NULL,0),(99,'Baxter Care Hair Kit For Bearded Mens',NULL,NULL,'published','[\"products\\/22-1.jpg\"]',NULL,'2O-188-A1',0,13,0,1,0,1,1,0,597,NULL,NULL,NULL,17.00,17.00,18.00,742.00,NULL,0,'2024-11-11 01:20:44','2024-11-11 01:20:48','in_stock',0,'Botble\\ACL\\Models\\User',NULL,'physical',NULL,NULL,0,0,0,0,NULL,NULL,0),(100,'Baxter Care Hair Kit For Bearded Mens',NULL,NULL,'published','[\"products\\/22-2.jpg\"]',NULL,'2O-188-A1-A2',0,13,0,1,0,1,1,0,597,NULL,NULL,NULL,17.00,17.00,18.00,742.00,NULL,0,'2024-11-11 01:20:44','2024-11-11 01:20:48','in_stock',0,'Botble\\ACL\\Models\\User',NULL,'physical',NULL,NULL,0,0,0,0,NULL,NULL,0),(101,'Baxter Care Hair Kit For Bearded Mens',NULL,NULL,'published','[\"products\\/22-3.jpg\"]',NULL,'2O-188-A1-A3',0,13,0,1,0,1,1,0,597,NULL,NULL,NULL,17.00,17.00,18.00,742.00,NULL,0,'2024-11-11 01:20:44','2024-11-11 01:20:48','in_stock',0,'Botble\\ACL\\Models\\User',NULL,'physical',NULL,NULL,0,0,0,0,NULL,NULL,0),(102,'Baxter Care Hair Kit For Bearded Mens',NULL,NULL,'published','[\"products\\/22.jpg\"]',NULL,'2O-188-A1-A4',0,13,0,1,0,1,1,0,597,NULL,NULL,NULL,17.00,17.00,18.00,742.00,NULL,0,'2024-11-11 01:20:44','2024-11-11 01:20:48','in_stock',0,'Botble\\ACL\\Models\\User',NULL,'physical',NULL,NULL,0,0,0,0,NULL,NULL,0),(103,'Baxter Care Hair Kit For Bearded Mens',NULL,NULL,'published','[\"products\\/22.jpg\"]',NULL,'2O-188-A1-A5',0,13,0,1,0,1,1,0,597,NULL,NULL,NULL,17.00,17.00,18.00,742.00,NULL,0,'2024-11-11 01:20:44','2024-11-11 01:20:48','in_stock',0,'Botble\\ACL\\Models\\User',NULL,'physical',NULL,NULL,0,0,0,0,NULL,NULL,0),(104,'Ciate Palemore Lipstick Bold Red Color',NULL,NULL,'published','[\"products\\/23-1.jpg\"]',NULL,'C9-172-A1',0,14,0,1,0,3,1,0,646,NULL,NULL,NULL,16.00,14.00,14.00,657.00,NULL,0,'2024-11-11 01:20:44','2024-11-11 01:20:48','in_stock',0,'Botble\\ACL\\Models\\User',NULL,'physical',NULL,NULL,0,0,0,0,NULL,NULL,0),(105,'Ciate Palemore Lipstick Bold Red Color',NULL,NULL,'published','[\"products\\/23-2.jpg\"]',NULL,'C9-172-A1-A2',0,14,0,1,0,3,1,0,646,NULL,NULL,NULL,16.00,14.00,14.00,657.00,NULL,0,'2024-11-11 01:20:44','2024-11-11 01:20:48','in_stock',0,'Botble\\ACL\\Models\\User',NULL,'physical',NULL,NULL,0,0,0,0,NULL,NULL,0),(106,'Taylors of Harrogate Yorkshire Coffee',NULL,NULL,'published','[\"products\\/26-1.jpg\"]',NULL,'IB-190-A1',0,19,0,1,0,2,1,0,1011,NULL,NULL,NULL,11.00,16.00,10.00,753.00,NULL,0,'2024-11-11 01:20:44','2024-11-11 01:20:48','in_stock',0,'Botble\\ACL\\Models\\User',NULL,'physical',NULL,NULL,0,0,0,0,NULL,NULL,0),(107,'Soft Mochi & Galeto Ice Cream',NULL,NULL,'published','[\"products\\/27-1.jpg\"]',NULL,'FR-139-A1',0,15,0,1,0,4,1,0,685,NULL,NULL,NULL,18.00,15.00,16.00,845.00,NULL,0,'2024-11-11 01:20:44','2024-11-11 01:20:48','in_stock',0,'Botble\\ACL\\Models\\User',NULL,'physical',NULL,NULL,0,0,0,0,NULL,NULL,0),(108,'Soft Mochi & Galeto Ice Cream',NULL,NULL,'published','[\"products\\/27.jpg\"]',NULL,'FR-139-A1-A2',0,15,0,1,0,4,1,0,685,NULL,NULL,NULL,18.00,15.00,16.00,845.00,NULL,0,'2024-11-11 01:20:44','2024-11-11 01:20:48','in_stock',0,'Botble\\ACL\\Models\\User',NULL,'physical',NULL,NULL,0,0,0,0,NULL,NULL,0),(109,'Soft Mochi & Galeto Ice Cream',NULL,NULL,'published','[\"products\\/27.jpg\"]',NULL,'FR-139-A1-A3',0,15,0,1,0,4,1,0,685,NULL,NULL,NULL,18.00,15.00,16.00,845.00,NULL,0,'2024-11-11 01:20:44','2024-11-11 01:20:48','in_stock',0,'Botble\\ACL\\Models\\User',NULL,'physical',NULL,NULL,0,0,0,0,NULL,NULL,0),(110,'Naked Noodle Egg Noodles Singapore (Digital)',NULL,NULL,'published','[\"products\\/28-1.jpg\"]',NULL,'MC-195-A1',0,12,0,1,0,1,1,0,813,707.31,NULL,NULL,19.00,16.00,20.00,510.00,NULL,0,'2024-11-11 01:20:44','2024-11-11 01:20:48','in_stock',0,'Botble\\ACL\\Models\\User',NULL,'digital',NULL,NULL,0,0,0,0,NULL,NULL,0),(111,'Naked Noodle Egg Noodles Singapore (Digital)',NULL,NULL,'published','[\"products\\/28-2.jpg\"]',NULL,'MC-195-A1-A2',0,12,0,1,0,1,1,0,813,650.4,NULL,NULL,19.00,16.00,20.00,510.00,NULL,0,'2024-11-11 01:20:44','2024-11-11 01:20:48','in_stock',0,'Botble\\ACL\\Models\\User',NULL,'digital',NULL,NULL,0,0,0,0,NULL,NULL,0),(112,'Naked Noodle Egg Noodles Singapore (Digital)',NULL,NULL,'published','[\"products\\/28.jpg\"]',NULL,'MC-195-A1-A3',0,12,0,1,0,1,1,0,813,723.57,NULL,NULL,19.00,16.00,20.00,510.00,NULL,0,'2024-11-11 01:20:44','2024-11-11 01:20:48','in_stock',0,'Botble\\ACL\\Models\\User',NULL,'digital',NULL,NULL,0,0,0,0,NULL,NULL,0),(113,'Bar S – Classic Bun Length Franks',NULL,NULL,'published','[\"products\\/30-1.jpg\"]',NULL,'0G-121-A1',0,15,0,1,0,2,1,0,811,NULL,NULL,NULL,19.00,12.00,11.00,581.00,NULL,0,'2024-11-11 01:20:44','2024-11-11 01:20:48','in_stock',0,'Botble\\ACL\\Models\\User',NULL,'physical',NULL,NULL,0,0,0,0,NULL,NULL,0),(114,'Slimming World Vegan Mac Greens (Digital)',NULL,NULL,'published','[\"products\\/32-1.jpg\"]',NULL,'YD-127-A1',0,17,0,1,0,3,1,0,607,534.16,NULL,NULL,12.00,12.00,19.00,516.00,NULL,0,'2024-11-11 01:20:44','2024-11-11 01:20:48','in_stock',0,'Botble\\ACL\\Models\\User',NULL,'digital',NULL,NULL,0,0,0,0,NULL,NULL,0),(115,'Slimming World Vegan Mac Greens (Digital)',NULL,NULL,'published','[\"products\\/32-2.jpg\"]',NULL,'YD-127-A1-A2',0,17,0,1,0,3,1,0,607,491.67,NULL,NULL,12.00,12.00,19.00,516.00,NULL,0,'2024-11-11 01:20:44','2024-11-11 01:20:48','in_stock',0,'Botble\\ACL\\Models\\User',NULL,'digital',NULL,NULL,0,0,0,0,NULL,NULL,0),(116,'Slimming World Vegan Mac Greens (Digital)',NULL,NULL,'published','[\"products\\/32.jpg\"]',NULL,'YD-127-A1-A3',0,17,0,1,0,3,1,0,607,509.88,NULL,NULL,12.00,12.00,19.00,516.00,NULL,0,'2024-11-11 01:20:44','2024-11-11 01:20:48','in_stock',0,'Botble\\ACL\\Models\\User',NULL,'digital',NULL,NULL,0,0,0,0,NULL,NULL,0),(117,'Häagen-Dazs Salted Caramel',NULL,NULL,'published','[\"products\\/33-1.jpg\"]',NULL,'SH-155-A1',0,16,0,1,0,3,1,0,994,NULL,NULL,NULL,11.00,11.00,14.00,889.00,NULL,0,'2024-11-11 01:20:44','2024-11-11 01:20:48','in_stock',0,'Botble\\ACL\\Models\\User',NULL,'physical',NULL,NULL,0,0,0,0,NULL,NULL,0),(118,'Iceland 3 Solo Exotic Burst',NULL,NULL,'published','[\"products\\/34-1.jpg\"]',NULL,'YR-182-A1',0,14,0,1,0,4,1,0,1189,NULL,NULL,NULL,11.00,20.00,11.00,568.00,NULL,0,'2024-11-11 01:20:44','2024-11-11 01:20:48','in_stock',0,'Botble\\ACL\\Models\\User',NULL,'physical',NULL,NULL,0,0,0,0,NULL,NULL,0),(119,'Iceland 3 Solo Exotic Burst',NULL,NULL,'published','[\"products\\/34.jpg\"]',NULL,'YR-182-A1-A2',0,14,0,1,0,4,1,0,1189,NULL,NULL,NULL,11.00,20.00,11.00,568.00,NULL,0,'2024-11-11 01:20:44','2024-11-11 01:20:48','in_stock',0,'Botble\\ACL\\Models\\User',NULL,'physical',NULL,NULL,0,0,0,0,NULL,NULL,0),(120,'Extreme Budweiser Light Can',NULL,NULL,'published','[\"products\\/35-1.jpg\"]',NULL,'GM-120-A1',0,19,0,1,0,2,1,0,652,NULL,NULL,NULL,15.00,17.00,20.00,535.00,NULL,0,'2024-11-11 01:20:44','2024-11-11 01:20:48','in_stock',0,'Botble\\ACL\\Models\\User',NULL,'physical',NULL,NULL,0,0,0,0,NULL,NULL,0),(121,'Extreme Budweiser Light Can',NULL,NULL,'published','[\"products\\/35.jpg\"]',NULL,'GM-120-A1-A2',0,19,0,1,0,2,1,0,652,NULL,NULL,NULL,15.00,17.00,20.00,535.00,NULL,0,'2024-11-11 01:20:44','2024-11-11 01:20:48','in_stock',0,'Botble\\ACL\\Models\\User',NULL,'physical',NULL,NULL,0,0,0,0,NULL,NULL,0),(122,'Extreme Budweiser Light Can',NULL,NULL,'published','[\"products\\/35.jpg\"]',NULL,'GM-120-A1-A3',0,19,0,1,0,2,1,0,652,NULL,NULL,NULL,15.00,17.00,20.00,535.00,NULL,0,'2024-11-11 01:20:44','2024-11-11 01:20:48','in_stock',0,'Botble\\ACL\\Models\\User',NULL,'physical',NULL,NULL,0,0,0,0,NULL,NULL,0),(123,'Extreme Budweiser Light Can',NULL,NULL,'published','[\"products\\/35.jpg\"]',NULL,'GM-120-A1-A4',0,19,0,1,0,2,1,0,652,NULL,NULL,NULL,15.00,17.00,20.00,535.00,NULL,0,'2024-11-11 01:20:44','2024-11-11 01:20:48','in_stock',0,'Botble\\ACL\\Models\\User',NULL,'physical',NULL,NULL,0,0,0,0,NULL,NULL,0),(124,'Miko The Panda Water Bottle (Digital)',NULL,NULL,'published','[\"products\\/40-1.jpg\"]',NULL,'77-155-A1',0,19,0,1,0,5,1,0,1054,864.28,NULL,NULL,16.00,10.00,11.00,890.00,NULL,0,'2024-11-11 01:20:44','2024-11-11 01:20:48','in_stock',0,'Botble\\ACL\\Models\\User',NULL,'digital',NULL,NULL,0,0,0,0,NULL,NULL,0),(125,'Miko The Panda Water Bottle (Digital)',NULL,NULL,'published','[\"products\\/40.jpg\"]',NULL,'77-155-A1-A2',0,19,0,1,0,5,1,0,1054,927.52,NULL,NULL,16.00,10.00,11.00,890.00,NULL,0,'2024-11-11 01:20:44','2024-11-11 01:20:48','in_stock',0,'Botble\\ACL\\Models\\User',NULL,'digital',NULL,NULL,0,0,0,0,NULL,NULL,0),(126,'Miko The Panda Water Bottle (Digital)',NULL,NULL,'published','[\"products\\/40.jpg\"]',NULL,'77-155-A1-A3',0,19,0,1,0,5,1,0,1054,822.12,NULL,NULL,16.00,10.00,11.00,890.00,NULL,0,'2024-11-11 01:20:44','2024-11-11 01:20:48','in_stock',0,'Botble\\ACL\\Models\\User',NULL,'digital',NULL,NULL,0,0,0,0,NULL,NULL,0),(127,'Sesame Seed Bread',NULL,NULL,'published','[\"products\\/41-1.jpg\"]',NULL,'1T-188-A1',0,17,0,1,0,4,1,0,789,NULL,NULL,NULL,12.00,12.00,17.00,807.00,NULL,0,'2024-11-11 01:20:44','2024-11-11 01:20:48','in_stock',0,'Botble\\ACL\\Models\\User',NULL,'physical',NULL,NULL,0,0,0,0,NULL,NULL,0),(128,'Sesame Seed Bread',NULL,NULL,'published','[\"products\\/41-2.jpg\"]',NULL,'1T-188-A1-A2',0,17,0,1,0,4,1,0,789,NULL,NULL,NULL,12.00,12.00,17.00,807.00,NULL,0,'2024-11-11 01:20:44','2024-11-11 01:20:48','in_stock',0,'Botble\\ACL\\Models\\User',NULL,'physical',NULL,NULL,0,0,0,0,NULL,NULL,0),(129,'Sesame Seed Bread',NULL,NULL,'published','[\"products\\/41.jpg\"]',NULL,'1T-188-A1-A3',0,17,0,1,0,4,1,0,789,NULL,NULL,NULL,12.00,12.00,17.00,807.00,NULL,0,'2024-11-11 01:20:44','2024-11-11 01:20:48','in_stock',0,'Botble\\ACL\\Models\\User',NULL,'physical',NULL,NULL,0,0,0,0,NULL,NULL,0),(130,'Sesame Seed Bread',NULL,NULL,'published','[\"products\\/41.jpg\"]',NULL,'1T-188-A1-A4',0,17,0,1,0,4,1,0,789,NULL,NULL,NULL,12.00,12.00,17.00,807.00,NULL,0,'2024-11-11 01:20:44','2024-11-11 01:20:48','in_stock',0,'Botble\\ACL\\Models\\User',NULL,'physical',NULL,NULL,0,0,0,0,NULL,NULL,0),(131,'Morrisons The Best Beef',NULL,NULL,'published','[\"products\\/42-1.jpg\"]',NULL,'0I-105-A1',0,15,0,1,0,1,1,0,1250,NULL,NULL,NULL,10.00,17.00,13.00,806.00,NULL,0,'2024-11-11 01:20:44','2024-11-11 01:20:48','in_stock',0,'Botble\\ACL\\Models\\User',NULL,'physical',NULL,NULL,0,0,0,0,NULL,NULL,0),(132,'Morrisons The Best Beef',NULL,NULL,'published','[\"products\\/42-2.jpg\"]',NULL,'0I-105-A1-A2',0,15,0,1,0,1,1,0,1250,NULL,NULL,NULL,10.00,17.00,13.00,806.00,NULL,0,'2024-11-11 01:20:44','2024-11-11 01:20:48','in_stock',0,'Botble\\ACL\\Models\\User',NULL,'physical',NULL,NULL,0,0,0,0,NULL,NULL,0),(133,'Avocado, Hass Large',NULL,NULL,'published','[\"products\\/43-1.jpg\"]',NULL,'BC-182-A1',0,16,0,1,0,5,1,0,510,NULL,NULL,NULL,10.00,16.00,18.00,570.00,NULL,0,'2024-11-11 01:20:44','2024-11-11 01:20:48','in_stock',0,'Botble\\ACL\\Models\\User',NULL,'physical',NULL,NULL,0,0,0,0,NULL,NULL,0),(134,'Avocado, Hass Large',NULL,NULL,'published','[\"products\\/43-2.jpg\"]',NULL,'BC-182-A1-A2',0,16,0,1,0,5,1,0,510,NULL,NULL,NULL,10.00,16.00,18.00,570.00,NULL,0,'2024-11-11 01:20:44','2024-11-11 01:20:48','in_stock',0,'Botble\\ACL\\Models\\User',NULL,'physical',NULL,NULL,0,0,0,0,NULL,NULL,0),(135,'Avocado, Hass Large',NULL,NULL,'published','[\"products\\/43.jpg\"]',NULL,'BC-182-A1-A3',0,16,0,1,0,5,1,0,510,NULL,NULL,NULL,10.00,16.00,18.00,570.00,NULL,0,'2024-11-11 01:20:44','2024-11-11 01:20:48','in_stock',0,'Botble\\ACL\\Models\\User',NULL,'physical',NULL,NULL,0,0,0,0,NULL,NULL,0),(136,'Avocado, Hass Large',NULL,NULL,'published','[\"products\\/43.jpg\"]',NULL,'BC-182-A1-A4',0,16,0,1,0,5,1,0,510,NULL,NULL,NULL,10.00,16.00,18.00,570.00,NULL,0,'2024-11-11 01:20:44','2024-11-11 01:20:48','in_stock',0,'Botble\\ACL\\Models\\User',NULL,'physical',NULL,NULL,0,0,0,0,NULL,NULL,0),(137,'Famart Farmhouse Soft White',NULL,NULL,'published','[\"products\\/47-1.jpg\"]',NULL,'TL-175-A1',0,15,0,1,0,1,1,0,502,NULL,NULL,NULL,15.00,12.00,11.00,865.00,NULL,0,'2024-11-11 01:20:44','2024-11-11 01:20:48','in_stock',0,'Botble\\ACL\\Models\\User',NULL,'physical',NULL,NULL,0,0,0,0,NULL,NULL,0),(138,'Famart Farmhouse Soft White',NULL,NULL,'published','[\"products\\/47.jpg\"]',NULL,'TL-175-A1-A2',0,15,0,1,0,1,1,0,502,NULL,NULL,NULL,15.00,12.00,11.00,865.00,NULL,0,'2024-11-11 01:20:44','2024-11-11 01:20:48','in_stock',0,'Botble\\ACL\\Models\\User',NULL,'physical',NULL,NULL,0,0,0,0,NULL,NULL,0),(139,'Casillero Diablo Cabernet Sauvignon',NULL,NULL,'published','[\"products\\/49-1.jpg\"]',NULL,'1D-142-A1',0,14,0,1,0,3,1,0,1265,NULL,NULL,NULL,18.00,19.00,19.00,677.00,NULL,0,'2024-11-11 01:20:44','2024-11-11 01:20:48','in_stock',0,'Botble\\ACL\\Models\\User',NULL,'physical',NULL,NULL,0,0,0,0,NULL,NULL,0),(140,'Casillero Diablo Cabernet Sauvignon',NULL,NULL,'published','[\"products\\/49-2.jpg\"]',NULL,'1D-142-A1-A2',0,14,0,1,0,3,1,0,1265,NULL,NULL,NULL,18.00,19.00,19.00,677.00,NULL,0,'2024-11-11 01:20:44','2024-11-11 01:20:48','in_stock',0,'Botble\\ACL\\Models\\User',NULL,'physical',NULL,NULL,0,0,0,0,NULL,NULL,0),(141,'Arla Organic Free Range Milk',NULL,NULL,'published','[\"products\\/50-1.jpg\"]',NULL,'WP-128-A1',0,18,0,1,0,3,1,0,958,NULL,NULL,NULL,13.00,12.00,19.00,757.00,NULL,0,'2024-11-11 01:20:44','2024-11-11 01:20:48','in_stock',0,'Botble\\ACL\\Models\\User',NULL,'physical',NULL,NULL,0,0,0,0,NULL,NULL,0),(142,'Arla Organic Free Range Milk',NULL,NULL,'published','[\"products\\/50.jpg\"]',NULL,'WP-128-A1-A2',0,18,0,1,0,3,1,0,958,NULL,NULL,NULL,13.00,12.00,19.00,757.00,NULL,0,'2024-11-11 01:20:44','2024-11-11 01:20:48','in_stock',0,'Botble\\ACL\\Models\\User',NULL,'physical',NULL,NULL,0,0,0,0,NULL,NULL,0),(143,'Hobnobs The Nobbly Biscuit',NULL,NULL,'published','[\"products\\/54-1.jpg\"]',NULL,'RB-143-A1',0,20,0,1,0,4,1,0,1130,NULL,NULL,NULL,15.00,11.00,16.00,715.00,NULL,0,'2024-11-11 01:20:44','2024-11-11 01:20:48','in_stock',0,'Botble\\ACL\\Models\\User',NULL,'physical',NULL,NULL,0,0,0,0,NULL,NULL,0),(144,'Ice Beck’s Beer 350ml x 24 Pieces (Digital)',NULL,NULL,'published','[\"products\\/56-1.jpg\"]',NULL,'JK-130-A1',0,14,0,1,0,4,1,0,659,487.66,NULL,NULL,12.00,17.00,14.00,691.00,NULL,0,'2024-11-11 01:20:44','2024-11-11 01:20:48','in_stock',0,'Botble\\ACL\\Models\\User',NULL,'digital',NULL,NULL,0,0,0,0,NULL,NULL,0),(145,'Ice Beck’s Beer 350ml x 24 Pieces (Digital)',NULL,NULL,'published','[\"products\\/56-2.jpg\"]',NULL,'JK-130-A1-A2',0,14,0,1,0,4,1,0,659,514.02,NULL,NULL,12.00,17.00,14.00,691.00,NULL,0,'2024-11-11 01:20:44','2024-11-11 01:20:48','in_stock',0,'Botble\\ACL\\Models\\User',NULL,'digital',NULL,NULL,0,0,0,0,NULL,NULL,0),(146,'Iceland 6 Hot Cross Buns',NULL,NULL,'published','[\"products\\/57-1.jpg\"]',NULL,'7J-167-A1',0,14,0,1,0,2,1,0,772,NULL,NULL,NULL,14.00,12.00,19.00,719.00,NULL,0,'2024-11-11 01:20:44','2024-11-11 01:20:48','in_stock',0,'Botble\\ACL\\Models\\User',NULL,'physical',NULL,NULL,0,0,0,0,NULL,NULL,0),(147,'Iceland 6 Hot Cross Buns',NULL,NULL,'published','[\"products\\/57.jpg\"]',NULL,'7J-167-A1-A2',0,14,0,1,0,2,1,0,772,NULL,NULL,NULL,14.00,12.00,19.00,719.00,NULL,0,'2024-11-11 01:20:44','2024-11-11 01:20:48','in_stock',0,'Botble\\ACL\\Models\\User',NULL,'physical',NULL,NULL,0,0,0,0,NULL,NULL,0),(148,'Iceland Luxury 4 Panini Rolls',NULL,NULL,'published','[\"products\\/58-1.jpg\"]',NULL,'QG-186-A1',0,19,0,1,0,5,1,0,880,NULL,NULL,NULL,18.00,20.00,10.00,539.00,NULL,0,'2024-11-11 01:20:44','2024-11-11 01:20:48','in_stock',0,'Botble\\ACL\\Models\\User',NULL,'physical',NULL,NULL,0,0,0,0,NULL,NULL,0),(149,'Iceland Luxury 4 Panini Rolls',NULL,NULL,'published','[\"products\\/58-2.jpg\"]',NULL,'QG-186-A1-A2',0,19,0,1,0,5,1,0,880,NULL,NULL,NULL,18.00,20.00,10.00,539.00,NULL,0,'2024-11-11 01:20:44','2024-11-11 01:20:48','in_stock',0,'Botble\\ACL\\Models\\User',NULL,'physical',NULL,NULL,0,0,0,0,NULL,NULL,0),(150,'Iceland Luxury 4 Panini Rolls',NULL,NULL,'published','[\"products\\/58.jpg\"]',NULL,'QG-186-A1-A3',0,19,0,1,0,5,1,0,880,NULL,NULL,NULL,18.00,20.00,10.00,539.00,NULL,0,'2024-11-11 01:20:44','2024-11-11 01:20:48','in_stock',0,'Botble\\ACL\\Models\\User',NULL,'physical',NULL,NULL,0,0,0,0,NULL,NULL,0),(151,'Iceland Soft Scoop Vanilla',NULL,NULL,'published','[\"products\\/59-1.jpg\"]',NULL,'5G-101-A1',0,11,0,1,0,3,1,0,966,NULL,NULL,NULL,17.00,13.00,12.00,800.00,NULL,0,'2024-11-11 01:20:44','2024-11-11 01:20:48','in_stock',0,'Botble\\ACL\\Models\\User',NULL,'physical',NULL,NULL,0,0,0,0,NULL,NULL,0),(152,'Iceland Soft Scoop Vanilla',NULL,NULL,'published','[\"products\\/59-2.jpg\"]',NULL,'5G-101-A1-A2',0,11,0,1,0,3,1,0,966,NULL,NULL,NULL,17.00,13.00,12.00,800.00,NULL,0,'2024-11-11 01:20:44','2024-11-11 01:20:48','in_stock',0,'Botble\\ACL\\Models\\User',NULL,'physical',NULL,NULL,0,0,0,0,NULL,NULL,0),(153,'Kellogg’s Coco Pops Cereal',NULL,NULL,'published','[\"products\\/61-1.jpg\"]',NULL,'CO-120-A1',0,17,0,1,0,3,1,0,1199,NULL,NULL,NULL,10.00,11.00,13.00,876.00,NULL,0,'2024-11-11 01:20:44','2024-11-11 01:20:48','in_stock',0,'Botble\\ACL\\Models\\User',NULL,'physical',NULL,NULL,0,0,0,0,NULL,NULL,0),(154,'Kellogg’s Coco Pops Cereal',NULL,NULL,'published','[\"products\\/61.jpg\"]',NULL,'CO-120-A1-A2',0,17,0,1,0,3,1,0,1199,NULL,NULL,NULL,10.00,11.00,13.00,876.00,NULL,0,'2024-11-11 01:20:44','2024-11-11 01:20:48','in_stock',0,'Botble\\ACL\\Models\\User',NULL,'physical',NULL,NULL,0,0,0,0,NULL,NULL,0),(155,'Kellogg’s Coco Pops Cereal',NULL,NULL,'published','[\"products\\/61.jpg\"]',NULL,'CO-120-A1-A3',0,17,0,1,0,3,1,0,1199,NULL,NULL,NULL,10.00,11.00,13.00,876.00,NULL,0,'2024-11-11 01:20:44','2024-11-11 01:20:48','in_stock',0,'Botble\\ACL\\Models\\User',NULL,'physical',NULL,NULL,0,0,0,0,NULL,NULL,0),(156,'Kellogg’s Coco Pops Cereal',NULL,NULL,'published','[\"products\\/61.jpg\"]',NULL,'CO-120-A1-A4',0,17,0,1,0,3,1,0,1199,NULL,NULL,NULL,10.00,11.00,13.00,876.00,NULL,0,'2024-11-11 01:20:44','2024-11-11 01:20:48','in_stock',0,'Botble\\ACL\\Models\\User',NULL,'physical',NULL,NULL,0,0,0,0,NULL,NULL,0),(157,'Large Green Bell Pepper',NULL,NULL,'published','[\"products\\/63-1.jpg\"]',NULL,'EI-120-A1',0,20,0,1,0,3,1,0,1077,NULL,NULL,NULL,13.00,14.00,20.00,795.00,NULL,0,'2024-11-11 01:20:44','2024-11-11 01:20:48','in_stock',0,'Botble\\ACL\\Models\\User',NULL,'physical',NULL,NULL,0,0,0,0,NULL,NULL,0),(158,'Large Green Bell Pepper',NULL,NULL,'published','[\"products\\/63.jpg\"]',NULL,'EI-120-A1-A2',0,20,0,1,0,3,1,0,1077,NULL,NULL,NULL,13.00,14.00,20.00,795.00,NULL,0,'2024-11-11 01:20:44','2024-11-11 01:20:48','in_stock',0,'Botble\\ACL\\Models\\User',NULL,'physical',NULL,NULL,0,0,0,0,NULL,NULL,0);

--
